(2615,'PCJ700678','ចិញ្ចៀនដាំស្នាយ',0.00,719.00,1,NULL,NULL,239.0000,9,2,NULL,'2024-08-18 10:55:32','2024-08-18 10:55:32',1,'',287,1,252,'',NULL,2800.00,1,0),(2616,'PCJ700679','ចិញ្ចៀនដាំស្នាយ',0.00,680.10,1,NULL,NULL,233.0000,9,2,NULL,'2024-08-18 10:55:32','2024-08-18 10:55:32',1,'',252,1,224,'',NULL,2800.00,1,0),(2617,'PCJ700680','បណ្តោងដាំស្នាយ',0.00,1132.60,1,NULL,NULL,378.0000,9,2,NULL,'2024-08-18 10:55:32','2024-08-18 10:55:32',1,'',420,1,392,'',NULL,2800.00,1,0),(2618,'PCJ700681','ចិញ្ចៀនដាំស្នាយ',0.00,473.00,1,NULL,NULL,170.0000,9,2,NULL,'2024-08-18 10:55:32','2024-08-18 10:55:32',1,'',168,1,140,'',NULL,2800.00,1,0),(2619,'PCJ700682','ក្រវិលដាំស្នាយ',0.00,884.40,1,NULL,NULL,280.0000,9,2,NULL,'2024-08-18 10:55:32','2024-08-18 10:55:32',1,'',364,1,336,'',NULL,2800.00,1,0),(2620,'PCJ700683','បណ្តោងដាំស្នាយ',0.00,632.40,1,NULL,NULL,209.0000,9,2,NULL,'2024-08-18 10:55:32','2024-08-18 10:55:32',1,'',252,1,224,'',NULL,2800.00,1,0),(2621,'PCJ700684','ក្រវិលដាំស្នាយ',0.00,473.00,1,NULL,NULL,156.0000,9,2,NULL,'2024-08-18 10:55:32','2024-08-18 10:55:32',1,'',196,1,168,'',NULL,2800.00,1,0),(2622,'PCJ700685','ចិញ្ចៀនដាំស្នាយ',0.00,559.00,1,NULL,NULL,176.0000,9,2,NULL,'2024-08-18 10:55:32','2024-08-18 10:55:32',1,'',252,1,224,'',NULL,2800.00,1,0),(2623,'PCJ700686','បណ្តោងដាំស្នាយ',0.00,1111.00,1,NULL,NULL,367.0000,9,2,NULL,'2024-08-18 10:55:32','2024-08-18 10:55:32',1,'',424.2,1,392,'',NULL,2800.00,1,0),(2624,'PCJ700687','បណ្តោងដាំស្នាយ',0.00,874.60,1,NULL,NULL,275.0000,9,2,NULL,'2024-08-18 10:55:32','2024-08-18 10:55:32',1,'',364,1,336,'',NULL,2800.00,1,0),(2625,'PCJ700688','បណ្តោងដាំស្នាយ',0.00,1346.00,1,NULL,NULL,487.0000,9,2,NULL,'2024-08-18 10:55:32','2024-08-18 10:55:32',1,'',420,1,392,'',NULL,2800.00,1,0),(2626,'PCJ700689','បណ្តោងដាំស្នាយ',0.00,318.90,1,NULL,NULL,113.0000,9,2,NULL,'2024-08-18 10:55:32','2024-08-18 10:55:32',1,'',112,1,98,'',NULL,2800.00,1,0),(2627,'PCJ700690','ចិញ្ចៀនដាំស្នាយ',0.00,301.40,1,NULL,NULL,104.0000,9,2,NULL,'2024-08-18 10:55:32','2024-08-18 10:55:32',1,'',119,1,98,'',NULL,2800.00,1,0),(2628,'PCJ700691','បណ្តោងដាំស្នាយ',0.00,235.00,1,NULL,NULL,63.0000,9,2,NULL,'2024-08-18 10:55:32','2024-08-18 10:55:32',1,'',133,1,112,'',NULL,2800.00,1,0),(2629,'PCJ700692','កងដៃដាំស្នាយ',0.00,2577.90,1,NULL,NULL,987.0000,9,2,NULL,'2024-08-18 10:55:32','2024-08-18 10:55:32',1,'',686,1,644,'',NULL,2800.00,1,0),(2630,'PCJ700693','ចិញ្ចៀនដាំស្នាយ',0.00,476.00,1,NULL,NULL,172.0000,9,2,NULL,'2024-08-18 10:55:32','2024-08-18 10:55:32',1,'',161,1,140,'',NULL,2800.00,1,0),(2631,'PCJ700694','ចិញ្ចៀនដាំស្នាយ',0.00,713.80,1,NULL,NULL,185.0000,9,2,NULL,'2024-08-18 10:55:32','2024-08-18 10:55:32',1,'',224,1,196,'',NULL,2800.00,1,0),(2632,'PCJ700695','ចិញ្ចៀនដាំស្នាយ',0.00,526.00,1,NULL,NULL,169.0000,9,2,NULL,'2024-08-18 10:55:32','2024-08-18 10:55:32',1,'',224,1,196,'',NULL,2800.00,1,0),(2633,'PCJ700696','ចិញ្ចៀនដាំស្នាយ',0.00,369.00,1,NULL,NULL,132.0000,9,2,NULL,'2024-08-18 10:55:32','2024-08-18 10:55:32',1,'',126,1,112,'',NULL,2800.00,1,0),(2634,'PCJ700697','ចិញ្ចៀនដាំស្នាយ',0.00,581.90,1,NULL,NULL,197.0000,9,2,NULL,'2024-08-18 10:55:32','2024-08-18 10:55:32',1,'',224,1,196,'',NULL,2800.00,1,0),(2635,'PCJ700698','ចិញ្ចៀនដាំស្នាយ',0.00,475.00,1,NULL,NULL,171.0000,9,2,NULL,'2024-08-18 10:55:32','2024-08-18 10:55:32',1,'',161,1,140,'',NULL,2800.00,1,0),(2636,'PCJ700699','ចិញ្ចៀនដាំស្នាយ',0.00,593.40,1,NULL,NULL,203.0000,9,2,NULL,'2024-08-18 10:55:32','2024-08-18 10:55:32',1,'',238,1,196,'',NULL,2800.00,1,0),(2637,'PCJ700700','បណ្តោងដាំស្នាយ',0.00,656.20,1,NULL,NULL,178.0000,9,2,NULL,'2024-08-18 10:55:32','2024-08-18 10:55:32',1,'',336,1,308,'',NULL,2800.00,1,0),(2638,'PCJ700701','បណ្តោងដាំស្នាយ',0.00,935.20,1,NULL,NULL,306.0000,9,2,NULL,'2024-08-18 10:55:32','2024-08-18 10:55:32',1,'',371,1,336,'',NULL,2800.00,1,0),(2639,'PCJ700702','បណ្តោងដាំស្នាយ',0.00,1119.20,1,NULL,NULL,357.0000,9,2,NULL,'2024-08-18 10:55:32','2024-08-18 10:55:32',1,'',448,1,420,'',NULL,2800.00,1,0),(2640,'PCJ700703','បណ្តោងដាំស្នាយ',0.00,1062.80,1,NULL,NULL,328.0000,9,2,NULL,'2024-08-18 10:55:32','2024-08-18 10:55:32',1,'',448,1,420,'',NULL,2800.00,1,0),(2641,'PCJ700704','បណ្តោងដាំស្នាយ',0.00,1041.30,1,NULL,NULL,317.0000,9,2,NULL,'2024-08-18 10:55:32','2024-08-18 10:55:32',1,'',448,1,420,'',NULL,2800.00,1,0),(2642,'PCJ700705','បណ្តោងដាំស្នាយ',0.00,736.00,1,NULL,NULL,219.0000,9,2,NULL,'2024-08-18 10:55:32','2024-08-18 10:55:32',1,'',336,1,308,'',NULL,2800.00,1,0),(2643,'PCJ700706','បណ្តោងដាំស្នាយ',0.00,995.80,1,NULL,NULL,351.0000,9,2,NULL,'2024-08-18 10:55:32','2024-08-18 10:55:32',1,'',336,1,308,'',NULL,2800.00,1,0),(2644,'PCJ700707','បណ្តោងដាំស្នាយ',0.00,1008.00,1,NULL,NULL,300.0000,9,2,NULL,'2024-08-18 10:55:32','2024-08-18 10:55:32',1,'',448,1,420,'',NULL,2800.00,1,0),(2645,'PCJ700708','បណ្តោងដាំស្នាយ',0.00,997.80,1,NULL,NULL,295.0000,9,2,NULL,'2024-08-18 10:55:32','2024-08-18 10:55:32',1,'',448,1,420,'',NULL,2800.00,1,0),(2646,'PCJ700709','បណ្តោងដាំស្នាយ',0.00,530.60,1,NULL,NULL,185.0000,9,2,NULL,'2024-08-18 10:55:32','2024-08-18 10:55:32',1,'',189,1,168,'',NULL,2800.00,1,0),(2647,'PCJ700710','បណ្តោងដាំស្នាយ',0.00,270.00,1,NULL,NULL,88.0000,9,2,NULL,'2024-08-18 10:55:32','2024-08-18 10:55:32',1,'',112,1,98,'',NULL,2800.00,1,0),(2648,'PCJ700711','បណ្តោងដាំស្នាយ',0.00,901.00,1,NULL,NULL,317.0000,9,2,NULL,'2024-08-18 10:55:32','2024-08-18 10:55:32',1,'',308,1,280,'',NULL,2800.00,1,0),(2649,'PCJ700712','បណ្តោងដាំស្នាយ',0.00,903.00,1,NULL,NULL,318.0000,9,2,NULL,'2024-08-18 10:55:32','2024-08-18 10:55:32',1,'',308,1,280,'',NULL,2800.00,1,0),(2650,'PCJ700713','ចិញ្ចៀនដាំស្នាយ',0.00,358.00,1,NULL,NULL,126.0000,9,2,NULL,'2024-08-18 10:55:32','2024-08-18 10:55:32',1,'',126,1,112,'',NULL,2800.00,1,0),(2651,'PCJ700714','ចិញ្ចៀនដាំស្នាយ',0.00,415.80,1,NULL,NULL,155.0000,9,2,NULL,'2024-08-18 10:55:33','2024-08-18 10:55:33',1,'',126,1,112,'',NULL,2800.00,1,0),(2652,'PCJ700715','ចិញ្ចៀនដាំស្នាយ',0.00,957.40,1,NULL,NULL,346.0000,9,2,NULL,'2024-08-18 10:55:33','2024-08-18 10:55:33',1,'',308,1,280,'',NULL,2800.00,1,0),(2653,'PCJ700716','ចិញ្ចៀនដាំស្នាយ',0.00,786.00,1,NULL,NULL,258.0000,9,2,NULL,'2024-08-18 10:55:33','2024-08-18 10:55:33',1,'',308,1,280,'',NULL,2800.00,1,0),(2654,'PCJ700717','ក្រវិលដាំស្នាយ',0.00,555.20,1,NULL,NULL,198.0000,9,2,NULL,'2024-08-18 10:55:33','2024-08-18 10:55:33',1,'',196,1,168,'',NULL,2800.00,1,0),(2655,'PCJ700718','ចិញ្ចៀនដាំស្នាយ',0.00,1239.50,1,NULL,NULL,448.0000,9,2,NULL,'2024-08-18 10:55:33','2024-08-18 10:55:33',1,'',392,1,364,'',NULL,2800.00,1,0),(2656,'PCJ700719','ចិញ្ចៀនដាំស្នាយ',0.00,185.90,1,NULL,NULL,52.0000,9,2,NULL,'2024-08-18 10:55:33','2024-08-18 10:55:33',1,'',98,1,84,'',NULL,2800.00,1,0),(2657,'PCJ700720','ក្រវិលដាំស្នាយ',0.00,599.80,1,NULL,NULL,178.0000,9,2,NULL,'2024-08-18 10:55:33','2024-08-18 10:55:33',1,'',280,1,252,'',NULL,2800.00,1,0),(2658,'PCJ700721','ចិញ្ចៀនដាំស្នាយ',0.00,385.80,1,NULL,NULL,133.0000,9,2,NULL,'2024-08-18 10:55:33','2024-08-18 10:55:33',1,'',140,1,126,'',NULL,2800.00,1,0),(2659,'PCJ700722','ចិញ្ចៀនដាំស្នាយ',0.00,836.40,1,NULL,NULL,284.0000,9,2,NULL,'2024-08-18 10:55:33','2024-08-18 10:55:33',1,'',308,1,280,'',NULL,2800.00,1,0),(2660,'PCJ700723','ចិញ្ចៀនដាំស្នាយ',0.00,389.00,1,NULL,NULL,149.0000,9,2,NULL,'2024-08-18 10:55:33','2024-08-18 10:55:33',1,'',112,1,98,'',NULL,2800.00,1,0),(2661,'PCJ700724','ចិញ្ចៀនដាំស្នាយ',0.00,934.40,1,NULL,NULL,292.0000,9,2,NULL,'2024-08-18 10:55:33','2024-08-18 10:55:33',1,'',392,1,364,'',NULL,2800.00,1,0),(2662,'PCJ700725','ចិញ្ចៀនដាំស្នាយ',0.00,1034.60,1,NULL,NULL,385.0000,9,2,NULL,'2024-08-18 10:55:33','2024-08-18 10:55:33',1,'',308,1,280,'',NULL,2800.00,1,0),(2663,'PCJ700726','ចិញ្ចៀនដាំស្នាយ',0.00,449.00,1,NULL,NULL,175.0000,9,2,NULL,'2024-08-18 10:55:33','2024-08-18 10:55:33',1,'',124.6,1,106.4,'',NULL,2800.00,1,0),(2664,'PCJ700727','ចិញ្ចៀនដាំស្នាយ',0.00,387.80,1,NULL,NULL,148.0000,9,2,NULL,'2024-08-18 10:55:33','2024-08-18 10:55:33',1,'',112,1,98,'',NULL,2800.00,1,0),(2665,'PCJ700728','ក្រវិលដាំស្នាយ',0.00,638.00,1,NULL,NULL,169.0000,9,2,NULL,'2024-08-18 10:55:33','2024-08-18 10:55:33',1,'',336,1,308,'',NULL,2800.00,1,0),(2666,'PCJ700729','ចិញ្ចៀនដាំស្នាយ',0.00,942.20,1,NULL,NULL,338.0000,9,2,NULL,'2024-08-18 10:55:33','2024-08-18 10:55:33',1,'',308,1,280,'',NULL,2800.00,1,0),(2667,'PCJ700730','ក្រវិលដាំស្នាយ',0.00,696.80,1,NULL,NULL,213.0000,9,2,NULL,'2024-08-18 10:55:33','2024-08-18 10:55:33',1,'',308,1,280,'',NULL,2800.00,1,0),(2668,'PCJ700731','ខ្សែដែមាស',0.00,771.00,1,NULL,NULL,308.0000,9,2,NULL,'2024-08-18 10:55:33','2024-08-18 10:55:33',1,'',182,1,168,'',NULL,2800.00,1,0),(2669,'PCJ700732','ខ្សែកស្វារ៉េស្នាយ',0.00,3807.80,1,NULL,NULL,1444.0000,9,2,NULL,'2024-08-18 10:55:33','2024-08-18 10:55:33',1,'',1022,1,980,'',NULL,2800.00,1,0),(2670,'PCJ700733','ចិញ្ចៀន',0.00,2256.00,1,NULL,NULL,980.0000,9,2,NULL,'2024-08-18 10:55:33','2024-08-18 10:55:33',1,'',371,1,336,'',NULL,2800.00,1,0),(2671,'PCJ700734','ចិញ្ចៀនពេជ្រ',0.00,1338.00,1,NULL,NULL,612.0000,9,2,NULL,'2024-08-18 10:55:33','2024-08-18 10:55:33',1,'',161,1,140,'',NULL,2800.00,1,0),(2672,'PCJ700735','ចិញ្ចៀន',0.00,852.00,1,NULL,NULL,378.0000,9,2,NULL,'2024-08-18 10:55:33','2024-08-18 10:55:33',1,'',126,1,112,'',NULL,2800.00,1,0),(2673,'PCJ700736','ចិញ្ចៀន',0.00,1155.00,1,NULL,NULL,518.0000,9,2,NULL,'2024-08-18 10:55:33','2024-08-18 10:55:33',1,'',161,1,140,'',NULL,2800.00,1,0),(2674,'PCJ700737','ក្រវិល',0.00,1190.00,1,NULL,NULL,536.0000,9,2,NULL,'2024-08-18 10:55:33','2024-08-18 10:55:33',1,'',161,1,140,'',NULL,2800.00,1,0),(2675,'PCJ700738','ខ្សែក',0.00,940.00,1,NULL,NULL,416.0000,9,2,NULL,'2024-08-18 10:55:33','2024-08-18 10:55:33',1,'',147,1,126,'',NULL,2800.00,1,0),(2676,'PCJ700739','ខ្សែក',0.00,2531.00,1,NULL,NULL,1106.0000,9,2,NULL,'2024-08-18 10:55:33','2024-08-18 10:55:33',1,'',399,1,364,'',NULL,2800.00,1,0),(2677,'PCJ700740','ខ្សែក',0.00,736.00,1,NULL,NULL,326.0000,9,2,NULL,'2024-08-18 10:55:33','2024-08-18 10:55:33',1,'',112,1,98,'',NULL,2800.00,1,0),(2678,'PCJ700741','ខ្សែក',0.00,1106.00,1,NULL,NULL,493.0000,9,2,NULL,'2024-08-18 10:55:33','2024-08-18 10:55:33',1,'',161,1,140,'',NULL,2800.00,1,0),(2679,'PCJ700742','ខ្សែក',0.00,3284.00,1,NULL,NULL,1447.0000,9,2,NULL,'2024-08-18 10:55:33','2024-08-18 10:55:33',1,'',490,1,448,'',NULL,2800.00,1,0),(2680,'PCJ700743','ខ្សែក',0.00,1137.00,1,NULL,NULL,516.0000,9,2,NULL,'2024-08-18 10:55:33','2024-08-18 10:55:33',1,'',147,1,126,'',NULL,2800.00,1,0),(2681,'PCJ700744','ខ្សែក',0.00,1432.00,1,NULL,NULL,645.0000,9,2,NULL,'2024-08-18 10:55:33','2024-08-18 10:55:33',1,'',196,1,168,'',NULL,2800.00,1,0),(2682,'PCJ700745','ខ្សែកដាំស្នាយ',0.00,1911.00,1,NULL,NULL,761.0000,9,2,NULL,'2024-08-18 10:55:33','2024-08-18 10:55:33',1,'',448,1,420,'',NULL,2800.00,1,0),(2683,'PCJ700746','ខ្សែដៃ',0.00,922.00,1,NULL,NULL,385.0000,9,2,NULL,'2024-08-18 10:55:33','2024-08-18 10:55:33',1,'',182,1,168,'',NULL,2800.00,1,0),(2684,'PCJ700747','ខ្សែដៃ',0.00,1441.00,1,NULL,NULL,621.0000,9,2,NULL,'2024-08-18 10:55:33','2024-08-18 10:55:33',1,'',245,1,224,'',NULL,2800.00,1,0),(2685,'PCJ700748','ខ្សែដៃ',0.00,1566.00,1,NULL,NULL,685.0000,9,2,NULL,'2024-08-18 10:55:33','2024-08-18 10:55:33',1,'',245,1,224,'',NULL,2800.00,1,0),(2686,'PCJ700749','ខ្សែដៃ',0.00,1197.00,1,NULL,NULL,511.0000,9,2,NULL,'2024-08-18 10:55:33','2024-08-18 10:55:33',1,'',217,1,196,'',NULL,2800.00,1,0),(2687,'PCJ700750','ខ្សែដៃ',0.00,920.00,1,NULL,NULL,384.0000,9,2,NULL,'2024-08-18 10:55:33','2024-08-18 10:55:33',1,'',182,1,168,'',NULL,2800.00,1,0),(2688,'PCJ700751','បណ្តោងដាំស្នាយ',0.00,1379.10,1,NULL,NULL,461.0000,9,2,NULL,'2024-08-18 10:55:33','2024-08-18 10:55:33',1,'',518,1,476,'',NULL,2800.00,1,0),(2689,'PCJ700752','ចិញ្ចៀនដាំស្នាយ',0.00,704.60,1,NULL,NULL,231.0000,9,2,NULL,'2024-08-18 10:55:33','2024-08-18 10:55:33',1,'',266,1,252,'',NULL,2800.00,1,0),(2690,'PCJ700753','ក្រវិលម៉ូតស្នាយ',0.00,768.40,1,NULL,NULL,264.0000,9,2,NULL,'2024-08-18 10:55:33','2024-08-18 10:55:33',1,'',280,1,252,'',NULL,2800.00,1,0),(2691,'PCJ700754','ចិញ្ចៀនដាំស្នាយ',0.00,327.00,1,NULL,NULL,110.0000,9,2,NULL,'2024-08-18 10:55:33','2024-08-18 10:55:33',1,'',126,1,112,'',NULL,2800.00,1,0),(2692,'PCJ700755','ចិញ្ចៀនដាំស្នាយ',0.00,267.90,1,NULL,NULL,94.0000,9,2,NULL,'2024-08-18 10:55:33','2024-08-18 10:55:33',1,'',98,1,84,'',NULL,2800.00,1,0),(2693,'PCJ700756','ខ្សែករស្នាយ',0.00,408.10,1,NULL,NULL,137.0000,9,2,NULL,'2024-08-18 10:55:33','2024-08-18 10:55:33',1,'',154,1,140,'',NULL,2800.00,1,0),(2694,'PCJ700757','ចិញ្ចៀនដាំស្នាយ',0.00,266.00,1,NULL,NULL,93.0000,9,2,NULL,'2024-08-18 10:55:33','2024-08-18 10:55:33',1,'',98,1,84,'',NULL,2800.00,1,0),(2695,'PCJ700758','ខ្សែករស្នាយ',0.00,546.00,1,NULL,NULL,193.0000,9,2,NULL,'2024-08-18 10:55:33','2024-08-18 10:55:33',1,'',196,1,168,'',NULL,2800.00,1,0),(2696,'PCJ700759','ក្រវិលដាំស្នាយ',0.00,660.00,1,NULL,NULL,209.0000,9,2,NULL,'2024-08-18 10:55:33','2024-08-18 10:55:33',1,'',280,1,252,'',NULL,2800.00,1,0),(2697,'PCJ700760','ចិញ្ចៀនដាំស្នាយ',0.00,414.40,1,NULL,NULL,126.0000,9,2,NULL,'2024-08-18 10:55:33','2024-08-18 10:55:33',1,'',196,1,168,'',NULL,2800.00,1,0),(2698,'PCJ700761','ចិញ្ចៀនដាំស្នាយ',0.00,543.00,1,NULL,NULL,163.0000,9,2,NULL,'2024-08-18 10:55:33','2024-08-18 10:55:33',1,'',252,1,224,'',NULL,2800.00,1,0),(2699,'PCJ700762','ចិញ្ចៀនដាំស្នាយ',0.00,456.40,1,NULL,NULL,148.0000,9,2,NULL,'2024-08-18 10:55:33','2024-08-18 10:55:33',1,'',196,1,168,'',NULL,2800.00,1,0),(2700,'PCJ700763','ចិញ្ចៀនដាំស្នាយ',0.00,338.40,1,NULL,NULL,130.0000,9,2,NULL,'2024-08-18 10:55:33','2024-08-18 10:55:33',1,'',98,1,84,'',NULL,2800.00,1,0),(2701,'PCJ700764','ចិញ្ចៀនដាំស្នាយ',0.00,383.50,1,NULL,NULL,139.0000,9,2,NULL,'2024-08-18 10:55:33','2024-08-18 10:55:33',1,'',140,1,112,'',NULL,2800.00,1,0),(2702,'PCJ700765','ចិញ្ចៀនដាំស្នាយ',0.00,348.80,1,NULL,NULL,121.0000,9,2,NULL,'2024-08-18 10:55:34','2024-08-18 10:55:34',1,'',140,1,112,'',NULL,2800.00,1,0),(2703,'PCJ700766','ចិញ្ចៀនដាំស្នាយ',0.00,406.00,1,NULL,NULL,122.0000,9,2,NULL,'2024-08-18 10:55:34','2024-08-18 10:55:34',1,'',196,1,168,'',NULL,2800.00,1,0),(2704,'PCJ700767','ចិញ្ចៀនដាំស្នាយ',0.00,323.00,1,NULL,NULL,108.0000,9,2,NULL,'2024-08-18 10:55:34','2024-08-18 10:55:34',1,'',140,1,112,'',NULL,2800.00,1,0),(2705,'PCJ700768','ចិញ្ចៀនដាំស្នាយ',0.00,408.80,1,NULL,NULL,123.0000,9,2,NULL,'2024-08-18 10:55:34','2024-08-18 10:55:34',1,'',196,1,168,'',NULL,2800.00,1,0),(2706,'PCJ700769','ចិញ្ចៀនដាំស្នាយ',0.00,477.00,1,NULL,NULL,158.0000,9,2,NULL,'2024-08-18 10:55:34','2024-08-18 10:55:34',1,'',196,1,168,'',NULL,2800.00,1,0),(2707,'PCJ700770','ចិញ្ចៀនដាំស្នាយ',0.00,260.00,1,NULL,NULL,83.0000,9,2,NULL,'2024-08-18 10:55:34','2024-08-18 10:55:34',1,'',119,1,98,'',NULL,2800.00,1,0),(2708,'PCJ700771','ចិញ្ចៀនដាំស្នាយ',0.00,302.00,1,NULL,NULL,102.0000,9,2,NULL,'2024-08-18 10:55:34','2024-08-18 10:55:34',1,'',128.8,1,103.6,'',NULL,2800.00,1,0),(2709,'PCJ700772','ចិញ្ចៀនដាំស្នាយ',0.00,414.20,1,NULL,NULL,140.0000,9,2,NULL,'2024-08-18 10:55:34','2024-08-18 10:55:34',1,'',168,1,140,'',NULL,2800.00,1,0),(2710,'PCJ700773','ចិញ្ចៀនដាំស្នាយ',0.00,240.50,1,NULL,NULL,60.9000,9,2,NULL,'2024-08-18 10:55:34','2024-08-18 10:55:34',1,'',91,1,70,'',NULL,2800.00,1,0),(2711,'PCJ700774','ចិញ្ចៀនដាំស្នាយ',0.00,417.00,1,NULL,NULL,163.0000,9,2,NULL,'2024-08-18 10:55:34','2024-08-18 10:55:34',1,'',119,1,98,'',NULL,2800.00,1,0),(2712,'PCJ700775','ចិញ្ចៀនដាំស្នាយ',0.00,282.50,1,NULL,NULL,87.0000,9,2,NULL,'2024-08-18 10:55:34','2024-08-18 10:55:34',1,'',133,1,112,'',NULL,2800.00,1,0),(2713,'PCJ700776','ចិញ្ចៀនដាំស្នាយ',0.00,321.80,1,NULL,NULL,108.0000,9,2,NULL,'2024-08-18 10:55:34','2024-08-18 10:55:34',1,'',133,1,112,'',NULL,2800.00,1,0),(2714,'PCJ700777','ចិញ្ចៀនដាំស្នាយ',0.00,360.90,1,NULL,NULL,127.0000,9,2,NULL,'2024-08-18 10:55:34','2024-08-18 10:55:34',1,'',140,1,112,'',NULL,2800.00,1,0),(2715,'PCJ700778','ចិញ្ចៀនដាំស្នាយ',0.00,383.60,1,NULL,NULL,139.0000,9,2,NULL,'2024-08-18 10:55:34','2024-08-18 10:55:34',1,'',140,1,112,'',NULL,2800.00,1,0),(2716,'PCJ700779','ចិញ្ចៀនដាំស្នាយ',0.00,394.00,1,NULL,NULL,144.0000,9,2,NULL,'2024-08-18 10:55:34','2024-08-18 10:55:34',1,'',133,1,112,'',NULL,2800.00,1,0),(2717,'PCJ700780','ចិញ្ចៀនដាំស្នាយ',0.00,714.00,1,NULL,NULL,236.0000,9,2,NULL,'2024-08-18 10:55:34','2024-08-18 10:55:34',1,'',280,1,252,'',NULL,2800.00,1,0),(2718,'PCJ700781','ចិញ្ចៀនដាំស្នាយ',0.00,567.00,1,NULL,NULL,175.0000,9,2,NULL,'2024-08-18 10:55:34','2024-08-18 10:55:34',1,'',252,1,224,'',NULL,2800.00,1,0),(2719,'PCJ700782','ចិញ្ចៀនដាំស្នាយ',0.00,732.00,1,NULL,NULL,231.0000,9,2,NULL,'2024-08-18 10:55:34','2024-08-18 10:55:34',1,'',308,1,280,'',NULL,2800.00,1,0),(2720,'PCJ700783','ចិញ្ចៀនដាំស្នាយ',0.00,848.30,1,NULL,NULL,262.0000,9,2,NULL,'2024-08-18 10:55:34','2024-08-18 10:55:34',1,'',364,1,336,'',NULL,2800.00,1,0),(2721,'PCJ700784','ចិញ្ចៀនដាំស្នាយ',0.00,766.00,1,NULL,NULL,248.0000,9,2,NULL,'2024-08-18 10:55:34','2024-08-18 10:55:34',1,'',308,1,280,'',NULL,2800.00,1,0),(2722,'PCJ700785','បណ្តោងដាំស្នាយ',0.00,722.20,1,NULL,NULL,283.0000,9,2,NULL,'2024-08-18 10:55:34','2024-08-18 10:55:34',1,'',189,1,168,'',NULL,2800.00,1,0),(2723,'PCJ700786','បណ្តោងដាំស្នាយ',0.00,309.60,1,NULL,NULL,108.0000,9,2,NULL,'2024-08-18 10:55:34','2024-08-18 10:55:34',1,'',112,1,98,'',NULL,2800.00,1,0),(2724,'PCJ700787','បណ្តោងដាំស្នាយ',0.00,1004.00,1,NULL,NULL,298.0000,9,2,NULL,'2024-08-18 10:55:34','2024-08-18 10:55:34',1,'',448,1,420,'',NULL,2800.00,1,0),(2725,'PCJ700788','បណ្តោងដាំស្នាយ',0.00,355.00,1,NULL,NULL,124.0000,9,2,NULL,'2024-08-18 10:55:34','2024-08-18 10:55:34',1,'',126,1,112,'',NULL,2800.00,1,0),(2726,'PCJ700789','បណ្តោងដាំស្នាយ',0.00,335.40,1,NULL,NULL,114.0000,9,2,NULL,'2024-08-18 10:55:34','2024-08-18 10:55:34',1,'',126,1,112,'',NULL,2800.00,1,0),(2727,'PCJ700790','បណ្តោងដាំស្នាយ',0.00,490.00,1,NULL,NULL,179.0000,9,2,NULL,'2024-08-18 10:55:34','2024-08-18 10:55:34',1,'',154,1,140,'',NULL,2800.00,1,0),(2728,'PCJ700791','បណ្តោងដាំស្នាយ',0.00,224.00,1,NULL,NULL,72.0000,9,2,NULL,'2024-08-18 10:55:34','2024-08-18 10:55:34',1,'',98,1,84,'',NULL,2800.00,1,0),(2729,'PCJ700792','ក្រវិលកាវដាំស្នាយ',0.00,557.00,1,NULL,NULL,185.0000,9,2,NULL,'2024-08-18 10:55:34','2024-08-18 10:55:34',1,'',224,1,196,'',NULL,2800.00,1,0),(2730,'PCJ700793','ក្រវិលកាវដាំស្នាយ',0.00,473.00,1,NULL,NULL,170.0000,9,2,NULL,'2024-08-18 10:55:34','2024-08-18 10:55:34',1,'',210,1,140,'',NULL,2800.00,1,0),(2731,'PCJ700794','ខ្សែដៃស្នាយ',0.00,865.00,1,NULL,NULL,313.0000,9,2,NULL,'2024-08-18 10:55:34','2024-08-18 10:55:34',1,'',280,1,252,'',NULL,2800.00,1,0),(2732,'PCJ700795','បណ្តោងដាំស្នាយ',0.00,621.00,1,NULL,NULL,174.0000,9,2,NULL,'2024-08-18 10:55:34','2024-08-18 10:55:34',1,'',301,1,280,'',NULL,2800.00,1,0),(2733,'PCJ700796','បណ្តោងដាំស្នាយ',0.00,408.80,1,NULL,NULL,123.0000,9,2,NULL,'2024-08-18 10:55:34','2024-08-18 10:55:34',1,'',189,1,168,'',NULL,2800.00,1,0),(2734,'PCJ700797','បណ្តោងដាំស្នាយ',0.00,1301.00,1,NULL,NULL,521.0000,9,2,NULL,'2024-08-18 10:55:34','2024-08-18 10:55:34',1,'',308,1,280,'',NULL,2800.00,1,0),(2735,'PCJ700798','បណ្តោងដាំស្នាយ',0.00,607.00,1,NULL,NULL,196.0000,9,2,NULL,'2024-08-18 10:55:34','2024-08-18 10:55:34',1,'',252,1,224,'',NULL,2800.00,1,0),(2736,'PCJ700799','បណ្តោងដាំស្នាយ',0.00,240.80,1,NULL,NULL,196.0000,9,2,NULL,'2024-08-18 10:55:34','2024-08-18 10:55:34',1,'',140,1,112,'',NULL,2800.00,1,0),(2737,'PCJ700800','បណ្តោងដាំស្នាយ',0.00,551.60,1,NULL,NULL,188.0000,9,2,NULL,'2024-08-18 10:55:34','2024-08-18 10:55:34',1,'',224,1,196,'',NULL,2800.00,1,0),(2738,'PCJ700801','បណ្តោងដាំស្នាយ',0.00,554.00,1,NULL,NULL,169.0000,9,2,NULL,'2024-08-18 10:55:34','2024-08-18 10:55:34',1,'',252,1,224,'',NULL,2800.00,1,0),(2739,'PCJ700802','បណ្តោងដាំស្នាយ',0.00,380.10,1,NULL,NULL,123.0000,9,2,NULL,'2024-08-18 10:55:34','2024-08-18 10:55:34',1,'',154,1,140,'',NULL,2800.00,1,0),(2740,'PCJ700803','បណ្តោងដាំស្នាយ',0.00,350.00,1,NULL,NULL,122.0000,9,2,NULL,'2024-08-18 10:55:34','2024-08-18 10:55:34',1,'',133,1,112,'',NULL,2800.00,1,0),(2741,'PCJ700804','បណ្តោងដាំស្នាយ',0.00,459.00,1,NULL,NULL,149.0000,9,2,NULL,'2024-08-18 10:55:34','2024-08-18 10:55:34',1,'',189,1,168,'',NULL,2800.00,1,0),(2742,'PCJ700805','បណ្តោងដាំស្នាយ',0.00,1027.50,1,NULL,NULL,310.0000,9,2,NULL,'2024-08-18 10:55:34','2024-08-18 10:55:34',1,'',448,1,420,'',NULL,2800.00,1,0),(2743,'PCJ700806','បណ្តោងដាំស្នាយ',0.00,777.80,1,NULL,NULL,254.0000,9,2,NULL,'2024-08-18 10:55:34','2024-08-18 10:55:34',1,'',308,1,280,'',NULL,2800.00,1,0),(2744,'PCJ700807','ចិញ្ចៀនស្រី',0.00,473.00,1,NULL,NULL,170.0000,9,2,NULL,'2024-08-18 10:55:34','2024-08-18 10:55:34',1,'',154,1,140,'',NULL,2800.00,1,0),(2745,'PCJ700808','បណ្តោងដាំស្នាយ',0.00,1466.00,1,NULL,NULL,548.0000,9,2,NULL,'2024-08-18 10:55:34','2024-08-18 10:55:34',1,'',420,1,392,'',NULL,2800.00,1,0),(2746,'PCJ700809','បណ្តោងដាំស្នាយ',0.00,624.20,1,NULL,NULL,190.0000,9,2,NULL,'2024-08-18 10:55:34','2024-08-18 10:55:34',1,'',280,1,252,'',NULL,2800.00,1,0),(2747,'PCJ700810','បណ្តោងដាំស្នាយ',0.00,514.00,1,NULL,NULL,148.0000,9,2,NULL,'2024-08-18 10:55:34','2024-08-18 10:55:34',1,'',245,1,224,'',NULL,2800.00,1,0),(2748,'PCJ700811','បណ្តោងដាំស្នាយ',0.00,610.00,1,NULL,NULL,212.0000,9,2,NULL,'2024-08-18 10:55:34','2024-08-18 10:55:34',1,'',217,1,196,'',NULL,2800.00,1,0),(2749,'PCJ700812','បណ្តោងដាំស្នាយ',0.00,312.00,1,NULL,NULL,95.0000,9,2,NULL,'2024-08-18 10:55:34','2024-08-18 10:55:34',1,'',147,1,126,'',NULL,2800.00,1,0),(2750,'PCJ700813','បណ្តោងដាំស្នាយ',0.00,310.80,1,NULL,NULL,102.0000,9,2,NULL,'2024-08-18 10:55:34','2024-08-18 10:55:34',1,'',126,1,112,'',NULL,2800.00,1,0),(2751,'PCJ700814','បណ្តោងដាំស្នាយ',0.00,333.00,1,NULL,NULL,113.0000,9,2,NULL,'2024-08-18 10:55:34','2024-08-18 10:55:34',1,'',126,1,112,'',NULL,2800.00,1,0),(2752,'PCJ700815','បណ្តោងដាំស្នាយ',0.00,335.00,1,NULL,NULL,114.0000,9,2,NULL,'2024-08-18 10:55:34','2024-08-18 10:55:34',1,'',126,1,112,'',NULL,2800.00,1,0),(2753,'PCJ700816','បណ្តោងដាំស្នាយ',0.00,341.00,1,NULL,NULL,117.0000,9,2,NULL,'2024-08-18 10:55:34','2024-08-18 10:55:34',1,'',126,1,112,'',NULL,2800.00,1,0),(2754,'PCJ700817','បណ្តោងដាំស្នាយ',0.00,403.10,1,NULL,NULL,142.0000,9,2,NULL,'2024-08-18 10:55:35','2024-08-18 10:55:35',1,'',140,1,126,'',NULL,2800.00,1,0),(2755,'PCJ700818','បណ្តោងដាំស្នាយ',0.00,248.90,1,NULL,NULL,77.0000,9,2,NULL,'2024-08-18 10:55:35','2024-08-18 10:55:35',1,'',112,1,98,'',NULL,2800.00,1,0),(2756,'PCJ700819','បណ្តោងដាំស្នាយ',0.00,240.60,1,NULL,NULL,66.0000,9,2,NULL,'2024-08-18 10:55:35','2024-08-18 10:55:35',1,'',126,1,112,'',NULL,2800.00,1,0),(2757,'PCJ700820','បណ្តោងដាំស្នាយ',0.00,191.20,1,NULL,NULL,55.0000,9,2,NULL,'2024-08-18 10:55:35','2024-08-18 10:55:35',1,'',98,1,84,'',NULL,2800.00,1,0),(2758,'PCJ700821','បណ្តោងដាំស្នាយ',0.00,940.00,1,NULL,NULL,337.0000,9,2,NULL,'2024-08-18 10:55:35','2024-08-18 10:55:35',1,'',308,1,280,'',NULL,2800.00,1,0),(2759,'PCJ700822','បណ្តោងដាំស្នាយ',0.00,772.80,1,NULL,NULL,252.0000,9,2,NULL,'2024-08-18 10:55:35','2024-08-18 10:55:35',1,'',308,1,280,'',NULL,2800.00,1,0),(2760,'PCJ700823','បណ្តោងដាំស្នាយ+ត្បូងក្រហម',0.00,229.00,1,NULL,NULL,68.0000,9,2,NULL,'2024-08-18 10:55:35','2024-08-18 10:55:35',1,'',112,1,98,'',NULL,2800.00,1,0),(2761,'PCJ700824','បណ្តោងដាំស្នាយ',0.00,347.00,1,NULL,NULL,120.0000,9,2,NULL,'2024-08-18 10:55:35','2024-08-18 10:55:35',1,'',126,1,112,'',NULL,2800.00,1,0),(2762,'PCJ700825','ខ្សែដៃ',0.00,446.00,1,NULL,NULL,192.0000,9,2,NULL,'2024-08-18 10:55:35','2024-08-18 10:55:35',1,'',84,1,70,'',NULL,2800.00,1,0),(2763,'PCJ700826','ក្រវិលដាំស្នាយ',0.00,518.00,1,NULL,NULL,150.0000,9,2,NULL,'2024-08-18 10:55:35','2024-08-18 10:55:35',1,'',252,1,224,'',NULL,2800.00,1,0),(2764,'PCJ700827','ខ្សែក',0.00,699.00,1,NULL,NULL,307.0000,9,2,NULL,'2024-08-18 10:55:35','2024-08-18 10:55:35',1,'',112,1,98,'',NULL,2800.00,1,0),(2765,'PCJ700828','ខ្សែក',0.00,655.00,1,NULL,NULL,280.0000,9,2,NULL,'2024-08-18 10:55:35','2024-08-18 10:55:35',1,'',120.4,1,106.4,'',NULL,2800.00,1,0),(2766,'PCJ700829','ខ្សែក',0.00,728.00,1,NULL,NULL,322.0000,9,2,NULL,'2024-08-18 10:55:35','2024-08-18 10:55:35',1,'',112,1,98,'',NULL,2800.00,1,0),(2767,'PCJ700830','ខ្សែក',0.00,693.00,1,NULL,NULL,304.0000,9,2,NULL,'2024-08-18 10:55:35','2024-08-18 10:55:35',1,'',112,1,98,'',NULL,2800.00,1,0),(2768,'PCJ700831','ខ្សែក',0.00,725.00,1,NULL,NULL,320.0000,9,2,NULL,'2024-08-18 10:55:35','2024-08-18 10:55:35',1,'',112,1,98,'',NULL,2800.00,1,0),(2769,'PCJ700832','បណ្តោងត្បូងខៀវលោមស្នាយ',0.00,215.40,1,NULL,NULL,60.0000,9,2,NULL,'2024-08-18 10:55:35','2024-08-18 10:55:35',1,'',112,1,98,'',NULL,2800.00,1,0),(2770,'PCJ700833','បណ្តោងត្បូងខៀវលោមស្នាយ',0.00,274.00,1,NULL,NULL,90.0000,9,2,NULL,'2024-08-18 10:55:35','2024-08-18 10:55:35',1,'',112,1,98,'',NULL,2800.00,1,0),(2771,'PCJ700834','បណ្តោងត្បូងខៀវលោមស្នាយ',0.00,263.00,1,NULL,NULL,85.0000,9,2,NULL,'2024-08-18 10:55:35','2024-08-18 10:55:35',1,'',119,1,98,'',NULL,2800.00,1,0),(2772,'PCJ700835','បណ្តោងត្បូងខៀវលោមស្នាយ',0.00,215.40,1,NULL,NULL,60.0000,9,2,NULL,'2024-08-18 10:55:35','2024-08-18 10:55:35',1,'',112,1,98,'',NULL,2800.00,1,0),(2773,'PCJ700836','បណ្តោងត្បូងស្នាយ',0.00,111.00,1,NULL,NULL,21.0000,9,2,NULL,'2024-08-18 10:55:35','2024-08-18 10:55:35',1,'',84,1,70,'',NULL,2800.00,1,0),(2774,'PCJ700837','ខ្សែក',0.00,784.00,1,NULL,NULL,343.0000,9,2,NULL,'2024-08-18 10:55:35','2024-08-18 10:55:35',1,'',133,1,112,'',NULL,2800.00,1,0),(2775,'PCJ700838','ខ្សែក',0.00,615.00,1,NULL,NULL,271.0000,9,2,NULL,'2024-08-18 10:55:35','2024-08-18 10:55:35',1,'',98,1,84,'',NULL,2800.00,1,0),(2776,'PCJ700839','ចិញ្ចៀនដាំស្នាយ',0.00,430.00,1,NULL,NULL,148.0000,9,2,NULL,'2024-08-18 10:55:35','2024-08-18 10:55:35',1,'',154,1,140,'',NULL,2800.00,1,0),(2777,'PCJ700840','ខ្សែក',0.00,721.00,1,NULL,NULL,318.0000,9,2,NULL,'2024-08-18 10:55:35','2024-08-18 10:55:35',1,'',112,1,98,'',NULL,2800.00,1,0),(2778,'PCJ700841','ខ្សែក',0.00,699.00,1,NULL,NULL,307.0000,9,2,NULL,'2024-08-18 10:55:35','2024-08-18 10:55:35',1,'',112,1,98,'',NULL,2800.00,1,0),(2779,'PCJ700842','ខ្សែក',0.00,711.00,1,NULL,NULL,313.0000,9,2,NULL,'2024-08-18 10:55:35','2024-08-18 10:55:35',1,'',112,1,98,'',NULL,2800.00,1,0),(2780,'PCJ700843','ខ្សែក',0.00,725.00,1,NULL,NULL,320.0000,9,2,NULL,'2024-08-18 10:55:35','2024-08-18 10:55:35',1,'',112,1,98,'',NULL,2800.00,1,0),(2781,'PCJ700844','ចិញ្ចៀនដាំស្នាយ',0.00,714.00,1,NULL,NULL,236.0000,9,2,NULL,'2024-08-18 10:55:35','2024-08-18 10:55:35',1,'',273,1,252,'',NULL,2800.00,1,0),(2782,'PCJ700845','ចិញ្ចៀនដាំស្នាយ',0.00,557.00,1,NULL,NULL,170.0000,9,2,NULL,'2024-08-18 10:55:35','2024-08-18 10:55:35',1,'',252,1,224,'',NULL,2800.00,1,0),(2783,'PCJ700846','ក្រវិលកាវបេះដូងដាំស្នាយ',0.00,526.00,1,NULL,NULL,169.0000,9,2,NULL,'2024-08-18 10:55:35','2024-08-18 10:55:35',1,'',210,1,196,'',NULL,2800.00,1,0),(2784,'PCJ700847','ក្រវិលកាវដាំស្នាយ',0.00,408.00,1,NULL,NULL,137.0000,9,2,NULL,'2024-08-18 10:55:35','2024-08-18 10:55:35',1,'',154,1,140,'',NULL,2800.00,1,0),(2785,'PCJ700848','ខ្សែក',0.00,1133.00,1,NULL,NULL,507.0000,9,2,NULL,'2024-08-18 10:55:35','2024-08-18 10:55:35',1,'',161,1,140,'',NULL,2800.00,1,0),(2786,'PCJ700849','ខ្សែក',0.00,940.00,1,NULL,NULL,416.0000,9,2,NULL,'2024-08-18 10:55:35','2024-08-18 10:55:35',1,'',147,1,126,'',NULL,2800.00,1,0),(2787,'PCJ700850','បណ្តោងដាំស្នាយ+ចិញ្ចៀន',0.00,1121.00,1,NULL,NULL,358.0000,9,2,NULL,'2024-08-18 10:55:35','2024-08-18 10:55:35',1,'',448,1,420,'',NULL,2800.00,1,0),(2788,'PCJ700851','ក្រវិលដាំស្នាយម៉ូតH',0.00,410.00,1,NULL,NULL,138.0000,9,2,NULL,'2024-08-18 10:55:35','2024-08-18 10:55:35',1,'',154,1,140,'',NULL,2800.00,1,0),(2789,'PCJ700852','ចិញ្ចៀនដាំស្នាយ',0.00,486.60,1,NULL,NULL,177.0000,9,2,NULL,'2024-08-18 10:55:35','2024-08-18 10:55:35',1,'',154,1,140,'',NULL,2800.00,1,0),(2790,'PCJ700853','ក្រវិលដាំស្នាយ',0.00,736.00,1,NULL,NULL,191.0000,9,2,NULL,'2024-08-18 10:55:35','2024-08-18 10:55:35',1,'',392,1,364,'',NULL,2800.00,1,0),(2791,'PCJ700854','ចិញ្ចៀនដាំស្នាយស្រី',0.00,1094.80,1,NULL,NULL,373.0000,9,2,NULL,'2024-08-18 10:55:35','2024-08-18 10:55:35',1,'',392,1,364,'',NULL,2800.00,1,0),(2792,'PCJ700855','ខ្សែក',0.00,1167.00,1,NULL,NULL,524.0000,9,2,NULL,'2024-08-18 10:55:35','2024-08-18 10:55:35',1,'',161,1,140,'',NULL,2800.00,1,0),(2793,'PCJ700856','ចិញ្ចៀនដាំស្នាយស្រី',0.00,980.00,1,NULL,NULL,315.0000,9,2,NULL,'2024-08-18 10:55:35','2024-08-18 10:55:35',1,'',392,1,364,'',NULL,2800.00,1,0),(2794,'PCJ700857','ខ្សែក',0.00,1120.00,1,NULL,NULL,500.0000,9,2,NULL,'2024-08-18 10:55:35','2024-08-18 10:55:35',1,'',161,1,140,'',NULL,2800.00,1,0),(2795,'PCJ700858','ខ្សែក',0.00,1187.00,1,NULL,NULL,535.0000,9,2,NULL,'2024-08-18 10:55:35','2024-08-18 10:55:35',1,'',161,1,140,'',NULL,2800.00,1,0),(2796,'PCJ700859','ចិញ្ចៀនដាំស្នាយស្រី',0.00,994.00,1,NULL,NULL,336.0000,9,2,NULL,'2024-08-18 10:55:35','2024-08-18 10:55:35',1,'',364,1,336,'',NULL,2800.00,1,0),(2797,'PCJ700860','ខ្សែក',0.00,1145.00,1,NULL,NULL,513.0000,9,2,NULL,'2024-08-18 10:55:35','2024-08-18 10:55:35',1,'',161,1,140,'',NULL,2800.00,1,0),(2798,'PCJ700861','ចិញ្ចៀនលាត',0.00,567.00,1,NULL,NULL,218.0000,9,2,NULL,'2024-08-18 10:55:35','2024-08-18 10:55:35',1,'',161,1,140,'',NULL,2800.00,1,0),(2799,'PCJ700862','ចិញ្ចៀនលាត',0.00,567.00,1,NULL,NULL,152.0000,9,2,NULL,'2024-08-18 10:55:35','2024-08-18 10:55:35',1,'',161,1,140,'',NULL,2800.00,1,0),(2800,'PCJ700863','បណ្តោងដាំស្នាយ',0.00,705.20,1,NULL,NULL,246.0000,9,2,NULL,'2024-08-18 10:55:35','2024-08-18 10:55:35',1,'',252,1,224,'',NULL,2800.00,1,0),(2801,'PCJ700864','បណ្តោងដាំស្នាយ',0.00,562.30,1,NULL,NULL,188.0000,9,2,NULL,'2024-08-18 10:55:35','2024-08-18 10:55:35',1,'',224,1,196,'',NULL,2800.00,1,0),(2802,'PCJ700865','ក្រវិលកាវដាំស្នាយ+ត្បូងក្រហម',0.00,198.60,1,NULL,NULL,59.0000,9,2,NULL,'2024-08-18 10:55:35','2024-08-18 10:55:35',1,'',98,1,84,'',NULL,2800.00,1,0),(2803,'PCJ700866','ក្រវិលកាវដាំស្នាយ+ត្បូងក្រហម',0.00,170.00,1,NULL,NULL,44.0000,9,2,NULL,'2024-08-18 10:55:35','2024-08-18 10:55:35',1,'',98,1,84,'',NULL,2800.00,1,0),(2804,'PCJ700867','ក្រវិលកាវដាំស្នាយ+ត្បូងក្រហម',0.00,574.00,1,NULL,NULL,179.0000,9,2,NULL,'2024-08-18 10:55:35','2024-08-18 10:55:35',1,'',252,1,224,'',NULL,2800.00,1,0),(2805,'PCJ700868','បណ្តោងត្បូងក្រហមស្នាយ',0.00,302.00,1,NULL,NULL,100.0000,9,2,NULL,'2024-08-18 10:55:36','2024-08-18 10:55:36',1,'',120.4,1,106.4,'',NULL,2800.00,1,0),(2806,'PCJ700869','ក្រវិលដាំស្នាយ',0.00,525.80,1,NULL,NULL,154.0000,9,2,NULL,'2024-08-18 10:55:36','2024-08-18 10:55:36',1,'',252,1,224,'',NULL,2800.00,1,0),(2807,'PCJ700870','ចិញ្ចៀនដាំស្នាយ',0.00,895.00,1,NULL,NULL,271.0000,9,2,NULL,'2024-08-18 10:55:36','2024-08-18 10:55:36',1,'',392,1,364,'',NULL,2800.00,1,0),(2808,'PCJ700871','ចិញ្ចៀនដាំស្នាយ',0.00,159.00,1,NULL,NULL,39.0000,9,2,NULL,'2024-08-18 10:55:36','2024-08-18 10:55:36',1,'',98,1,84,'',NULL,2800.00,1,0),(2809,'PCJ700872','បណ្តោងត្បូងខៀវស្នាយ',0.00,470.00,1,NULL,NULL,176.0000,9,2,NULL,'2024-08-18 10:55:36','2024-08-18 10:55:36',1,'',140,1,126,'',NULL,2800.00,1,0),(2810,'PCJ700873','បណ្តោងត្បូងក្រហមស្នាយ',0.00,168.00,1,NULL,NULL,43.0000,9,2,NULL,'2024-08-18 10:55:36','2024-08-18 10:55:36',1,'',98,1,84,'',NULL,2800.00,1,0),(2811,'PCJ700874','បណ្តោងត្បូងខៀវស្នាយ',0.00,193.00,1,NULL,NULL,56.0000,9,2,NULL,'2024-08-18 10:55:36','2024-08-18 10:55:36',1,'',98,1,84,'',NULL,2800.00,1,0),(2812,'PCJ700875','បណ្តោងត្បូងស្នាយ',0.00,204.20,1,NULL,NULL,62.0000,9,2,NULL,'2024-08-18 10:55:36','2024-08-18 10:55:36',1,'',98,1,84,'',NULL,2800.00,1,0),(2813,'PCJ700876','បណ្តោងត្បូងស្នាយ',0.00,238.00,1,NULL,NULL,86.0000,9,2,NULL,'2024-08-18 10:55:36','2024-08-18 10:55:36',1,'',84,1,70,'',NULL,2800.00,1,0),(2814,'PCJ700877','បណ្តោងត្បូងស្នាយ',0.00,136.00,1,NULL,NULL,34.0000,9,2,NULL,'2024-08-18 10:55:36','2024-08-18 10:55:36',1,'',84,1,70,'',NULL,2800.00,1,0),(2815,'PCJ700878','បណ្តោងត្បូងស្នាយ',0.00,289.20,1,NULL,NULL,105.0000,9,2,NULL,'2024-08-18 10:55:36','2024-08-18 10:55:36',1,'',98,1,84,'',NULL,2800.00,1,0),(2816,'PCJ700879','បណ្តោងត្បូងស្នាយ',0.00,288.00,1,NULL,NULL,97.0000,9,2,NULL,'2024-08-18 10:55:36','2024-08-18 10:55:36',1,'',112,1,98,'',NULL,2800.00,1,0),(2817,'PCJ700880','បណ្តោងត្បូងស្នាយ',0.00,307.70,1,NULL,NULL,107.0000,9,2,NULL,'2024-08-18 10:55:36','2024-08-18 10:55:36',1,'',112,1,98,'',NULL,2800.00,1,0),(2818,'PCJ700881','បណ្តោងត្បូងស្នាយ',0.00,246.00,1,NULL,NULL,76.0000,9,2,NULL,'2024-08-18 10:55:36','2024-08-18 10:55:36',1,'',112,1,98,'',NULL,2800.00,1,0),(2819,'PCJ700882','បណ្តោងត្បូងស្នាយ',0.00,315.50,1,NULL,NULL,111.0000,9,2,NULL,'2024-08-18 10:55:36','2024-08-18 10:55:36',1,'',112,1,98,'',NULL,2800.00,1,0),(2820,'PCJ700883','បណ្តោងត្បូងស្នាយ',0.00,354.70,1,NULL,NULL,131.0000,9,2,NULL,'2024-08-18 10:55:36','2024-08-18 10:55:36',1,'',112,1,98,'',NULL,2800.00,1,0),(2821,'PCJ700884','បណ្តោងត្បូងស្នាយ',0.00,183.20,1,NULL,NULL,58.0000,9,2,NULL,'2024-08-18 10:55:36','2024-08-18 10:55:36',1,'',84,1,70,'',NULL,2800.00,1,0),(2822,'PCJ700885','បណ្តោងត្បូងស្នាយ',0.00,205.50,1,NULL,NULL,62.0000,9,2,NULL,'2024-08-18 10:55:36','2024-08-18 10:55:36',1,'',98,1,84,'',NULL,2800.00,1,0),(2823,'PCJ700886','បណ្តោងត្បូងស្នាយ',0.00,191.80,1,NULL,NULL,55.0000,9,2,NULL,'2024-08-18 10:55:36','2024-08-18 10:55:36',1,'',98,1,84,'',NULL,2800.00,1,0),(2824,'PCJ700887','បណ្តោងត្បូងស្នាយ',0.00,291.00,1,NULL,NULL,106.0000,9,2,NULL,'2024-08-18 10:55:36','2024-08-18 10:55:36',1,'',98,1,84,'',NULL,2800.00,1,0),(2825,'PCJ700888','បណ្តោងត្បូងស្នាយ',0.00,171.90,1,NULL,NULL,52.0000,9,2,NULL,'2024-08-18 10:55:36','2024-08-18 10:55:36',1,'',84,1,70,'',NULL,2800.00,1,0),(2826,'PCJ700889','បណ្តោងត្បូងស្នាយ',0.00,221.20,1,NULL,NULL,70.0000,9,2,NULL,'2024-08-18 10:55:36','2024-08-18 10:55:36',1,'',98,1,84,'',NULL,2800.00,1,0),(2827,'PCJ700890','បណ្តោងត្បូងស្នាយ',0.00,302.00,1,NULL,NULL,108.0000,9,2,NULL,'2024-08-18 10:55:36','2024-08-18 10:55:36',1,'',106.4,1,92.4,'',NULL,2800.00,1,0),(2828,'PCJ700891','ចិញ្ចៀនដាំស្នាយ',0.00,462.00,1,NULL,NULL,165.0000,9,2,NULL,'2024-08-18 10:55:36','2024-08-18 10:55:36',1,'',154,1,140,'',NULL,2800.00,1,0),(2829,'PCJ700892','ចិញ្ចៀនដាំស្នាយ',0.00,430.00,1,NULL,NULL,148.0000,9,2,NULL,'2024-08-18 10:55:36','2024-08-18 10:55:36',1,'',154,1,140,'',NULL,2800.00,1,0),(2830,'PCJ700893','ចិញ្ចៀនដាំស្នាយ',0.00,319.00,1,NULL,NULL,106.0000,9,2,NULL,'2024-08-18 10:55:36','2024-08-18 10:55:36',1,'',126,1,112,'',NULL,2800.00,1,0),(2831,'PCJ700894','ចិញ្ចៀនដាំស្នាយ',0.00,341.30,1,NULL,NULL,117.0000,9,2,NULL,'2024-08-18 10:55:36','2024-08-18 10:55:36',1,'',126,1,112,'',NULL,2800.00,1,0),(2832,'PCJ700895','ចិញ្ចៀនដាំស្នាយ',0.00,523.60,1,NULL,NULL,153.0000,9,2,NULL,'2024-08-18 10:55:36','2024-08-18 10:55:36',1,'',238,1,224,'',NULL,2800.00,1,0),(2833,'PCJ700896','ចិញ្ចៀនដាំស្នាយ+ត្បុងទឺកក្រូច',0.00,898.20,1,NULL,NULL,302.0000,9,2,NULL,'2024-08-18 10:55:36','2024-08-18 10:55:36',1,'',336,1,308,'',NULL,2800.00,1,0),(2834,'PCJ700897','ចិញ្ចៀនដាំស្នាយ+ត្បុងទឺកក្រូច',0.00,795.00,1,NULL,NULL,264.0000,9,2,NULL,'2024-08-18 10:55:36','2024-08-18 10:55:36',1,'',308,1,280,'',NULL,2800.00,1,0),(2835,'PCJ700898','ចិញ្ចៀនដាំស្នាយ',0.00,324.40,1,NULL,NULL,109.0000,9,2,NULL,'2024-08-18 10:55:36','2024-08-18 10:55:36',1,'',126,1,112,'',NULL,2800.00,1,0),(2836,'PCJ700899','ចិញ្ចៀនដាំស្នាយ',0.00,336.00,1,NULL,NULL,122.0000,9,2,NULL,'2024-08-18 10:55:36','2024-08-18 10:55:36',1,'',112,1,98,'',NULL,2800.00,1,0),(2837,'PCJ700900','ចិញ្ចៀនដាំស្នាយ',0.00,201.00,1,NULL,NULL,61.0000,9,2,NULL,'2024-08-18 10:55:36','2024-08-18 10:55:36',1,'',98,1,84,'',NULL,2800.00,1,0),(2838,'PCJ700901','ចិញ្ចៀនដាំស្នាយ',0.00,680.00,1,NULL,NULL,248.0000,9,2,NULL,'2024-08-18 10:55:36','2024-08-18 10:55:36',1,'',224,1,196,'',NULL,2800.00,1,0),(2839,'PCJ700902','ចិញ្ចៀនម៉ូតលាត',0.00,476.00,1,NULL,NULL,187.0000,9,2,NULL,'2024-08-18 10:55:36','2024-08-18 10:55:36',1,'',133,1,112,'',NULL,2800.00,1,0),(2840,'PCJ700903','ចិញ្ចៀនដាំស្នាយ',0.00,221.00,1,NULL,NULL,71.0000,9,2,NULL,'2024-08-18 10:55:36','2024-08-18 10:55:36',1,'',98,1,84,'',NULL,2800.00,1,0),(2841,'PCJ700904','ចិញ្ចៀនដាំស្នាយ',0.00,224.00,1,NULL,NULL,72.0000,9,2,NULL,'2024-08-18 10:55:36','2024-08-18 10:55:36',1,'',98,1,84,'',NULL,2800.00,1,0),(2842,'PCJ700905','ចិញ្ចៀនដាំស្នាយ',0.00,282.80,1,NULL,NULL,95.0000,9,2,NULL,'2024-08-18 10:55:36','2024-08-18 10:55:36',1,'',112,1,98,'',NULL,2800.00,1,0),(2843,'PCJ700906','ចិញ្ចៀនដាំស្នាយ',0.00,274.00,1,NULL,NULL,90.0000,9,2,NULL,'2024-08-18 10:55:36','2024-08-18 10:55:36',1,'',112,1,98,'',NULL,2800.00,1,0),(2844,'PCJ700907','ចិញ្ចៀនដាំស្នាយ',0.00,380.50,1,NULL,NULL,145.0000,9,2,NULL,'2024-08-18 10:55:36','2024-08-18 10:55:36',1,'',112,1,98,'',NULL,2800.00,1,0),(2845,'PCJ700908','ចិញ្ចៀនដាំស្នាយ',0.00,1055.00,1,NULL,NULL,368.0000,9,2,NULL,'2024-08-18 10:55:36','2024-08-18 10:55:36',1,'',364,1,336,'',NULL,2800.00,1,0),(2846,'PCJ700909','ចិញ្ចៀនដាំស្នាយ',0.00,445.00,1,NULL,NULL,164.0000,9,2,NULL,'2024-08-18 10:55:36','2024-08-18 10:55:36',1,'',147,1,126,'',NULL,2800.00,1,0),(2847,'PCJ700910','ចិញ្ចៀនដាំស្នាយ',0.00,392.00,1,NULL,NULL,144.0000,9,2,NULL,'2024-08-18 10:55:36','2024-08-18 10:55:36',1,'',126,1,112,'',NULL,2800.00,1,0),(2848,'PCJ700911','ចិញ្ចៀនដាំស្នាយ',0.00,392.00,1,NULL,NULL,158.0000,9,2,NULL,'2024-08-18 10:55:36','2024-08-18 10:55:36',1,'',98,1,84,'',NULL,2800.00,1,0),(2849,'PCJ700912','ចិញ្ចៀនដាំស្នាយ',0.00,207.00,1,NULL,NULL,63.0000,9,2,NULL,'2024-08-18 10:55:36','2024-08-18 10:55:36',1,'',98,1,84,'',NULL,2800.00,1,0),(2850,'PCJ700913','ចិញ្ចៀនដាំស្នាយ',0.00,327.50,1,NULL,NULL,125.0000,9,2,NULL,'2024-08-18 10:55:36','2024-08-18 10:55:36',1,'',98,1,84,'',NULL,2800.00,1,0),(2851,'PCJ700914','ចិញ្ចៀនដាំស្នាយ',0.00,271.00,1,NULL,NULL,96.0000,9,2,NULL,'2024-08-18 10:55:36','2024-08-18 10:55:36',1,'',98,1,84,'',NULL,2800.00,1,0),(2852,'PCJ700915','ចិញ្ចៀនដាំស្នាយ',0.00,344.00,1,NULL,NULL,127.0000,9,2,NULL,'2024-08-18 10:55:36','2024-08-18 10:55:36',1,'',112,1,98,'',NULL,2800.00,1,0),(2853,'PCJ700916','ចិញ្ចៀនដាំស្នាយ',0.00,218.00,1,NULL,NULL,69.0000,9,2,NULL,'2024-08-18 10:55:36','2024-08-18 10:55:36',1,'',98,1,84,'',NULL,2800.00,1,0),(2854,'PCJ700917','ចិញ្ចៀនដាំស្នាយ',0.00,207.00,1,NULL,NULL,52.0000,9,2,NULL,'2024-08-18 10:55:36','2024-08-18 10:55:36',1,'',120.4,1,106.4,'',NULL,2800.00,1,0),(2855,'PCJ700918','ចិញ្ចៀនដាំស្នាយ',0.00,266.00,1,NULL,NULL,86.0000,9,2,NULL,'2024-08-18 10:55:36','2024-08-18 10:55:36',1,'',112,1,98,'',NULL,2800.00,1,0),(2856,'PCJ700919','ចិញ្ចៀនដាំស្នាយ',0.00,274.00,1,NULL,NULL,90.0000,9,2,NULL,'2024-08-18 10:55:37','2024-08-18 10:55:37',1,'',112,1,98,'',NULL,2800.00,1,0),(2857,'PCJ700920','ចិញ្ចៀនដាំស្នាយ',0.00,204.00,1,NULL,NULL,62.0000,9,2,NULL,'2024-08-18 10:55:37','2024-08-18 10:55:37',1,'',98,1,84,'',NULL,2800.00,1,0),(2858,'PCJ700921','ចិញ្ចៀនដាំស្នាយ',0.00,302.00,1,NULL,NULL,112.0000,9,2,NULL,'2024-08-18 10:55:37','2024-08-18 10:55:37',1,'',98,1,84,'',NULL,2800.00,1,0),(2859,'PCJ700922','ចិញ្ចៀនដាំស្នាយ',0.00,350.00,1,NULL,NULL,125.0000,9,2,NULL,'2024-08-18 10:55:37','2024-08-18 10:55:37',1,'',120.4,1,106.4,'',NULL,2800.00,1,0),(2860,'PCJ700923','ចិញ្ចៀនដាំស្នាយ',0.00,400.00,1,NULL,NULL,155.0000,9,2,NULL,'2024-08-18 10:55:37','2024-08-18 10:55:37',1,'',112,1,98,'',NULL,2800.00,1,0),(2861,'PCJ700924','ចិញ្ចៀនដាំស្នាយ',0.00,411.50,1,NULL,NULL,161.0000,9,2,NULL,'2024-08-18 10:55:37','2024-08-18 10:55:37',1,'',112,1,98,'',NULL,2800.00,1,0),(2862,'PCJ700925','ចិញ្ចៀនដាំស្នាយ',0.00,338.50,1,NULL,NULL,123.0000,9,2,NULL,'2024-08-18 10:55:37','2024-08-18 10:55:37',1,'',112,1,98,'',NULL,2800.00,1,0),(2863,'PCJ700926','ចិញ្ចៀនដាំស្នាយ',0.00,280.00,1,NULL,NULL,87.0000,9,2,NULL,'2024-08-18 10:55:37','2024-08-18 10:55:37',1,'',126,1,112,'',NULL,2800.00,1,0),(2864,'PCJ700927','ចិញ្ចៀនដាំស្នាយ',0.00,386.00,1,NULL,NULL,141.0000,9,2,NULL,'2024-08-18 10:55:37','2024-08-18 10:55:37',1,'',126,1,112,'',NULL,2800.00,1,0),(2865,'PCJ700928','ចិញ្ចៀនដាំស្នាយ+ត្បុងខៀវ',0.00,571.00,1,NULL,NULL,178.0000,9,2,NULL,'2024-08-18 10:55:37','2024-08-18 10:55:37',1,'',238,1,224,'',NULL,2800.00,1,0),(2866,'PCJ700929','បណ្តោងត្បូងស្នាយ',0.00,680.40,1,NULL,NULL,233.0000,9,2,NULL,'2024-08-18 10:55:37','2024-08-18 10:55:37',1,'',252,1,224,'',NULL,2800.00,1,0),(2867,'PCJ700930','បណ្តោងត្បូងស្នាយ',0.00,1335.00,1,NULL,NULL,482.0000,9,2,NULL,'2024-08-18 10:55:37','2024-08-18 10:55:37',1,'',420,1,392,'',NULL,2800.00,1,0),(2868,'PCJ700931','បណ្តោងត្បូងស្នាយ',0.00,350.00,1,NULL,NULL,108.0000,9,2,NULL,'2024-08-18 10:55:37','2024-08-18 10:55:37',1,'',161,1,140,'',NULL,2800.00,1,0),(2869,'PCJ700932','បណ្តោងត្បូងស្នាយ',0.00,221.00,1,NULL,NULL,70.0000,9,2,NULL,'2024-08-18 10:55:37','2024-08-18 10:55:37',1,'',98,1,84,'',NULL,2800.00,1,0),(2870,'PCJ700933','បន្តោងបេះដូងដាំស្នាយ',0.00,546.00,1,NULL,NULL,151.0000,9,2,NULL,'2024-08-18 10:55:37','2024-08-18 10:55:37',1,'',280,1,252,'',NULL,2800.00,1,0),(2871,'PCJ700934','បណ្តោងដាំស្នាយ+ត្បូងទឺកក្រូច',0.00,221.00,1,NULL,NULL,56.0000,9,2,NULL,'2024-08-18 10:55:37','2024-08-18 10:55:37',1,'',126,1,112,'',NULL,2800.00,1,0),(2872,'PCJ700935','បណ្តោងដាំស្នាយ',0.00,467.00,1,NULL,NULL,125.0000,9,2,NULL,'2024-08-18 10:55:37','2024-08-18 10:55:37',1,'',252,1,224,'',NULL,2800.00,1,0),(2873,'PCJ700936','បណ្តោងត្បូងខៀវលោមស្នាយ',0.00,579.20,1,NULL,NULL,153.0000,9,2,NULL,'2024-08-18 10:55:37','2024-08-18 10:55:37',1,'',308,1,280,'',NULL,2800.00,1,0),(2874,'PCJ700937','បណ្តោងដាំស្នាយផ្កាតូច',0.00,299.00,1,NULL,NULL,97.0000,9,2,NULL,'2024-08-18 10:55:37','2024-08-18 10:55:37',1,'',126,1,112,'',NULL,2800.00,1,0),(2875,'PCJ700938','បណ្តោងដាំស្នាយពណ៍ខៀវ',0.00,366.00,1,NULL,NULL,88.0000,9,2,NULL,'2024-08-18 10:55:37','2024-08-18 10:55:37',1,'',217,1,196,'',NULL,2800.00,1,0),(2876,'PCJ700939','ចិញ្ចៀនដាំស្នាយ',0.00,226.00,1,NULL,NULL,67.0000,9,2,NULL,'2024-08-18 10:55:37','2024-08-18 10:55:37',1,'',112,1,98,'',NULL,2800.00,1,0),(2877,'PCJ700940','ក្រវិលកាវលោមស្នាយ',0.00,604.00,1,NULL,NULL,167.0000,9,2,NULL,'2024-08-18 10:55:37','2024-08-18 10:55:37',1,'',308,1,280,'',NULL,2800.00,1,0),(2878,'PCJ700941','ចិញ្ចៀនដាំស្នាយ',0.00,240.80,1,NULL,NULL,74.0000,9,2,NULL,'2024-08-18 10:55:37','2024-08-18 10:55:37',1,'',112,1,98,'',NULL,2800.00,1,0),(2879,'PCJ700942','បណ្តោងដាមស្នាយ',0.00,414.00,1,NULL,NULL,141.0000,9,2,NULL,'2024-08-18 10:55:37','2024-08-18 10:55:37',1,'',154,1,140,'',NULL,2800.00,1,0),(2880,'PCJ700943','ក្រវិលដាំស្នាយ',0.00,428.00,1,NULL,NULL,148.0000,9,2,NULL,'2024-08-18 10:55:37','2024-08-18 10:55:37',1,'',154,1,140,'',NULL,2800.00,1,0),(2881,'PCJ700944','ក្រវិលដាំស្នាយ',0.00,789.00,1,NULL,NULL,261.0000,9,2,NULL,'2024-08-18 10:55:37','2024-08-18 10:55:37',1,'',308,1,280,'',NULL,2800.00,1,0),(2882,'PCJ700945','ក្រវិលដាំស្នាយ',0.00,529.00,1,NULL,NULL,156.0000,9,2,NULL,'2024-08-18 10:55:37','2024-08-18 10:55:37',1,'',245,1,224,'',NULL,2800.00,1,0),(2883,'PCJ700946','ក្រវិលដាំស្នាយ',0.00,490.00,1,NULL,NULL,136.0000,9,2,NULL,'2024-08-18 10:55:37','2024-08-18 10:55:37',1,'',252,1,224,'',NULL,2800.00,1,0),(2884,'PCJ700947','បណ្តោងដាំស្នាយ',0.00,322.00,1,NULL,NULL,94.0000,9,2,NULL,'2024-08-18 10:55:37','2024-08-18 10:55:37',1,'',161,1,140,'',NULL,2800.00,1,0),(2885,'PCJ700948','ក្រវិលដាំស្នាយ',0.00,383.60,1,NULL,NULL,125.0000,9,2,NULL,'2024-08-18 10:55:37','2024-08-18 10:55:37',1,'',154,1,140,'',NULL,2800.00,1,0),(2886,'PCJ700949','ក្រវិលដាំស្នាយ',0.00,506.80,1,NULL,NULL,159.0000,9,2,NULL,'2024-08-18 10:55:37','2024-08-18 10:55:37',1,'',210,1,196,'',NULL,2800.00,1,0),(2887,'PCJ700950','ក្រវិលដាំស្នាយ',0.00,361.00,1,NULL,NULL,99.0000,9,2,NULL,'2024-08-18 10:55:37','2024-08-18 10:55:37',1,'',182,1,168,'',NULL,2800.00,1,0),(2888,'PCJ700951','ក្រវិលដាំស្នាយ',0.00,400.00,1,NULL,NULL,133.0000,9,2,NULL,'2024-08-18 10:55:37','2024-08-18 10:55:37',1,'',154,1,140,'',NULL,2800.00,1,0),(2889,'PCJ700952','ក្រវិលដាំស្នាយ',0.00,380.80,1,NULL,NULL,123.0000,9,2,NULL,'2024-08-18 10:55:37','2024-08-18 10:55:37',1,'',154,1,140,'',NULL,2800.00,1,0),(2890,'PCJ700953','ក្រវិលដាំស្នាយ',0.00,431.00,1,NULL,NULL,120.0000,9,2,NULL,'2024-08-18 10:55:37','2024-08-18 10:55:37',1,'',217,1,196,'',NULL,2800.00,1,0),(2891,'PCJ700954','ក្រវិលដាំស្នាយ',0.00,400.00,1,NULL,NULL,133.0000,9,2,NULL,'2024-08-18 10:55:37','2024-08-18 10:55:37',1,'',154,1,140,'',NULL,2800.00,1,0),(2892,'PCJ700955','ក្រវិលដាំស្នាយ',0.00,1019.00,1,NULL,NULL,363.0000,9,2,NULL,'2024-08-18 10:55:37','2024-08-18 10:55:37',1,'',336,1,308,'',NULL,2800.00,1,0),(2893,'PCJ700956','ក្រវិលដាំស្នាយ',0.00,613.00,1,NULL,NULL,199.0000,9,2,NULL,'2024-08-18 10:55:37','2024-08-18 10:55:37',1,'',252,1,224,'',NULL,2800.00,1,0),(2894,'PCJ700957','ក្រវិលដាំស្នាយ',0.00,274.40,1,NULL,NULL,90.0000,9,2,NULL,'2024-08-18 10:55:37','2024-08-18 10:55:37',1,'',112,1,98,'',NULL,2800.00,1,0),(2895,'PCJ700958','ខ្សែដែស្នាយ',0.00,700.00,1,NULL,NULL,243.0000,9,2,NULL,'2024-08-18 10:55:37','2024-08-18 10:55:37',1,'',252,1,224,'',NULL,2800.00,1,0),(2896,'PCJ700959','ខ្សែដែស្នាយ',0.00,957.00,1,NULL,NULL,375.0000,9,2,NULL,'2024-08-18 10:55:37','2024-08-18 10:55:37',1,'',252,1,224,'',NULL,2800.00,1,0),(2897,'PCJ700960','ខ្សែដែស្នាយ',0.00,691.00,1,NULL,NULL,239.0000,9,2,NULL,'2024-08-18 10:55:37','2024-08-18 10:55:37',1,'',252,1,224,'',NULL,2800.00,1,0),(2898,'PCJ700961','ខ្សែដែស្នាយ',0.00,607.00,1,NULL,NULL,197.0000,9,2,NULL,'2024-08-18 10:55:37','2024-08-18 10:55:37',1,'',238,1,224,'',NULL,2800.00,1,0),(2899,'PCJ700962','បណ្តោងដាំស្នាយ',0.00,490.00,1,NULL,NULL,165.0000,9,2,NULL,'2024-08-18 10:55:37','2024-08-18 10:55:37',1,'',196,1,168,'',NULL,2800.00,1,0),(2900,'PCJ700963','បណ្តោងដាំស្នាយ',0.00,991.00,1,NULL,NULL,321.0000,9,2,NULL,'2024-08-18 10:55:37','2024-08-18 10:55:37',1,'',392,1,364,'',NULL,2800.00,1,0),(2901,'PCJ700964','បណ្តោងដាំស្នាយ',0.00,392.00,1,NULL,NULL,144.0000,9,2,NULL,'2024-08-18 10:55:37','2024-08-18 10:55:37',1,'',126,1,112,'',NULL,2800.00,1,0),(2902,'PCJ700965','ក្រវិលដាំស្នាយម៉ូតសៀត',0.00,784.00,1,NULL,NULL,258.0000,9,2,NULL,'2024-08-18 10:55:37','2024-08-18 10:55:37',1,'',308,1,280,'',NULL,2800.00,1,0),(2903,'PCJ700966','បណ្តោងដាំស្នាយ',0.00,697.20,1,NULL,NULL,213.0000,9,2,NULL,'2024-08-18 10:55:37','2024-08-18 10:55:37',1,'',308,1,280,'',NULL,2800.00,1,0),(2904,'PCJ700967','ក្រវិលកាបស្នាយ',0.00,582.00,1,NULL,NULL,155.0000,9,2,NULL,'2024-08-18 10:55:37','2024-08-18 10:55:37',1,'',308,1,280,'',NULL,2800.00,1,0),(2905,'PCJ700968','បណ្តោងដាំស្នាយ',0.00,221.00,1,NULL,NULL,70.0000,9,2,NULL,'2024-08-18 10:55:37','2024-08-18 10:55:37',1,'',98,1,84,'',NULL,2800.00,1,0),(2906,'PCJ700969','ក្រវិលកាបស្នាយ',0.00,781.00,1,NULL,NULL,214.0000,9,2,NULL,'2024-08-18 10:55:37','2024-08-18 10:55:37',1,'',392,1,364,'',NULL,2800.00,1,0),(2907,'PCJ700970','បណ្តោងដាំស្នាយ',0.00,274.00,1,NULL,NULL,83.0000,9,2,NULL,'2024-08-18 10:55:38','2024-08-18 10:55:38',1,'',126,1,112,'',NULL,2800.00,1,0),(2908,'PCJ700971','បណ្តោងដាំស្នាយ',0.00,352.20,1,NULL,NULL,95.0000,9,2,NULL,'2024-08-18 10:55:38','2024-08-18 10:55:38',1,'',182,1,168,'',NULL,2800.00,1,0),(2909,'PCJ700972','បណ្តោងដាំស្នាយ',0.00,310.00,1,NULL,NULL,102.0000,9,2,NULL,'2024-08-18 10:55:38','2024-08-18 10:55:38',1,'',126,1,112,'',NULL,2800.00,1,0),(2910,'PCJ700973','បណ្តោងដាំស្នាយ',0.00,308.00,1,NULL,NULL,100.0000,9,2,NULL,'2024-08-18 10:55:38','2024-08-18 10:55:38',1,'',126,1,112,'',NULL,2800.00,1,0),(2911,'PCJ700974','ក្រវិលកាវដាំស្នាយ',0.00,924.00,1,NULL,NULL,300.0000,9,2,NULL,'2024-08-18 10:55:38','2024-08-18 10:55:38',1,'',364,1,336,'',NULL,2800.00,1,0),(2912,'PCJ700975','បណ្តោងដាំស្នាយ',0.00,162.00,1,NULL,NULL,44.0000,9,2,NULL,'2024-08-18 10:55:38','2024-08-18 10:55:38',1,'',92.4,1,78.4,'',NULL,2800.00,1,0),(2913,'PCJ700976','បណ្តោងដាំស្នាយ',0.00,473.80,1,NULL,NULL,156.0000,9,2,NULL,'2024-08-18 10:55:38','2024-08-18 10:55:38',1,'',196,1,168,'',NULL,2800.00,1,0),(2914,'PCJ700977','បណ្តោងដាំស្នាយ',0.00,338.80,1,NULL,NULL,88.0000,9,2,NULL,'2024-08-18 10:55:38','2024-08-18 10:55:38',1,'',182,1,168,'',NULL,2800.00,1,0),(2915,'PCJ700978','បណ្តោងដាំស្នាយ',0.00,229.00,1,NULL,NULL,60.0000,9,2,NULL,'2024-08-18 10:55:38','2024-08-18 10:55:38',1,'',126,1,112,'',NULL,2800.00,1,0),(2916,'PCJ700979','បណ្តោងដាំស្នាយ',0.00,190.00,1,NULL,NULL,48.0000,9,2,NULL,'2024-08-18 10:55:38','2024-08-18 10:55:38',1,'',112,1,98,'',NULL,2800.00,1,0),(2917,'PCJ700980','បណ្តោងដាំស្នាយ',0.00,190.00,1,NULL,NULL,48.0000,9,2,NULL,'2024-08-18 10:55:38','2024-08-18 10:55:38',1,'',112,1,98,'',NULL,2800.00,1,0),(2918,'PCJ700981','បណ្តោងដាំស្នាយ',0.00,274.00,1,NULL,NULL,76.0000,9,2,NULL,'2024-08-18 10:55:38','2024-08-18 10:55:38',1,'',140,1,126,'',NULL,2800.00,1,0),(2919,'PCJ700982','ក្រវិលកាវដាំស្នាយ',0.00,394.80,1,NULL,NULL,130.0000,9,2,NULL,'2024-08-18 10:55:38','2024-08-18 10:55:38',1,'',154,1,140,'',NULL,2800.00,1,0),(2920,'PCJ700983','ក្រវិលកាវដាំស្នាយ',0.00,201.00,1,NULL,NULL,61.0000,9,2,NULL,'2024-08-18 10:55:38','2024-08-18 10:55:38',1,'',98,1,84,'',NULL,2800.00,1,0),(2921,'PCJ700984','ក្រវិលកាវដាំស្នាយ',0.00,453.20,1,NULL,NULL,160.0000,9,2,NULL,'2024-08-18 10:55:38','2024-08-18 10:55:38',1,'',154,1,140,'',NULL,2800.00,1,0),(2922,'PCJ700985','ក្រវិលកាវដាំស្នាយ',0.00,439.00,1,NULL,NULL,154.0000,9,2,NULL,'2024-08-18 10:55:38','2024-08-18 10:55:38',1,'',154,1,140,'',NULL,2800.00,1,0),(2923,'PCJ700986','ក្រវិលចង្ហាល់ស្នាយ',0.00,557.00,1,NULL,NULL,185.0000,9,2,NULL,'2024-08-18 10:55:38','2024-08-18 10:55:38',1,'',224,1,196,'',NULL,2800.00,1,0),(2924,'PCJ700987','ក្រវិលកាវដាំស្នាយ',0.00,277.00,1,NULL,NULL,71.0000,9,2,NULL,'2024-08-18 10:55:38','2024-08-18 10:55:38',1,'',154,1,140,'',NULL,2800.00,1,0),(2925,'PCJ700988','ក្រវិលកាវដាំស្នាយ',0.00,352.80,1,NULL,NULL,123.0000,9,2,NULL,'2024-08-18 10:55:38','2024-08-18 10:55:38',1,'',126,1,112,'',NULL,2800.00,1,0),(2926,'PCJ700989','ក្រវិលកាវដាំស្នាយ',0.00,548.80,1,NULL,NULL,172.0000,9,2,NULL,'2024-08-18 10:55:38','2024-08-18 10:55:38',1,'',235.2,1,210,'',NULL,2800.00,1,0),(2927,'PCJ700990','ក្រវិលកាវដាំស្នាយ',0.00,327.00,1,NULL,NULL,113.0000,9,2,NULL,'2024-08-18 10:55:38','2024-08-18 10:55:38',1,'',120.4,1,106.4,'',NULL,2800.00,1,0),(2928,'PCJ700991','ក្រវិលកាវដាំស្នាយ',0.00,380.00,1,NULL,NULL,124.0000,9,2,NULL,'2024-08-18 10:55:38','2024-08-18 10:55:38',1,'',154,1,140,'',NULL,2800.00,1,0),(2929,'PCJ700992','ក្រវិលកាវដាំស្នាយ',0.00,386.00,1,NULL,NULL,127.0000,9,2,NULL,'2024-08-18 10:55:38','2024-08-18 10:55:38',1,'',154,1,140,'',NULL,2800.00,1,0),(2930,'PCJ700993','ក្រវិលកាវដាំស្នាយ',0.00,414.00,1,NULL,NULL,141.0000,9,2,NULL,'2024-08-18 10:55:38','2024-08-18 10:55:38',1,'',154,1,140,'',NULL,2800.00,1,0),(2931,'PCJ700994','ក្រវិលកាវដាំស្នាយ',0.00,509.00,1,NULL,NULL,161.0000,9,2,NULL,'2024-08-18 10:55:38','2024-08-18 10:55:38',1,'',224,1,196,'',NULL,2800.00,1,0),(2932,'PCJ700995','ក្រវិលដាំស្នាយ',0.00,560.00,1,NULL,NULL,187.0000,9,2,NULL,'2024-08-18 10:55:38','2024-08-18 10:55:38',1,'',224,1,196,'',NULL,2800.00,1,0),(2933,'PCJ700996','ក្រវិលដាំស្នាយ',0.00,299.40,1,NULL,NULL,97.0000,9,2,NULL,'2024-08-18 10:55:38','2024-08-18 10:55:38',1,'',126,1,112,'',NULL,2800.00,1,0),(2934,'PCJ700997','ក្រវិលដាំស្នាយ',0.00,406.00,1,NULL,NULL,122.0000,9,2,NULL,'2024-08-18 10:55:38','2024-08-18 10:55:38',1,'',182,1,168,'',NULL,2800.00,1,0),(2935,'PCJ700998','ក្រវិលដាំស្នាយ',0.00,425.00,1,NULL,NULL,146.0000,9,2,NULL,'2024-08-18 10:55:38','2024-08-18 10:55:38',1,'',154,1,140,'',NULL,2800.00,1,0),(2936,'PCJ700999','ចិញ្ចៀនតាំងកូស្នាយ',0.00,1036.00,1,NULL,NULL,343.0000,9,2,NULL,'2024-08-18 10:55:38','2024-08-18 10:55:38',1,'',392,1,364,'',NULL,2800.00,1,0),(2937,'PCJ701000','ចិញ្ចៀនដាំស្នាយ',0.00,478.00,1,NULL,NULL,152.0000,9,2,NULL,'2024-08-18 10:55:38','2024-08-18 10:55:38',1,'',203,1,182,'',NULL,2800.00,1,0),(2938,'PCJ701001','ចិញ្ចៀនដាំស្នាយ',0.00,576.00,1,NULL,NULL,202.0000,9,2,NULL,'2024-08-18 10:55:38','2024-08-18 10:55:38',1,'',207.2,1,182,'',NULL,2800.00,1,0),(2939,'PCJ701002','ចិញ្ចៀនដាំស្នាយ',0.00,394.80,1,NULL,NULL,141.0000,9,2,NULL,'2024-08-18 10:55:38','2024-08-18 10:55:38',1,'',134.4,1,120.4,'',NULL,2800.00,1,0),(2940,'PCJ701003','ចិញ្ចៀនដាំស្នាយ+ត្បូងបណ៍ទឹកសមុទ្រ',0.00,599.00,1,NULL,NULL,164.0000,9,2,NULL,'2024-08-18 10:55:38','2024-08-18 10:55:38',1,'',308,1,280,'',NULL,2800.00,1,0),(2941,'PCJ701004','បណ្តោងត្បូងស្នាយ',0.00,571.00,1,NULL,NULL,220.0000,9,2,NULL,'2024-08-18 10:55:38','2024-08-18 10:55:38',1,'',154,1,140,'',NULL,2800.00,1,0),(2942,'PCJ701005','បណ្តោងត្បូងស្នាយ',0.00,677.00,1,NULL,NULL,247.0000,9,2,NULL,'2024-08-18 10:55:38','2024-08-18 10:55:38',1,'',224,1,196,'',NULL,2800.00,1,0),(2943,'PCJ701006','បណ្តោងត្បូងស្នាយ',0.00,162.00,1,NULL,NULL,40.0000,9,2,NULL,'2024-08-18 10:55:38','2024-08-18 10:55:38',1,'',98,1,84,'',NULL,2800.00,1,0),(2944,'PCJ701007','បណ្តោងត្បូងស្នាយ+ត្បុងខៀវ',0.00,240.00,1,NULL,NULL,66.0000,9,2,NULL,'2024-08-18 10:55:38','2024-08-18 10:55:38',1,'',126,1,112,'',NULL,2800.00,1,0),(2945,'PCJ701008','ខ្សែដែស្នាយ',0.00,1380.00,1,NULL,NULL,548.0000,9,2,NULL,'2024-08-18 10:55:38','2024-08-18 10:55:38',1,'',336,1,308,'',NULL,2800.00,1,0),(2946,'PCJ701009','ក្រវិលកាវដាំស្នាយ',0.00,481.40,1,NULL,NULL,175.0000,9,2,NULL,'2024-08-18 10:55:38','2024-08-18 10:55:38',1,'',154,1,140,'',NULL,2800.00,1,0),(2947,'PCJ701010','ក្រវិលរុំយោលស្នាយ',0.00,400.00,1,NULL,NULL,133.0000,9,2,NULL,'2024-08-18 10:55:38','2024-08-18 10:55:38',1,'',154,1,140,'',NULL,2800.00,1,0),(2948,'PCJ701011','ចិញ្ចៀនស្រីដាំស្នាយ+ត្បូងទឹកក្រូច',0.00,532.00,1,NULL,NULL,143.0000,9,2,NULL,'2024-08-18 10:55:38','2024-08-18 10:55:38',1,'',280,1,252,'',NULL,2800.00,1,0),(2949,'PCJ701012','ខ្សែកស្វ៊រ៉េដាំស្នាយ',0.00,4228.00,1,NULL,NULL,1729.0000,9,2,NULL,'2024-08-18 10:55:38','2024-08-18 10:55:38',1,'',882,1,840,'',NULL,2800.00,1,0),(2950,'PCJ701013','ខ្សែកកាត់តាឡុកស្នាយ',0.00,2503.00,1,NULL,NULL,849.0000,9,2,NULL,'2024-08-18 10:55:38','2024-08-18 10:55:38',1,'',882,1,840,'',NULL,2800.00,1,0),(2951,'PCJ701014','ខ្សែកកាត់តាឡុកស្នាយ',0.00,3094.00,1,NULL,NULL,1093.0000,9,2,NULL,'2024-08-18 10:55:38','2024-08-18 10:55:38',1,'',994,1,952,'',NULL,2800.00,1,0),(2952,'PCJ701015','ចិញ្ចៀនតាំងកូស្នាយ',0.00,540.00,1,NULL,NULL,191.0000,9,2,NULL,'2024-08-18 10:55:38','2024-08-18 10:55:38',1,'',196,1,168,'',NULL,2800.00,1,0),(2953,'PCJ701016','ចិញ្ចៀនកញ្ចាំដាំស្នាយ',0.00,686.00,1,NULL,NULL,236.0000,9,2,NULL,'2024-08-18 10:55:38','2024-08-18 10:55:38',1,'',252,1,224,'',NULL,2800.00,1,0),(2954,'PCJ701017','ចិញ្ចៀនតាំងកូស្នាយ',0.00,498.00,1,NULL,NULL,190.0000,9,2,NULL,'2024-08-18 10:55:38','2024-08-18 10:55:38',1,'',140,1,126,'',NULL,2800.00,1,0),(2955,'PCJ701018','ចិញ្ចៀនដាំស្នាយ',0.00,459.00,1,NULL,NULL,170.0000,9,2,NULL,'2024-08-18 10:55:38','2024-08-18 10:55:38',1,'',147,1,126,'',NULL,2800.00,1,0),(2956,'PCJ701019','ចិញ្ចៀនដាំស្នាយ',0.00,632.00,1,NULL,NULL,180.0000,9,2,NULL,'2024-08-18 10:55:38','2024-08-18 10:55:38',1,'',308,1,280,'',NULL,2800.00,1,0),(2957,'PCJ701020','បណ្តោងដាំស្នាយ',0.00,299.00,1,NULL,NULL,96.0000,9,2,NULL,'2024-08-18 10:55:38','2024-08-18 10:55:38',1,'',126,1,112,'',NULL,2800.00,1,0),(2958,'PCJ701021','ចិញ្ចៀនដាំស្នាយ',0.00,448.00,1,NULL,NULL,151.0000,9,2,NULL,'2024-08-18 10:55:38','2024-08-18 10:55:38',1,'',168,1,154,'',NULL,2800.00,1,0),(2959,'PCJ701022','ក្រវិលកងដាំស្នាយ',0.00,702.00,1,NULL,NULL,259.0000,9,2,NULL,'2024-08-18 10:55:39','2024-08-18 10:55:39',1,'',224,1,196,'',NULL,2800.00,1,0),(2960,'PCJ701023','ចិញ្ចៀនដាំស្នាយ',0.00,476.00,1,NULL,NULL,179.0000,9,2,NULL,'2024-08-18 10:55:39','2024-08-18 10:55:39',1,'',147,1,126,'',NULL,2800.00,1,0),(2961,'PCJ701024','ចិញ្ចៀនតាំងកូស្នាយ',0.00,1159.00,1,NULL,NULL,378.0000,9,2,NULL,'2024-08-18 10:55:39','2024-08-18 10:55:39',1,'',462,1,420,'',NULL,2800.00,1,0),(2962,'PCJ701025','ចិញ្ចៀនដាំស្នាយ',0.00,319.00,1,NULL,NULL,106.0000,9,2,NULL,'2024-08-18 10:55:39','2024-08-18 10:55:39',1,'',133,1,112,'',NULL,2800.00,1,0),(2963,'PCJ701026','ចិញ្ចៀនតាំងកូស្នាយ',0.00,1080.00,1,NULL,NULL,380.0000,9,2,NULL,'2024-08-18 10:55:39','2024-08-18 10:55:39',1,'',364,1,336,'',NULL,2800.00,1,0),(2964,'PCJ701027','ខ្សែកស្វ៊រ៉េដាំស្នាយ',0.00,1904.00,1,NULL,NULL,729.0000,9,2,NULL,'2024-08-18 10:55:39','2024-08-18 10:55:39',1,'',504,1,476,'',NULL,2800.00,1,0),(2965,'PCJ701028','បណ្តោងដាំស្នាយ',0.00,576.80,1,NULL,NULL,181.0000,9,2,NULL,'2024-08-18 10:55:39','2024-08-18 10:55:39',1,'',252,1,224,'',NULL,2800.00,1,0),(2966,'PCJ701029','បណ្តោងដាំស្នាយ',0.00,313.60,1,NULL,NULL,103.0000,9,2,NULL,'2024-08-18 10:55:39','2024-08-18 10:55:39',1,'',126,1,112,'',NULL,2800.00,1,0),(2967,'PCJ701030','បណ្តោងរូបព្រះម៉ែដាំស្នាយ',0.00,957.00,1,NULL,NULL,308.0000,9,2,NULL,'2024-08-18 10:55:39','2024-08-18 10:55:39',1,'',406,1,364,'',NULL,2800.00,1,0),(2968,'PCJ701031','ក្រវិលកាវដាមស្នាយ',0.00,411.60,1,NULL,NULL,139.0000,9,2,NULL,'2024-08-18 10:55:39','2024-08-18 10:55:39',1,'',161,1,140,'',NULL,2800.00,1,0),(2969,'PCJ701032','បណ្តោងដាំស្នាយ',0.00,210.00,1,NULL,NULL,58.0000,9,2,NULL,'2024-08-18 10:55:39','2024-08-18 10:55:39',1,'',112,1,98,'',NULL,2800.00,1,0),(2970,'PCJ701033','ក្រវិលកាវបេះដូងដាំស្នាយ',0.00,439.00,1,NULL,NULL,153.0000,9,2,NULL,'2024-08-18 10:55:39','2024-08-18 10:55:39',1,'',161,1,140,'',NULL,2800.00,1,0),(2971,'PCJ701034','ខ្សែកស្វ៊រ៉េដាំស្នាយ',0.00,2374.00,1,NULL,NULL,998.0000,9,2,NULL,'2024-08-18 10:55:39','2024-08-18 10:55:39',1,'',448,1,420,'',NULL,2800.00,1,0),(2972,'PCJ701035','ក្រវិលលោមស្នាយ',0.00,851.00,1,NULL,NULL,264.0000,9,2,NULL,'2024-08-18 10:55:39','2024-08-18 10:55:39',1,'',364,1,336,'',NULL,2800.00,1,0),(2973,'PCJ701036','ក្រវិលកាវដាំស្នាយ',0.00,313.00,1,NULL,NULL,103.0000,9,2,NULL,'2024-08-18 10:55:39','2024-08-18 10:55:39',1,'',126,1,112,'',NULL,2800.00,1,0),(2974,'PCJ701037','ខ្សែកអង្កាំច្រវ៉ាក់',0.00,666.00,1,NULL,NULL,298.0000,9,2,NULL,'2024-08-18 10:55:39','2024-08-18 10:55:39',1,'',98,1,84,'',NULL,2800.00,1,0),(2975,'PCJ701038','ចិញ្ចៀនត្បូងគ្រប់ពណ៍',0.00,305.00,1,NULL,NULL,114.0000,9,2,NULL,'2024-08-18 10:55:39','2024-08-18 10:55:39',1,'',98,1,84,'',NULL,2800.00,1,0),(2976,'PCJ701039','ក្រវិលកាវដាំស្នាយ',0.00,313.00,1,NULL,NULL,103.0000,9,2,NULL,'2024-08-18 10:55:39','2024-08-18 10:55:39',1,'',126,1,112,'',NULL,2800.00,1,0),(2977,'PCJ701040','ក្រវិលកាវដាំស្នាយ',0.00,383.00,1,NULL,NULL,125.0000,9,2,NULL,'2024-08-18 10:55:39','2024-08-18 10:55:39',1,'',154,1,140,'',NULL,2800.00,1,0),(2978,'PCJ701041','ក្រវិលកាវដាំស្នាយ',0.00,218.00,1,NULL,NULL,67.0000,9,2,NULL,'2024-08-18 10:55:39','2024-08-18 10:55:39',1,'',103.6,1,89.6,'',NULL,2800.00,1,0),(2979,'PCJ701042','ខ្សែដៃអង្កាំ',0.00,252.00,1,NULL,NULL,100.0000,9,2,NULL,'2024-08-18 10:55:39','2024-08-18 10:55:39',1,'',70,1,56,'',NULL,2800.00,1,0),(2980,'PCJ701043','ចិញ្ចៀនត្បូងដាំស្នាយពណ៍ទឹកក្រូច',0.00,562.80,1,NULL,NULL,173.0000,9,2,NULL,'2024-08-18 10:55:39','2024-08-18 10:55:39',1,'',238,1,224,'',NULL,2800.00,1,0),(2981,'PCJ701044','ក្រវិលដាំស្នាយ',0.00,266.00,1,NULL,NULL,86.0000,9,2,NULL,'2024-08-18 10:55:39','2024-08-18 10:55:39',1,'',112,1,98,'',NULL,2800.00,1,0),(2982,'PCJ701045','ក្រវិលដាំស្នាយ',0.00,294.00,1,NULL,NULL,94.0000,9,2,NULL,'2024-08-18 10:55:39','2024-08-18 10:55:39',1,'',126,1,112,'',NULL,2800.00,1,0),(2983,'PCJ701046','ក្រវិលកាវដាំស្នាយ',0.00,294.00,1,NULL,NULL,79.0000,9,2,NULL,'2024-08-18 10:55:39','2024-08-18 10:55:39',1,'',154,1,140,'',NULL,2800.00,1,0),(2984,'PCJ701047','ក្រវិលកាវដាំស្នាយ',0.00,294.00,1,NULL,NULL,100.0000,9,2,NULL,'2024-08-18 10:55:39','2024-08-18 10:55:39',1,'',112,1,98,'',NULL,2800.00,1,0),(2985,'PCJ701048','ក្រវិលកាវដាំស្នាយ',0.00,299.00,1,NULL,NULL,103.0000,9,2,NULL,'2024-08-18 10:55:39','2024-08-18 10:55:39',1,'',112,1,98,'',NULL,2800.00,1,0),(2986,'PCJ701049','ក្រវិលកាវដាំស្នាយ',0.00,280.00,1,NULL,NULL,86.0000,9,2,NULL,'2024-08-18 10:55:39','2024-08-18 10:55:39',1,'',126,1,112,'',NULL,2800.00,1,0),(2987,'PCJ701050','ក្រវិលដាំស្នាយ',0.00,366.00,1,NULL,NULL,117.0000,9,2,NULL,'2024-08-18 10:55:39','2024-08-18 10:55:39',1,'',154,1,140,'',NULL,2800.00,1,0),(2988,'PCJ701051','ក្រវិលកញ្ចុំស្នាយ',0.00,263.00,1,NULL,NULL,78.0000,9,2,NULL,'2024-08-18 10:55:39','2024-08-18 10:55:39',1,'',126,1,112,'',NULL,2800.00,1,0),(2989,'PCJ701052','ក្រវិលដាំស្នាយ',0.00,386.00,1,NULL,NULL,126.0000,9,2,NULL,'2024-08-18 10:55:39','2024-08-18 10:55:39',1,'',154,1,140,'',NULL,2800.00,1,0),(2990,'PCJ701053','ក្រវិលដាំស្នាយ',0.00,282.00,1,NULL,NULL,88.0000,9,2,NULL,'2024-08-18 10:55:39','2024-08-18 10:55:39',1,'',126,1,112,'',NULL,2800.00,1,0),(2991,'PCJ701054','ក្រវិលកាវផ្គុំដាំស្នាយ',0.00,322.00,1,NULL,NULL,100.0000,9,2,NULL,'2024-08-18 10:55:39','2024-08-18 10:55:39',1,'',140,1,126,'',NULL,2800.00,1,0),(2992,'PCJ701055','ក្រវិលកាវកួចស្នាយ',0.00,448.00,1,NULL,NULL,165.0000,9,2,NULL,'2024-08-18 10:55:39','2024-08-18 10:55:39',1,'',140,1,126,'',NULL,2800.00,1,0),(2993,'PCJ701056','ក្រវិលកងវ៉ែនដាំស្នាយ',0.00,249.00,1,NULL,NULL,70.0000,9,2,NULL,'2024-08-18 10:55:39','2024-08-18 10:55:39',1,'',126,1,112,'',NULL,2800.00,1,0),(2994,'PCJ701057','ក្រវិលកងវ៉ែនដាំស្នាយ',0.00,280.00,1,NULL,NULL,93.0000,9,2,NULL,'2024-08-18 10:55:39','2024-08-18 10:55:39',1,'',112,1,98,'',NULL,2800.00,1,0),(2995,'PCJ701058','ក្រវិលកងដាំស្នាយ',0.00,249.00,1,NULL,NULL,78.0000,9,2,NULL,'2024-08-18 10:55:39','2024-08-18 10:55:39',1,'',112,1,98,'',NULL,2800.00,1,0),(2996,'PCJ701059','ក្រវិលកាវដាំស្នាយ',0.00,414.00,1,NULL,NULL,140.0000,9,2,NULL,'2024-08-18 10:55:39','2024-08-18 10:55:39',1,'',154,1,140,'',NULL,2800.00,1,0),(2997,'PCJ701060','ចិញ្ចៀនត្បូង១ដាំស្នាយ',0.00,380.00,1,NULL,NULL,123.0000,9,2,NULL,'2024-08-18 10:55:39','2024-08-18 10:55:39',1,'',154,1,140,'',NULL,2800.00,1,0),(2998,'PCJ701061','បន្តោងស្នាយ',0.00,182.00,1,NULL,NULL,51.0000,9,2,NULL,'2024-08-18 10:55:39','2024-08-18 10:55:39',1,'',98,1,84,'',NULL,2800.00,1,0),(2999,'PCJ701062','ចិញ្ចៀនត្បូង១ដាំស្នាយ',0.00,263.00,1,NULL,NULL,71.0000,9,2,NULL,'2024-08-18 10:55:39','2024-08-18 10:55:39',1,'',140,1,126,'',NULL,2800.00,1,0),(3000,'PCJ701063','ចិញ្ចៀនត្បូង១ដាំស្នាយ',0.00,226.00,1,NULL,NULL,52.0000,9,2,NULL,'2024-08-18 10:55:39','2024-08-18 10:55:39',1,'',140,1,126,'',NULL,2800.00,1,0),(3001,'PCJ701064','បន្តោងត្បូងបេះដូងដាំស្នាយ',0.00,294.00,1,NULL,NULL,93.0000,9,2,NULL,'2024-08-18 10:55:39','2024-08-18 10:55:39',1,'',126,1,112,'',NULL,2800.00,1,0),(3002,'PCJ701065','ចិញ្ចៀនក្បាច់',0.00,246.00,1,NULL,NULL,91.0000,9,2,NULL,'2024-08-18 10:55:39','2024-08-18 10:55:39',1,'',84,1,70,'',NULL,2800.00,1,0),(3003,'PCJ701066','ចិញ្ចៀនជ្រុងដាំស្នាយ',0.00,400.00,1,NULL,NULL,141.0000,9,2,NULL,'2024-08-18 10:55:39','2024-08-18 10:55:39',1,'',140,1,126,'',NULL,2800.00,1,0),(3004,'PCJ701067','ចិញ្ចៀនស្រីដាំស្នាយ',0.00,674.00,1,NULL,NULL,230.0000,9,2,NULL,'2024-08-18 10:55:39','2024-08-18 10:55:39',1,'',245,1,224,'',NULL,2800.00,1,0),(3005,'PCJ750001','ចិញ្ចៀន',0.00,195.50,1,NULL,NULL,67.0000,15,2,NULL,'2024-08-18 10:55:39','2024-08-18 10:55:39',1,'',77.94,1,64.95,'',NULL,2598.00,223,0),(3006,'PCJ750002','ចិញ្ចៀន',0.00,191.50,1,NULL,NULL,65.0000,15,2,NULL,'2024-08-18 10:55:40','2024-08-18 10:55:40',1,'',77.94,1,64.95,'',NULL,2598.00,224,0),(3007,'PCJ750003','ខ្សែកថ្នាំអំពៅ',0.00,1971.00,1,NULL,NULL,933.0000,15,2,NULL,'2024-08-18 10:55:40','2024-08-18 10:55:40',1,'',181.86,1,155.88,'',NULL,2598.00,8,0),(3008,'PCJ750004','ខ្សែដៃLV',0.00,278.00,1,NULL,NULL,103.0000,15,2,NULL,'2024-08-18 10:55:40','2024-08-18 10:55:40',1,'',90.93,1,77.94,'',NULL,2598.00,8,0),(3009,'PCJ750005','បន្តោងខែ្សកVersace',0.00,995.00,1,NULL,NULL,458.0000,15,2,NULL,'2024-08-18 10:55:40','2024-08-18 10:55:40',1,'',116.91,1,103.92,'',NULL,2598.00,8,0),(3010,'PCJ750006','ខ្សែដៃប្រុសផ្លាក់៣កង់',0.00,3777.00,1,NULL,NULL,1819.0000,15,2,NULL,'2024-08-18 10:55:40','2024-08-18 10:55:40',1,'',272.79,1,233.82,'',NULL,2598.00,8,0),(3011,'PCJ750007','ខ្សែក',0.00,594.00,1,NULL,NULL,265.0000,15,2,NULL,'2024-08-18 10:55:40','2024-08-18 10:55:40',1,'',90.93,1,77.94,'',NULL,2598.00,225,0),(3012,'PCJ750008','ខ្សែក',0.00,582.00,1,NULL,NULL,260.0000,15,2,NULL,'2024-08-18 10:55:40','2024-08-18 10:55:40',1,'',90.93,1,77.94,'',NULL,2598.00,226,0),(3013,'PCJ750009','ខ្សែក',0.00,867.00,1,NULL,NULL,393.0000,15,2,NULL,'2024-08-18 10:55:40','2024-08-18 10:55:40',1,'',116.91,1,103.92,'',NULL,2598.00,8,0),(3014,'PCJ750010','បន្តោងខ្សែករូបតាកំប៉ោង',0.00,475.00,1,NULL,NULL,204.0000,15,2,NULL,'2024-08-18 10:55:40','2024-08-18 10:55:40',1,'',90.93,1,77.94,'',NULL,2598.00,8,0),(3015,'PCJ750011','បន្តោងខ្សែករូបយុថ្កា',0.00,363.00,1,NULL,NULL,147.0000,15,2,NULL,'2024-08-18 10:55:40','2024-08-18 10:55:40',1,'',90.93,1,77.94,'',NULL,2598.00,8,0),(3016,'PCJ750012','កងដៃ',0.00,1608.00,1,NULL,NULL,732.0000,15,2,NULL,'2024-08-18 10:55:40','2024-08-18 10:55:40',1,'',207.84,1,181.86,'',NULL,2598.00,8,0),(3017,'PCJ750013','ខ្សែដៃ',0.00,660.00,1,NULL,NULL,263.5000,15,2,NULL,'2024-08-18 10:55:40','2024-08-18 10:55:40',1,'',125.01,1,111.12,'',NULL,2778.00,227,0),(3018,'PCJ750014','ខ្សែដៃ',0.00,665.00,1,NULL,NULL,266.5000,15,2,NULL,'2024-08-18 10:55:40','2024-08-18 10:55:40',1,'',125.01,1,111.12,'',NULL,2778.00,228,0),(3019,'PCJ750015','ខ្សែដៃ',0.00,2094.00,1,NULL,NULL,912.0000,15,2,NULL,'2024-08-18 10:55:40','2024-08-18 10:55:40',1,'',222.24,1,194.46,'',NULL,2778.00,8,0),(3020,'PCJ750016','ខ្សែដៃបន្ទះ75%',0.00,3556.00,1,NULL,NULL,1561.0000,15,2,NULL,'2024-08-18 10:55:40','2024-08-18 10:55:40',1,'',358.41,1,330.84,'',NULL,2757.00,8,0),(3021,'PCJ750017','ក្រវិលផ្ការំដួល',0.00,270.00,1,NULL,NULL,98.0000,15,2,NULL,'2024-08-18 10:55:40','2024-08-18 10:55:40',1,'',82.71,1,68.925,'',NULL,2757.00,229,0),(3022,'PCJ750018','ក្រវិលផ្ការំដួល',0.00,275.00,1,NULL,NULL,100.0000,15,2,NULL,'2024-08-18 10:55:40','2024-08-18 10:55:40',1,'',82.71,1,68.925,'',NULL,2757.00,230,0),(3023,'PCJ750019','បណ្តោងផ្ការំដួល១ ',0.00,138.00,1,NULL,NULL,33.0000,15,2,NULL,'2024-08-18 10:55:40','2024-08-18 10:55:40',1,'',82.71,1,68.925,'',NULL,2757.00,231,0),(3024,'PCJ750020','ខ្សែក',0.00,2605.00,1,NULL,NULL,1141.0000,15,2,NULL,'2024-08-18 10:55:40','2024-08-18 10:55:40',1,'',289.485,1,248.13,'',NULL,2757.00,8,0),(3025,'PCJ750021','ខ្សែដៃរូបអង្គរ',0.00,1022.00,1,NULL,NULL,441.3333,15,2,NULL,'2024-08-18 10:55:40','2024-08-18 10:55:40',1,'',124.065,1,110.28,'',NULL,2757.00,8,0),(3026,'PCJ750022','ក្រវិល',0.00,153.00,1,NULL,NULL,47.5000,15,2,NULL,'2024-08-18 10:55:40','2024-08-18 10:55:40',1,'',68.925,1,55.14,'',NULL,2757.00,232,0),(3027,'PCJ750023','ក្រវិល',0.00,155.00,1,NULL,NULL,49.5000,15,2,NULL,'2024-08-18 10:55:40','2024-08-18 10:55:40',1,'',68.925,1,55.14,'',NULL,2757.00,233,0),(3028,'PCJ750024','ខ្សែដៃផ្លាកទីន',0.00,647.00,1,NULL,NULL,260.0000,15,2,NULL,'2024-08-18 10:55:40','2024-08-18 10:55:40',1,'',124.065,1,110.28,'',NULL,2757.00,8,0),(3029,'PCJ750025','ចិញ្ចៀន',0.00,116.00,1,NULL,NULL,36.0000,15,2,NULL,'2024-08-18 10:55:40','2024-08-18 10:55:40',1,'',55.56,1,41.67,'',NULL,2778.00,234,0),(3030,'PCJ750026','ចិញ្ចៀន',0.00,120.00,1,NULL,NULL,38.0000,15,2,NULL,'2024-08-18 10:55:40','2024-08-18 10:55:40',1,'',55.56,1,41.67,'',NULL,2778.00,235,0),(3031,'PCJ750027','ខ្សែក',0.00,1924.00,1,NULL,NULL,859.0000,15,2,NULL,'2024-08-18 10:55:40','2024-08-18 10:55:40',1,'',152.515,1,138.65,'',NULL,2773.00,8,0),(3032,'PCJ750028','ខ្សែក',0.00,1960.00,1,NULL,NULL,863.0000,15,2,NULL,'2024-08-18 10:55:40','2024-08-18 10:55:40',1,'',194.11,1,166.38,'',NULL,2773.00,8,0),(3033,'PCJ500028','ខ្សែដៃLV',0.00,192.00,1,NULL,NULL,88.0000,10,2,NULL,'2024-08-18 10:55:40','2024-08-18 10:55:40',1,'',90.93,1,77.94,'',NULL,2598.00,8,0),(3034,'PCJ500029','ខ្សែក',0.00,504.00,1,NULL,NULL,288.0000,10,2,NULL,'2024-08-18 10:55:40','2024-08-18 10:55:40',1,'',155.88,1,129.9,'',NULL,2598.00,8,0),(3035,'PCJ500030','ខ្សែដៃ',0.00,241.00,1,NULL,NULL,126.0000,10,2,NULL,'2024-08-18 10:55:40','2024-08-18 10:55:40',1,'',90.93,1,77.94,'',NULL,2598.00,8,0),(3036,'PCJ500154','កងដៃ',0.00,372.00,1,NULL,NULL,189.0000,10,2,NULL,'2024-08-18 10:55:40','2024-08-18 10:55:40',1,'',125.01,1,111.12,'',NULL,2778.00,8,0),(3037,'PCJ500174','កងដៃ',0.00,694.00,1,NULL,NULL,384.0000,10,2,NULL,'2024-08-18 10:55:40','2024-08-18 10:55:40',1,'',192.99,1,165.42,'',NULL,2757.00,8,0),(3038,'PCJ500175','កងដៃ',0.00,738.00,1,NULL,NULL,417.0000,10,2,NULL,'2024-08-18 10:55:40','2024-08-18 10:55:40',1,'',192.99,1,165.42,'',NULL,2757.00,8,0),(3039,'PCJ500176','កងដៃ',0.00,813.00,1,NULL,NULL,471.0000,10,2,NULL,'2024-08-18 10:55:40','2024-08-18 10:55:40',1,'',192.99,1,165.42,'',NULL,2757.00,8,0),(3040,'PCJ500177','កងដៃដែកគោល',0.00,675.00,1,NULL,NULL,370.0000,10,2,NULL,'2024-08-18 10:55:40','2024-08-18 10:55:40',1,'',192.99,1,165.42,'',NULL,2757.00,8,0),(3041,'PCJ500178','កងដៃផ្លាកទីន ',0.00,744.00,1,NULL,NULL,420.0000,10,2,NULL,'2024-08-18 10:55:40','2024-08-18 10:55:40',1,'',192.99,1,165.42,'',NULL,2757.00,236,0),(3042,'PCJ500179','កងដៃផ្លាកទីន ',0.00,868.00,1,NULL,NULL,511.0000,10,2,NULL,'2024-08-18 10:55:40','2024-08-18 10:55:40',1,'',192.99,1,165.42,'',NULL,2757.00,237,0),(3043,'PCJ500180','ខ្សែកផ្លាកទីន',0.00,3451.00,1,NULL,NULL,1905.0000,10,2,NULL,'2024-08-18 10:55:40','2024-08-18 10:55:40',1,'',896.025,1,827.1,'',NULL,2757.00,8,0),(3044,'PCJ500181','បណ្តោង',0.00,99.00,1,NULL,NULL,42.0000,10,2,NULL,'2024-08-18 10:55:40','2024-08-18 10:55:40',1,'',41.355,1,41.355,'',NULL,2757.00,238,0),(3045,'PCJ500182','បណ្តោង',0.00,96.51,1,NULL,NULL,40.0000,10,2,NULL,'2024-08-18 10:55:40','2024-08-18 10:55:40',1,'',41.355,1,41.355,'',NULL,2757.00,239,0),(3046,'PCJ500183','បណ្តោង',0.00,106.14,1,NULL,NULL,47.0000,10,2,NULL,'2024-08-18 10:55:40','2024-08-18 10:55:40',1,'',41.355,1,41.355,'',NULL,2757.00,240,0),(3047,'PCJ500184','បណ្តោង',0.00,102.01,1,NULL,NULL,44.0000,10,2,NULL,'2024-08-18 10:55:41','2024-08-18 10:55:41',1,'',41.355,1,41.355,'',NULL,2757.00,241,0),(3048,'PCJ500185','បណ្តោង',0.00,90.98,1,NULL,NULL,36.0000,10,2,NULL,'2024-08-18 10:55:41','2024-08-18 10:55:41',1,'',41.355,1,41.355,'',NULL,2757.00,242,0),(3049,'PCJ500186','បណ្តោង',0.00,92.36,1,NULL,NULL,37.0000,10,2,NULL,'2024-08-18 10:55:41','2024-08-18 10:55:41',1,'',41.355,1,41.355,'',NULL,2757.00,243,0),(3050,'PCJ500187','ក្រវិល',0.00,107.00,1,NULL,NULL,38.0000,10,2,NULL,'2024-08-18 10:55:41','2024-08-18 10:55:41',1,'',68.925,1,55.14,'',NULL,2757.00,8,0),(3051,'PCJ500188','ខ្សែកផ្លាកទីន',0.00,595.00,1,NULL,NULL,293.0000,10,2,NULL,'2024-08-18 10:55:41','2024-08-18 10:55:41',1,'',220.56,1,192.99,'',NULL,2757.00,8,0),(3052,'PCJ500189','កងផ្លាកទីន',0.00,1594.00,1,NULL,NULL,908.0000,10,2,NULL,'2024-08-18 10:55:41','2024-08-18 10:55:41',1,'',361.14,1,333.36,'',NULL,2778.00,8,0),(3053,'PCJ500190','ខ្សែដៃផ្លាកទីន',0.00,680.00,1,NULL,NULL,370.0000,10,2,NULL,'2024-08-18 10:55:41','2024-08-18 10:55:41',1,'',180.57,1,166.68,'',NULL,2778.00,8,0),(3054,'PCJ500191','ខ្សែដៃផ្លាកទីន',0.00,980.00,1,NULL,NULL,586.0000,10,2,NULL,'2024-08-18 10:55:41','2024-08-18 10:55:41',1,'',180.57,1,166.68,'',NULL,2778.00,8,0),(3055,'PCJ500192','ខ្សែកផ្លាកទីន',0.00,877.00,1,NULL,NULL,513.0000,10,2,NULL,'2024-08-18 10:55:41','2024-08-18 10:55:41',1,'',180.57,1,166.68,'',NULL,2778.00,8,0),(3056,'PCJ500193','ខ្សែដៃ',0.00,651.00,1,NULL,NULL,350.0000,10,2,NULL,'2024-08-18 10:55:41','2024-08-18 10:55:41',1,'',180.245,1,166.38,'',NULL,2773.00,8,0),(3057,'PCJ500194','កងដៃ',0.00,2429.00,1,NULL,NULL,1552.0000,10,2,NULL,'2024-08-18 10:55:41','2024-08-18 10:55:41',1,'',305.03,1,277.3,'',NULL,2773.00,8,0),(3058,'PCJ500195','កងដៃ',0.00,2345.00,1,NULL,NULL,1492.0000,10,2,NULL,'2024-08-18 10:55:41','2024-08-18 10:55:41',1,'',305.03,1,277.3,'',NULL,2773.00,8,0),(3059,'PCJ500196','ខ្សែដៃ',0.00,604.00,1,NULL,NULL,317.0000,10,2,NULL,'2024-08-18 10:55:41','2024-08-18 10:55:41',1,'',180.245,1,166.38,'',NULL,2773.00,8,0),(3060,'PCJ500197','ខ្សែជើង',0.00,277.00,1,NULL,NULL,140.0000,10,2,NULL,'2024-08-18 10:55:41','2024-08-18 10:55:41',1,'',97.055,1,83.19,'',NULL,2773.00,8,0),(3061,'PCJ500198','កងដៃ',0.00,1885.00,1,NULL,NULL,1180.0000,10,2,NULL,'2024-08-18 10:55:41','2024-08-18 10:55:41',1,'',277.3,1,249.57,'',NULL,2773.00,8,0),(3062,'PCJ500199','កងដៃ',0.00,1819.00,1,NULL,NULL,1132.0000,10,2,NULL,'2024-08-18 10:55:41','2024-08-18 10:55:41',1,'',277.3,1,249.57,'',NULL,2773.00,8,0),(3063,'PCJ500200','ខ្សែក',0.00,418.00,1,NULL,NULL,202.0000,10,2,NULL,'2024-08-18 10:55:41','2024-08-18 10:55:41',1,'',152.515,1,138.65,'',NULL,2773.00,8,0),(3064,'PCJ500201','ខ្សែក',0.00,421.00,1,NULL,NULL,204.0000,10,2,NULL,'2024-08-18 10:55:41','2024-08-18 10:55:41',1,'',152.515,1,138.65,'',NULL,2773.00,8,0),(3065,'PCJ500202','ចិញ្ចៀន',0.00,242.64,1,NULL,NULL,125.0000,10,2,NULL,'2024-08-18 10:55:41','2024-08-18 10:55:41',1,'',83.19,1,69.325,'',NULL,2773.00,244,0),(3066,'PCJ500203','ចិញ្ចៀន',0.00,314.56,1,NULL,NULL,177.0000,10,2,NULL,'2024-08-18 10:55:41','2024-08-18 10:55:41',1,'',83.19,1,69.325,'',NULL,2773.00,245,0),(3067,'PCJ500204','ចិញ្ចៀន',0.00,307.80,1,NULL,NULL,172.0000,10,2,NULL,'2024-08-18 10:55:41','2024-08-18 10:55:41',1,'',83.19,1,69.325,'',NULL,2773.00,246,0),(3068,'PCJ500205','ខ្សែក',0.00,418.00,1,NULL,NULL,203.0000,10,2,NULL,'2024-08-18 10:55:41','2024-08-18 10:55:41',1,'',152.515,1,138.65,'',NULL,2773.00,8,0),(3069,'PCJ500206','កងដៃ',0.00,1954.00,1,NULL,NULL,1171.0000,10,2,NULL,'2024-08-18 10:55:41','2024-08-18 10:55:41',1,'',289.6,1,260.64,'',NULL,2896.00,8,0),(3070,'PCJ300001','ខ្សែកច្រវ៉ាក់វែង',0.00,542.00,1,NULL,NULL,531.0000,11,2,NULL,'2024-08-18 10:55:41','2024-08-18 10:55:41',1,'',155.88,1,129.9,'',NULL,2598.00,8,0),(3071,'PCJ300002','បន្តោងខែ្សកVersace',0.00,361.00,1,NULL,NULL,335.0000,11,2,NULL,'2024-08-18 10:55:41','2024-08-18 10:55:41',1,'',116.91,1,103.92,'',NULL,2598.00,8,0),(3072,'PCJ300003','ខ្សែដៃប្រុស',0.00,1145.00,1,NULL,NULL,1204.0000,11,2,NULL,'2024-08-18 10:55:41','2024-08-18 10:55:41',1,'',233.82,1,207.84,'',NULL,2598.00,8,0),(3073,'PCJ300004','ខ្សែដៃLV',0.00,137.00,1,NULL,NULL,77.0000,11,2,NULL,'2024-08-18 10:55:41','2024-08-18 10:55:41',1,'',90.93,1,77.94,'',NULL,2598.00,8,0),(3074,'PCJ300005','ខ្សែកថ្នាំអំពៅ',0.00,683.00,1,NULL,NULL,713.0000,11,2,NULL,'2024-08-18 10:55:41','2024-08-18 10:55:41',1,'',142.89,1,129.9,'',NULL,2598.00,8,0),(3075,'PCJ300006','ខ្សែក',0.00,1615.00,1,NULL,NULL,1774.0000,11,2,NULL,'2024-08-18 10:55:41','2024-08-18 10:55:41',1,'',272.79,1,233.82,'',NULL,2598.00,8,0),(3076,'PCJ300007','ខ្សែជើង',0.00,189.00,1,NULL,NULL,143.0000,11,2,NULL,'2024-08-18 10:55:41','2024-08-18 10:55:41',1,'',90.93,1,77.94,'',NULL,2598.00,247,0),(3077,'PCJ300008','ខ្សែជើង',0.00,190.00,1,NULL,NULL,144.0000,11,2,NULL,'2024-08-18 10:55:41','2024-08-18 10:55:41',1,'',90.93,1,77.94,'',NULL,2598.00,248,0),(3078,'PCJ300009','កងដៃceline',0.00,741.00,1,NULL,NULL,666.0000,11,2,NULL,'2024-08-18 10:55:41','2024-08-18 10:55:41',1,'',220.56,1,192.99,'',NULL,2757.00,8,0),(3079,'PCJ300010','ចិញ្ចៀនផ្លាកទីន',0.00,250.00,1,NULL,NULL,205.0000,11,2,NULL,'2024-08-18 10:55:41','2024-08-18 10:55:41',1,'',96.495,1,82.71,'',NULL,2757.00,8,0),(3080,'PCJ300011','ចិញ្ចៀនផ្លាកទីន',0.00,153.00,1,NULL,NULL,102.0000,11,2,NULL,'2024-08-18 10:55:41','2024-08-18 10:55:41',1,'',82.71,1,68.925,'',NULL,2757.00,249,0),(3081,'PCJ300012','ចិញ្ចៀនផ្លាកទីន',0.00,164.00,1,NULL,NULL,115.0000,11,2,NULL,'2024-08-18 10:55:41','2024-08-18 10:55:41',1,'',82.71,1,68.925,'',NULL,2757.00,250,0),(3082,'PCJ300013','ក្រវិល',0.00,68.00,1,NULL,NULL,32.0000,11,2,NULL,'2024-08-18 10:55:41','2024-08-18 10:55:41',1,'',55.14,1,41.355,'',NULL,2757.00,8,0),(3083,'PCJ300014','ក្រវិល',0.00,236.00,1,NULL,NULL,184.0000,11,2,NULL,'2024-08-18 10:55:41','2024-08-18 10:55:41',1,'',97.23,1,83.34,'',NULL,2778.00,8,0),(3084,'PCJ300015','កងដៃបា្លកទីន',0.00,902.00,1,NULL,NULL,851.0000,11,2,NULL,'2024-08-18 10:55:41','2024-08-18 10:55:41',1,'',208.35,1,194.46,'',NULL,2778.00,8,0),(3085,'PCJ300016','កងដៃ',0.00,818.00,1,NULL,NULL,719.0000,11,2,NULL,'2024-08-18 10:55:41','2024-08-18 10:55:41',1,'',235.705,1,221.84,'',NULL,2773.00,8,0),(3086,'PCJ300017','កងដៃ',0.00,598.00,1,NULL,NULL,488.0000,11,2,NULL,'2024-08-18 10:55:41','2024-08-18 10:55:41',1,'',207.975,1,194.11,'',NULL,2773.00,8,0),(3087,'PCJ300018','កងដៃ',0.00,818.00,1,NULL,NULL,752.0000,11,2,NULL,'2024-08-18 10:55:41','2024-08-18 10:55:41',1,'',207.975,1,194.11,'',NULL,2773.00,8,0),(3088,'PCJ300019','កងដៃ',0.00,842.00,1,NULL,NULL,780.0000,11,2,NULL,'2024-08-18 10:55:41','2024-08-18 10:55:41',1,'',207.975,1,194.11,'',NULL,2773.00,8,0),(3089,'PCJ300020','ក្រវិល',0.00,48.00,1,NULL,NULL,19.0000,11,2,NULL,'2024-08-18 10:55:41','2024-08-18 10:55:41',1,'',47.141,1,33.276,'',NULL,2773.00,251,0),(3090,'PCJ300021','ក្រវិល',0.00,45.00,1,NULL,NULL,15.0000,11,2,NULL,'2024-08-18 10:55:41','2024-08-18 10:55:41',1,'',47.141,1,33.276,'',NULL,2773.00,252,0),(3091,'PCJ300022','ក្រវិល',0.00,56.00,1,NULL,NULL,27.0000,11,2,NULL,'2024-08-18 10:55:41','2024-08-18 10:55:41',1,'',47.141,1,33.276,'',NULL,2773.00,253,0),(3092,'PCJ300023','ក្រវិល',0.00,53.00,1,NULL,NULL,23.0000,11,2,NULL,'2024-08-18 10:55:42','2024-08-18 10:55:42',1,'',47.141,1,33.276,'',NULL,2773.00,254,0),(3093,'PCJ300024','ក្រវិល',0.00,69.00,1,NULL,NULL,43.0000,11,2,NULL,'2024-08-18 10:55:42','2024-08-18 10:55:42',1,'',47.141,1,33.276,'',NULL,2773.00,255,0),(3094,'PCJ300025','បន្តោងរូបគ្រឺស្ត',0.00,177.00,1,NULL,NULL,131.0000,11,2,NULL,'2024-08-18 10:55:42','2024-08-18 10:55:42',1,'',83.19,1,69.325,'',NULL,2773.00,8,0);

--
-- Table structure for table `products_readies`
--

CREATE TABLE `products_readies` (
  `id` bigint unsigned NOT NULL AUTO_INCREMENT,
  `part_number` varchar(255) CHARACTER SET utf8mb4 COLLATE utf8mb4_unicode_ci DEFAULT NULL,
  `name` varchar(255) CHARACTER SET utf8mb4 COLLATE utf8mb4_unicode_ci DEFAULT NULL,
  `price` double(16,2) NOT NULL DEFAULT '0.00',
  `cost` double(16,2) NOT NULL DEFAULT '0.00',
  `is_active` tinyint(1) NOT NULL DEFAULT '1',
  `description` varchar(191) CHARACTER SET utf8mb4 COLLATE utf8mb4_unicode_ci DEFAULT NULL,
  `image` varchar(191) CHARACTER SET utf8mb4 COLLATE utf8mb4_unicode_ci DEFAULT NULL,
  `weight` double(16,4) NOT NULL,
  `product_category_id` bigint unsigned DEFAULT NULL,
  `user_id` bigint unsigned DEFAULT NULL,
  `grn` varchar(191) CHARACTER SET utf8mb4 COLLATE utf8mb4_unicode_ci DEFAULT NULL,
  `qty` int NOT NULL DEFAULT '0',
  `diamond_size` varchar(191) CHARACTER SET utf8mb4 COLLATE utf8mb4_unicode_ci DEFAULT NULL,
  `invoice` bigint DEFAULT NULL,
  `wages` double NOT NULL,
  `for_sale` tinyint(1) NOT NULL DEFAULT '1',
  `deleted_at` timestamp NULL DEFAULT NULL,
  `created_at` timestamp NULL DEFAULT NULL,
  `updated_at` timestamp NULL DEFAULT NULL,
  PRIMARY KEY (`id`)
) ENGINE=InnoDB DEFAULT CHARSET=utf8mb4 COLLATE=utf8mb4_unicode_ci;

--
-- Dumping data for table `products_readies`
--


--
-- Table structure for table `qty_histories`
--

CREATE TABLE `qty_histories` (
  `id` bigint unsigned NOT NULL AUTO_INCREMENT,
  `qty` int NOT NULL DEFAULT '0',
  `qty_before_transaction` int NOT NULL DEFAULT '0',
  `qty_after_transaction` int NOT NULL DEFAULT '0',
  `product_id` bigint unsigned DEFAULT NULL,
  `user_id` bigint unsigned DEFAULT NULL,
  `note` varchar(191) CHARACTER SET utf8mb4 COLLATE utf8mb4_unicode_ci DEFAULT NULL,
  `deleted_at` timestamp NULL DEFAULT NULL,
  `created_at` timestamp NULL DEFAULT NULL,
  `updated_at` timestamp NULL DEFAULT NULL,
  `grn` varchar(191) CHARACTER SET utf8mb4 COLLATE utf8mb4_unicode_ci DEFAULT NULL,
  `product_category_id` int DEFAULT NULL,
  PRIMARY KEY (`id`)
) ENGINE=InnoDB AUTO_INCREMENT=18 DEFAULT CHARSET=utf8mb4 COLLATE=utf8mb4_unicode_ci;

--
-- Dumping data for table `qty_histories`
--


--
-- Table structure for table `role_has_permissions`
--

CREATE TABLE `role_has_permissions` (
  `permission_id` bigint unsigned NOT NULL,
  `role_id` bigint unsigned NOT NULL,
  PRIMARY KEY (`permission_id`,`role_id`),
  KEY `role_has_permissions_role_id_foreign` (`role_id`),
  CONSTRAINT `role_has_permissions_permission_id_foreign` FOREIGN KEY (`permission_id`) REFERENCES `permissions` (`id`) ON DELETE CASCADE,
  CONSTRAINT `role_has_permissions_role_id_foreign` FOREIGN KEY (`role_id`) REFERENCES `roles` (`id`) ON DELETE CASCADE
) ENGINE=InnoDB DEFAULT CHARSET=utf8mb4 COLLATE=utf8mb4_unicode_ci;

--
-- Dumping data for table `role_has_permissions`
--

INSERT INTO `role_has_permissions` VALUES (1,1),(2,1),(3,1),(4,1),(5,1),(6,1),(7,1),(8,1),(9,1),(10,1),(11,1),(12,1),(13,1),(14,1),(15,1),(16,1),(17,1),(18,1),(19,1),(20,1),(21,1),(22,1),(23,1),(24,1),(25,1),(26,1),(27,1),(28,1),(29,1),(30,1),(31,1),(32,1),(33,1),(34,1),(35,1),(36,1),(37,1),(1,2),(2,2),(3,2),(4,2),(5,2),(6,2),(7,2),(8,2),(9,2),(10,2),(11,2),(12,2),(13,2),(14,2),(15,2),(16,2),(17,2),(18,2),(19,2),(20,2),(21,2),(22,2),(23,2),(24,2),(25,2),(26,2),(27,2),(28,2),(29,2),(30,2),(31,2),(32,2),(33,2),(34,2),(35,2),(36,2),(37,2),(17,3);

--
-- Table structure for table `roles`
--

CREATE TABLE `roles` (
  `id` bigint unsigned NOT NULL AUTO_INCREMENT,
  `name` varchar(255) CHARACTER SET utf8mb4 COLLATE utf8mb4_unicode_ci NOT NULL,
  `guard_name` varchar(255) CHARACTER SET utf8mb4 COLLATE utf8mb4_unicode_ci NOT NULL,
  `created_at` timestamp NULL DEFAULT NULL,
  `updated_at` timestamp NULL DEFAULT NULL,
  PRIMARY KEY (`id`),
  UNIQUE KEY `roles_name_guard_name_unique` (`name`,`guard_name`)
) ENGINE=InnoDB AUTO_INCREMENT=4 DEFAULT CHARSET=utf8mb4 COLLATE=utf8mb4_unicode_ci;

--
-- Dumping data for table `roles`
--

INSERT INTO `roles` VALUES (1,'Admin','web','2024-04-10 10:45:40','2024-04-10 10:45:40'),(2,'Supervisor','web','2024-04-10 10:45:40','2024-04-10 10:45:40'),(3,'Staff','web','2024-04-10 10:45:40','2024-04-10 10:45:40');

--
-- Table structure for table `sales`
--

CREATE TABLE `sales` (
  `id` bigint unsigned NOT NULL AUTO_INCREMENT,
  `product_id` bigint unsigned DEFAULT NULL,
  `part_number` varchar(255) CHARACTER SET utf8mb4 COLLATE utf8mb4_unicode_ci DEFAULT NULL,
  `name` varchar(255) CHARACTER SET utf8mb4 COLLATE utf8mb4_unicode_ci DEFAULT NULL,
  `cost` double(16,2) NOT NULL,
  `description` varchar(191) CHARACTER SET utf8mb4 COLLATE utf8mb4_unicode_ci DEFAULT NULL,
  `image` varchar(191) CHARACTER SET utf8mb4 COLLATE utf8mb4_unicode_ci DEFAULT NULL,
  `weight` double(16,4) NOT NULL,
  `product_category_id` bigint unsigned DEFAULT NULL,
  `user_id` bigint unsigned DEFAULT NULL,
  `deleted_at` timestamp NULL DEFAULT NULL,
  `created_at` timestamp NULL DEFAULT NULL,
  `updated_at` timestamp NULL DEFAULT NULL,
  `wages` double NOT NULL,
  `invoice_no` int NOT NULL,
  `grn` varchar(191) CHARACTER SET utf8mb4 COLLATE utf8mb4_unicode_ci DEFAULT NULL,
  `qty` int NOT NULL DEFAULT '1',
  `diamond_size` text CHARACTER SET utf8mb4 COLLATE utf8mb4_unicode_ci NOT NULL,
  `usd_amount` double DEFAULT NULL,
  `khr_amount` double DEFAULT NULL,
  `thb_amount` double DEFAULT NULL,
  `sales_price` double DEFAULT NULL,
  `member_id` bigint unsigned DEFAULT NULL,
  `discount` double(16,2) NOT NULL DEFAULT '0.00',
  `already_buy_back` tinyint(1) NOT NULL DEFAULT '0',
  `date_buy_back` timestamp NULL DEFAULT NULL,
  `buy_back_price` double(16,2) DEFAULT NULL,
  `buy_back_note` varchar(191) CHARACTER SET utf8mb4 COLLATE utf8mb4_unicode_ci DEFAULT NULL,
  `buy_by_user` varchar(191) CHARACTER SET utf8mb4 COLLATE utf8mb4_unicode_ci DEFAULT NULL,
  `to_usd_exchange_rate` double(16,2) DEFAULT NULL,
  `original_wages` double(16,2) DEFAULT NULL,
  `weight_description` varchar(191) CHARACTER SET utf8mb4 COLLATE utf8mb4_unicode_ci DEFAULT NULL,
  `selling_cost` double(16,2) NOT NULL DEFAULT '0.00',
  `selling_rate` double(16,2) NOT NULL DEFAULT '0.00',
  `fixed_price` tinyint(1) NOT NULL DEFAULT '0',
  PRIMARY KEY (`id`)
) ENGINE=MyISAM DEFAULT CHARSET=utf8mb4 COLLATE=utf8mb4_unicode_ci;

--
-- Dumping data for table `sales`
--


--
-- Table structure for table `sell_product_attributes`
--

CREATE TABLE `sell_product_attributes` (
  `id` bigint unsigned NOT NULL AUTO_INCREMENT,
  `name` varchar(191) CHARACTER SET utf8mb4 COLLATE utf8mb4_unicode_ci NOT NULL,
  `qty` varchar(191) CHARACTER SET utf8mb4 COLLATE utf8mb4_unicode_ci NOT NULL DEFAULT '1',
  `cost` double(16,2) NOT NULL DEFAULT '0.00',
  `price` double(16,2) NOT NULL DEFAULT '0.00',
  `sell_id` bigint unsigned NOT NULL,
  `deleted_at` timestamp NULL DEFAULT NULL,
  `created_at` timestamp NULL DEFAULT NULL,
  `updated_at` timestamp NULL DEFAULT NULL,
  PRIMARY KEY (`id`)
) ENGINE=InnoDB DEFAULT CHARSET=utf8mb4 COLLATE=utf8mb4_unicode_ci;

--
-- Dumping data for table `sell_product_attributes`
--


--
-- Table structure for table `settings`
--

CREATE TABLE `settings` (
  `id` bigint unsigned NOT NULL AUTO_INCREMENT,
  `shop_name` varchar(255) CHARACTER SET utf8mb4 COLLATE utf8mb4_unicode_ci DEFAULT NULL,
  `address` text CHARACTER SET utf8mb4 COLLATE utf8mb4_unicode_ci,
  `phone` varchar(255) CHARACTER SET utf8mb4 COLLATE utf8mb4_unicode_ci DEFAULT NULL,
  `logo` varchar(255) CHARACTER SET utf8mb4 COLLATE utf8mb4_unicode_ci NOT NULL,
  `fav_icon` varchar(255) CHARACTER SET utf8mb4 COLLATE utf8mb4_unicode_ci DEFAULT NULL,
  `is_active` int NOT NULL DEFAULT '1',
  `deleted_at` timestamp NULL DEFAULT NULL,
  `created_at` timestamp NULL DEFAULT NULL,
  `updated_at` timestamp NULL DEFAULT NULL,
  PRIMARY KEY (`id`)
) ENGINE=InnoDB AUTO_INCREMENT=2 DEFAULT CHARSET=utf8mb4 COLLATE=utf8mb4_unicode_ci;

--
-- Dumping data for table `settings`
--

INSERT INTO `settings` VALUES (1,'Crown Jewelry','អគារស៊ីសាន់ម៉ល ភូមិក្បាលស្ពាន១ សង្កាត់ប៉ោយប៉ែត ក្រុងប៉ោយប៉ែត, ខេត្តបន្ទាយមានជ័យ','031​ 555 5​02 2 / ​071 ​555 598 6 / 067 779 696','logo.png','fav.ico',1,NULL,'2024-04-10 10:45:35','2024-08-18 10:58:31');

--
-- Table structure for table `suppliers`
--

CREATE TABLE `suppliers` (
  `id` bigint unsigned NOT NULL AUTO_INCREMENT,
  `name` varchar(191) CHARACTER SET utf8mb4 COLLATE utf8mb4_unicode_ci NOT NULL,
  `phone` varchar(191) CHARACTER SET utf8mb4 COLLATE utf8mb4_unicode_ci DEFAULT NULL,
  `note` text CHARACTER SET utf8mb4 COLLATE utf8mb4_unicode_ci,
  `deleted_at` timestamp NULL DEFAULT NULL,
  `created_at` timestamp NULL DEFAULT NULL,
  `updated_at` timestamp NULL DEFAULT NULL,
  PRIMARY KEY (`id`)
) ENGINE=MyISAM AUTO_INCREMENT=256 DEFAULT CHARSET=utf8mb4 COLLATE=utf8mb4_unicode_ci;

--
-- Dumping data for table `suppliers`
--

INSERT INTO `suppliers` VALUES (1,'MOM','','',NULL,'2024-08-18 10:53:02','2024-08-18 10:53:02'),(2,'KDD5','','',NULL,'2024-08-18 10:53:17','2024-08-18 10:53:17'),(3,'KDD6','','',NULL,'2024-08-18 10:53:17','2024-08-18 10:53:17'),(4,'KDD3','','',NULL,'2024-08-18 10:53:17','2024-08-18 10:53:17'),(5,'KDD4','','',NULL,'2024-08-18 10:53:17','2024-08-18 10:53:17'),(6,'KDD2','','',NULL,'2024-08-18 10:53:17','2024-08-18 10:53:17'),(7,'KDD1','','',NULL,'2024-08-18 10:53:17','2024-08-18 10:53:17'),(8,'KIM','','',NULL,'2024-08-18 10:53:17','2024-08-18 10:53:17'),(9,'KGG1','','',NULL,'2024-08-18 10:53:52','2024-08-18 10:53:52'),(10,'KGG2','','',NULL,'2024-08-18 10:53:52','2024-08-18 10:53:52'),(11,'KGG3','','',NULL,'2024-08-18 10:53:52','2024-08-18 10:53:52'),(12,'KGG20','','',NULL,'2024-08-18 10:53:52','2024-08-18 10:53:52'),(13,'KGG21','','',NULL,'2024-08-18 10:53:52','2024-08-18 10:53:52'),(14,'KGG22','','',NULL,'2024-08-18 10:53:52','2024-08-18 10:53:52'),(15,'KGG23','','',NULL,'2024-08-18 10:53:52','2024-08-18 10:53:52'),(16,'KGG24','','',NULL,'2024-08-18 10:53:52','2024-08-18 10:53:52'),(17,'KGG25','','',NULL,'2024-08-18 10:53:52','2024-08-18 10:53:52'),(18,'KGG26','','',NULL,'2024-08-18 10:53:52','2024-08-18 10:53:52'),(19,'KGG27','','',NULL,'2024-08-18 10:53:52','2024-08-18 10:53:52'),(20,'KGG28','','',NULL,'2024-08-18 10:53:52','2024-08-18 10:53:52'),(21,'KGG29','','',NULL,'2024-08-18 10:53:52','2024-08-18 10:53:52'),(22,'KGG30','','',NULL,'2024-08-18 10:53:52','2024-08-18 10:53:52'),(23,'KGG33','','',NULL,'2024-08-18 10:53:52','2024-08-18 10:53:52'),(24,'KGG32','','',NULL,'2024-08-18 10:53:52','2024-08-18 10:53:52'),(25,'KGG31','','',NULL,'2024-08-18 10:53:52','2024-08-18 10:53:52'),(26,'KGG34','','',NULL,'2024-08-18 10:53:52','2024-08-18 10:53:52'),(27,'KGG35','','',NULL,'2024-08-18 10:53:52','2024-08-18 10:53:52'),(28,'KGG36','','',NULL,'2024-08-18 10:53:52','2024-08-18 10:53:52'),(29,'KGG4','','',NULL,'2024-08-18 10:53:52','2024-08-18 10:53:52'),(30,'KGG5','','',NULL,'2024-08-18 10:53:52','2024-08-18 10:53:52'),(31,'KGG6','','',NULL,'2024-08-18 10:53:52','2024-08-18 10:53:52'),(32,'KGG7','','',NULL,'2024-08-18 10:53:52','2024-08-18 10:53:52'),(33,'KGG8','','',NULL,'2024-08-18 10:53:52','2024-08-18 10:53:52'),(34,'KGG9','','',NULL,'2024-08-18 10:53:52','2024-08-18 10:53:52'),(35,'KGG10','','',NULL,'2024-08-18 10:53:52','2024-08-18 10:53:52'),(36,'KGG11','','',NULL,'2024-08-18 10:53:52','2024-08-18 10:53:52'),(37,'KGG41','','',NULL,'2024-08-18 10:53:52','2024-08-18 10:53:52'),(38,'KGG42','','',NULL,'2024-08-18 10:53:52','2024-08-18 10:53:52'),(39,'KGG43','','',NULL,'2024-08-18 10:53:52','2024-08-18 10:53:52'),(40,'KGG44','','',NULL,'2024-08-18 10:53:52','2024-08-18 10:53:52'),(41,'KGG18','','',NULL,'2024-08-18 10:53:53','2024-08-18 10:53:53'),(42,'KGG19','','',NULL,'2024-08-18 10:53:53','2024-08-18 10:53:53'),(43,'KGG37','','',NULL,'2024-08-18 10:53:53','2024-08-18 10:53:53'),(44,'KGG38','','',NULL,'2024-08-18 10:53:53','2024-08-18 10:53:53'),(45,'KGG39','','',NULL,'2024-08-18 10:53:53','2024-08-18 10:53:53'),(46,'KGG40','','',NULL,'2024-08-18 10:53:53','2024-08-18 10:53:53'),(47,'KGG12','','',NULL,'2024-08-18 10:53:53','2024-08-18 10:53:53'),(48,'KGG13','','',NULL,'2024-08-18 10:53:53','2024-08-18 10:53:53'),(49,'KGG14','','',NULL,'2024-08-18 10:53:53','2024-08-18 10:53:53'),(50,'KGG15','','',NULL,'2024-08-18 10:53:53','2024-08-18 10:53:53'),(51,'KGG16','','',NULL,'2024-08-18 10:53:53','2024-08-18 10:53:53'),(52,'KGG17','','',NULL,'2024-08-18 10:53:53','2024-08-18 10:53:53'),(53,'KGG45','','',NULL,'2024-08-18 10:53:53','2024-08-18 10:53:53'),(54,'KGG46','','',NULL,'2024-08-18 10:53:53','2024-08-18 10:53:53'),(55,'KGG47','','',NULL,'2024-08-18 10:53:53','2024-08-18 10:53:53'),(56,'KGG48','','',NULL,'2024-08-18 10:53:53','2024-08-18 10:53:53'),(57,'KGG49','','',NULL,'2024-08-18 10:53:53','2024-08-18 10:53:53'),(58,'KGG50','','',NULL,'2024-08-18 10:53:53','2024-08-18 10:53:53'),(59,'KGG51','','',NULL,'2024-08-18 10:53:53','2024-08-18 10:53:53'),(60,'KGG52','','',NULL,'2024-08-18 10:53:53','2024-08-18 10:53:53'),(61,'KGG53','','',NULL,'2024-08-18 10:53:53','2024-08-18 10:53:53'),(62,'KGG54','','',NULL,'2024-08-18 10:53:53','2024-08-18 10:53:53'),(63,'KGG55','','',NULL,'2024-08-18 10:53:53','2024-08-18 10:53:53'),(64,'KGG56','','',NULL,'2024-08-18 10:53:53','2024-08-18 10:53:53'),(65,'KGG57','','',NULL,'2024-08-18 10:53:53','2024-08-18 10:53:53'),(66,'KGG58','','',NULL,'2024-08-18 10:53:53','2024-08-18 10:53:53'),(67,'KGG59','','',NULL,'2024-08-18 10:53:53','2024-08-18 10:53:53'),(68,'KGG60','','',NULL,'2024-08-18 10:53:53','2024-08-18 10:53:53'),(69,'KGG61','','',NULL,'2024-08-18 10:53:53','2024-08-18 10:53:53'),(70,'KGG62','','',NULL,'2024-08-18 10:53:54','2024-08-18 10:53:54'),(71,'KGG63','','',NULL,'2024-08-18 10:53:54','2024-08-18 10:53:54'),(72,'KGG64','','',NULL,'2024-08-18 10:53:54','2024-08-18 10:53:54'),(73,'KGG65','','',NULL,'2024-08-18 10:53:54','2024-08-18 10:53:54'),(74,'KGG66','','',NULL,'2024-08-18 10:53:54','2024-08-18 10:53:54'),(75,'KGG67','','',NULL,'2024-08-18 10:53:54','2024-08-18 10:53:54'),(76,'KGG68','','',NULL,'2024-08-18 10:53:54','2024-08-18 10:53:54'),(77,'KGG69','','',NULL,'2024-08-18 10:53:54','2024-08-18 10:53:54'),(78,'KGG70','','',NULL,'2024-08-18 10:53:54','2024-08-18 10:53:54'),(79,'KGG71','','',NULL,'2024-08-18 10:53:54','2024-08-18 10:53:54'),(80,'KGG72','','',NULL,'2024-08-18 10:53:54','2024-08-18 10:53:54'),(81,'KGG73','','',NULL,'2024-08-18 10:53:54','2024-08-18 10:53:54'),(82,'KP150','','',NULL,'2024-08-18 10:54:49','2024-08-18 10:54:49'),(83,'KP153','','',NULL,'2024-08-18 10:54:49','2024-08-18 10:54:49'),(84,'KP154','','',NULL,'2024-08-18 10:54:49','2024-08-18 10:54:49'),(85,'KP149','','',NULL,'2024-08-18 10:54:49','2024-08-18 10:54:49'),(86,'KP155','','',NULL,'2024-08-18 10:54:49','2024-08-18 10:54:49'),(87,'KP157','','',NULL,'2024-08-18 10:54:49','2024-08-18 10:54:49'),(88,'KP151','','',NULL,'2024-08-18 10:54:49','2024-08-18 10:54:49'),(89,'KP152','','',NULL,'2024-08-18 10:54:49','2024-08-18 10:54:49'),(90,'KP156','','',NULL,'2024-08-18 10:54:49','2024-08-18 10:54:49'),(91,'KP97','','',NULL,'2024-08-18 10:54:49','2024-08-18 10:54:49'),(92,'KP94','','',NULL,'2024-08-18 10:54:49','2024-08-18 10:54:49'),(93,'KP92','','',NULL,'2024-08-18 10:54:49','2024-08-18 10:54:49'),(94,'KP93','','',NULL,'2024-08-18 10:54:49','2024-08-18 10:54:49'),(95,'KP95','','',NULL,'2024-08-18 10:54:49','2024-08-18 10:54:49'),(96,'KP91','','',NULL,'2024-08-18 10:54:49','2024-08-18 10:54:49'),(97,'KP98','','',NULL,'2024-08-18 10:54:49','2024-08-18 10:54:49'),(98,'KP96','','',NULL,'2024-08-18 10:54:49','2024-08-18 10:54:49'),(99,'KP68','','',NULL,'2024-08-18 10:54:49','2024-08-18 10:54:49'),(100,'KP59','','',NULL,'2024-08-18 10:54:49','2024-08-18 10:54:49'),(101,'KP62','','',NULL,'2024-08-18 10:54:49','2024-08-18 10:54:49'),(102,'KP60','','',NULL,'2024-08-18 10:54:49','2024-08-18 10:54:49'),(103,'KP66','','',NULL,'2024-08-18 10:54:49','2024-08-18 10:54:49'),(104,'KP65','','',NULL,'2024-08-18 10:54:49','2024-08-18 10:54:49'),(105,'KP61','','',NULL,'2024-08-18 10:54:49','2024-08-18 10:54:49'),(106,'KP67','','',NULL,'2024-08-18 10:54:50','2024-08-18 10:54:50'),(107,'KP64','','',NULL,'2024-08-18 10:54:50','2024-08-18 10:54:50'),(108,'KP63','','',NULL,'2024-08-18 10:54:50','2024-08-18 10:54:50'),(109,'KP79','','',NULL,'2024-08-18 10:54:50','2024-08-18 10:54:50'),(110,'KP86','','',NULL,'2024-08-18 10:54:50','2024-08-18 10:54:50'),(111,'KP89','','',NULL,'2024-08-18 10:54:50','2024-08-18 10:54:50'),(112,'KP87','','',NULL,'2024-08-18 10:54:50','2024-08-18 10:54:50'),(113,'KP90','','',NULL,'2024-08-18 10:54:50','2024-08-18 10:54:50'),(114,'KP80','','',NULL,'2024-08-18 10:54:50','2024-08-18 10:54:50'),(115,'KP81','','',NULL,'2024-08-18 10:54:50','2024-08-18 10:54:50'),(116,'KP82','','',NULL,'2024-08-18 10:54:50','2024-08-18 10:54:50'),(117,'KP83','','',NULL,'2024-08-18 10:54:50','2024-08-18 10:54:50'),(118,'KP84','','',NULL,'2024-08-18 10:54:50','2024-08-18 10:54:50'),(119,'KP88','','',NULL,'2024-08-18 10:54:50','2024-08-18 10:54:50'),(120,'KP85','','',NULL,'2024-08-18 10:54:50','2024-08-18 10:54:50'),(121,'KP78','','',NULL,'2024-08-18 10:54:50','2024-08-18 10:54:50'),(122,'KP74','','',NULL,'2024-08-18 10:54:50','2024-08-18 10:54:50'),(123,'KP70','','',NULL,'2024-08-18 10:54:50','2024-08-18 10:54:50'),(124,'KP71','','',NULL,'2024-08-18 10:54:50','2024-08-18 10:54:50'),(125,'KP77','','',NULL,'2024-08-18 10:54:50','2024-08-18 10:54:50'),(126,'KP72','','',NULL,'2024-08-18 10:54:50','2024-08-18 10:54:50'),(127,'KP73','','',NULL,'2024-08-18 10:54:50','2024-08-18 10:54:50'),(128,'KP76','','',NULL,'2024-08-18 10:54:50','2024-08-18 10:54:50'),(129,'KP75','','',NULL,'2024-08-18 10:54:50','2024-08-18 10:54:50'),(130,'KP69','','',NULL,'2024-08-18 10:54:50','2024-08-18 10:54:50'),(131,'KP128','','',NULL,'2024-08-18 10:54:50','2024-08-18 10:54:50'),(132,'KP147','','',NULL,'2024-08-18 10:54:50','2024-08-18 10:54:50'),(133,'KP101','','',NULL,'2024-08-18 10:54:50','2024-08-18 10:54:50'),(134,'KP127','','',NULL,'2024-08-18 10:54:50','2024-08-18 10:54:50'),(135,'KP145','','',NULL,'2024-08-18 10:54:50','2024-08-18 10:54:50'),(136,'KP143','','',NULL,'2024-08-18 10:54:50','2024-08-18 10:54:50'),(137,'KP103','','',NULL,'2024-08-18 10:54:50','2024-08-18 10:54:50'),(138,'KP112','','',NULL,'2024-08-18 10:54:50','2024-08-18 10:54:50'),(139,'KP99','','',NULL,'2024-08-18 10:54:50','2024-08-18 10:54:50'),(140,'KP131','','',NULL,'2024-08-18 10:54:50','2024-08-18 10:54:50'),(141,'KP134','','',NULL,'2024-08-18 10:54:50','2024-08-18 10:54:50'),(142,'KP100','','',NULL,'2024-08-18 10:54:50','2024-08-18 10:54:50'),(143,'KP104','','',NULL,'2024-08-18 10:54:50','2024-08-18 10:54:50'),(144,'KP113','','',NULL,'2024-08-18 10:54:50','2024-08-18 10:54:50'),(145,'KP108','','',NULL,'2024-08-18 10:54:50','2024-08-18 10:54:50'),(146,'KP129','','',NULL,'2024-08-18 10:54:50','2024-08-18 10:54:50'),(147,'KP133','','',NULL,'2024-08-18 10:54:50','2024-08-18 10:54:50'),(148,'KP124','','',NULL,'2024-08-18 10:54:50','2024-08-18 10:54:50'),(149,'KP123','','',NULL,'2024-08-18 10:54:51','2024-08-18 10:54:51'),(150,'KP120','','',NULL,'2024-08-18 10:54:51','2024-08-18 10:54:51'),(151,'KP102','','',NULL,'2024-08-18 10:54:51','2024-08-18 10:54:51'),(152,'KP135','','',NULL,'2024-08-18 10:54:51','2024-08-18 10:54:51'),(153,'KP139','','',NULL,'2024-08-18 10:54:51','2024-08-18 10:54:51'),(154,'KP110','','',NULL,'2024-08-18 10:54:51','2024-08-18 10:54:51'),(155,'KP115','','',NULL,'2024-08-18 10:54:51','2024-08-18 10:54:51'),(156,'KP106','','',NULL,'2024-08-18 10:54:51','2024-08-18 10:54:51'),(157,'KP105','','',NULL,'2024-08-18 10:54:51','2024-08-18 10:54:51'),(158,'KP107','','',NULL,'2024-08-18 10:54:51','2024-08-18 10:54:51'),(159,'KP140','','',NULL,'2024-08-18 10:54:51','2024-08-18 10:54:51'),(160,'KP146','','',NULL,'2024-08-18 10:54:51','2024-08-18 10:54:51'),(161,'KP118','','',NULL,'2024-08-18 10:54:51','2024-08-18 10:54:51'),(162,'KP138','','',NULL,'2024-08-18 10:54:51','2024-08-18 10:54:51'),(163,'KP109','','',NULL,'2024-08-18 10:54:51','2024-08-18 10:54:51'),(164,'KP148','','',NULL,'2024-08-18 10:54:51','2024-08-18 10:54:51'),(165,'KP121','','',NULL,'2024-08-18 10:54:51','2024-08-18 10:54:51'),(166,'KP116','','',NULL,'2024-08-18 10:54:51','2024-08-18 10:54:51'),(167,'KP126','','',NULL,'2024-08-18 10:54:51','2024-08-18 10:54:51'),(168,'KP114','','',NULL,'2024-08-18 10:54:51','2024-08-18 10:54:51'),(169,'KP132','','',NULL,'2024-08-18 10:54:51','2024-08-18 10:54:51'),(170,'KP144','','',NULL,'2024-08-18 10:54:51','2024-08-18 10:54:51'),(171,'KP125','','',NULL,'2024-08-18 10:54:51','2024-08-18 10:54:51'),(172,'KP141','','',NULL,'2024-08-18 10:54:51','2024-08-18 10:54:51'),(173,'KP136','','',NULL,'2024-08-18 10:54:51','2024-08-18 10:54:51'),(174,'KP130','','',NULL,'2024-08-18 10:54:51','2024-08-18 10:54:51'),(175,'KP122','','',NULL,'2024-08-18 10:54:51','2024-08-18 10:54:51'),(176,'KP111','','',NULL,'2024-08-18 10:54:51','2024-08-18 10:54:51'),(177,'KP142','','',NULL,'2024-08-18 10:54:51','2024-08-18 10:54:51'),(178,'KP117','','',NULL,'2024-08-18 10:54:51','2024-08-18 10:54:51'),(179,'KP119','','',NULL,'2024-08-18 10:54:51','2024-08-18 10:54:51'),(180,'KP137','','',NULL,'2024-08-18 10:54:51','2024-08-18 10:54:51'),(181,'KP37','','',NULL,'2024-08-18 10:54:51','2024-08-18 10:54:51'),(182,'KP54','','',NULL,'2024-08-18 10:54:51','2024-08-18 10:54:51'),(183,'KP52','','',NULL,'2024-08-18 10:54:51','2024-08-18 10:54:51'),(184,'KP50','','',NULL,'2024-08-18 10:54:51','2024-08-18 10:54:51'),(185,'KP42','','',NULL,'2024-08-18 10:54:51','2024-08-18 10:54:51'),(186,'KP51','','',NULL,'2024-08-18 10:54:51','2024-08-18 10:54:51'),(187,'KP41','','',NULL,'2024-08-18 10:54:51','2024-08-18 10:54:51'),(188,'KP49','','',NULL,'2024-08-18 10:54:51','2024-08-18 10:54:51'),(189,'KP47','','',NULL,'2024-08-18 10:54:51','2024-08-18 10:54:51'),(190,'KP35','','',NULL,'2024-08-18 10:54:51','2024-08-18 10:54:51'),(191,'KP48','','',NULL,'2024-08-18 10:54:52','2024-08-18 10:54:52'),(192,'KP40','','',NULL,'2024-08-18 10:54:52','2024-08-18 10:54:52'),(193,'KP34','','',NULL,'2024-08-18 10:54:52','2024-08-18 10:54:52'),(194,'KP39','','',NULL,'2024-08-18 10:54:52','2024-08-18 10:54:52'),(195,'KP38','','',NULL,'2024-08-18 10:54:52','2024-08-18 10:54:52'),(196,'KP44','','',NULL,'2024-08-18 10:54:52','2024-08-18 10:54:52'),(197,'KP45','','',NULL,'2024-08-18 10:54:52','2024-08-18 10:54:52'),(198,'KP32','','',NULL,'2024-08-18 10:54:52','2024-08-18 10:54:52'),(199,'KP33','','',NULL,'2024-08-18 10:54:52','2024-08-18 10:54:52'),(200,'KP53','','',NULL,'2024-08-18 10:54:52','2024-08-18 10:54:52'),(201,'KP43','','',NULL,'2024-08-18 10:54:52','2024-08-18 10:54:52'),(202,'KP36','','',NULL,'2024-08-18 10:54:52','2024-08-18 10:54:52'),(203,'KP46','','',NULL,'2024-08-18 10:54:52','2024-08-18 10:54:52'),(204,'KP23','','',NULL,'2024-08-18 10:54:52','2024-08-18 10:54:52'),(205,'KP11','','',NULL,'2024-08-18 10:54:52','2024-08-18 10:54:52'),(206,'KP28','','',NULL,'2024-08-18 10:54:52','2024-08-18 10:54:52'),(207,'KP22','','',NULL,'2024-08-18 10:54:52','2024-08-18 10:54:52'),(208,'KP13','','',NULL,'2024-08-18 10:54:52','2024-08-18 10:54:52'),(209,'KP29','','',NULL,'2024-08-18 10:54:52','2024-08-18 10:54:52'),(210,'KP15','','',NULL,'2024-08-18 10:54:52','2024-08-18 10:54:52'),(211,'KP27','','',NULL,'2024-08-18 10:54:52','2024-08-18 10:54:52'),(212,'KP16','','',NULL,'2024-08-18 10:54:52','2024-08-18 10:54:52'),(213,'KP26','','',NULL,'2024-08-18 10:54:52','2024-08-18 10:54:52'),(214,'KP18','','',NULL,'2024-08-18 10:54:52','2024-08-18 10:54:52'),(215,'KP17','','',NULL,'2024-08-18 10:54:52','2024-08-18 10:54:52'),(216,'KP21','','',NULL,'2024-08-18 10:54:52','2024-08-18 10:54:52'),(217,'KP24','','',NULL,'2024-08-18 10:54:52','2024-08-18 10:54:52'),(218,'KP12','','',NULL,'2024-08-18 10:54:52','2024-08-18 10:54:52'),(219,'KP25','','',NULL,'2024-08-18 10:54:52','2024-08-18 10:54:52'),(220,'KP14','','',NULL,'2024-08-18 10:54:52','2024-08-18 10:54:52'),(221,'KP19','','',NULL,'2024-08-18 10:54:52','2024-08-18 10:54:52'),(222,'KP20','','',NULL,'2024-08-18 10:54:52','2024-08-18 10:54:52'),(223,'KP158','','',NULL,'2024-08-18 10:55:39','2024-08-18 10:55:39'),(224,'KP159','','',NULL,'2024-08-18 10:55:39','2024-08-18 10:55:39'),(225,'K31.1','','',NULL,'2024-08-18 10:55:40','2024-08-18 10:55:40'),(226,'K31','','',NULL,'2024-08-18 10:55:40','2024-08-18 10:55:40'),(227,'KP55','','',NULL,'2024-08-18 10:55:40','2024-08-18 10:55:40'),(228,'KP56','','',NULL,'2024-08-18 10:55:40','2024-08-18 10:55:40'),(229,'KP162','','',NULL,'2024-08-18 10:55:40','2024-08-18 10:55:40'),(230,'KP163','','',NULL,'2024-08-18 10:55:40','2024-08-18 10:55:40'),(231,'KP164','','',NULL,'2024-08-18 10:55:40','2024-08-18 10:55:40'),(232,'KP161','','',NULL,'2024-08-18 10:55:40','2024-08-18 10:55:40'),(233,'KP160','','',NULL,'2024-08-18 10:55:40','2024-08-18 10:55:40'),(234,'KP3','','',NULL,'2024-08-18 10:55:40','2024-08-18 10:55:40'),(235,'KP4','','',NULL,'2024-08-18 10:55:40','2024-08-18 10:55:40'),(236,'KP30','','',NULL,'2024-08-18 10:55:40','2024-08-18 10:55:40'),(237,'KP31','','',NULL,'2024-08-18 10:55:40','2024-08-18 10:55:40'),(238,'KP5','','',NULL,'2024-08-18 10:55:40','2024-08-18 10:55:40'),(239,'KP6','','',NULL,'2024-08-18 10:55:40','2024-08-18 10:55:40'),(240,'KP7','','',NULL,'2024-08-18 10:55:40','2024-08-18 10:55:40'),(241,'KP8','','',NULL,'2024-08-18 10:55:41','2024-08-18 10:55:41'),(242,'KP9','','',NULL,'2024-08-18 10:55:41','2024-08-18 10:55:41'),(243,'KP10','','',NULL,'2024-08-18 10:55:41','2024-08-18 10:55:41'),(244,'KP165','','',NULL,'2024-08-18 10:55:41','2024-08-18 10:55:41'),(245,'KP166','','',NULL,'2024-08-18 10:55:41','2024-08-18 10:55:41'),(246,'KP167','','',NULL,'2024-08-18 10:55:41','2024-08-18 10:55:41'),(247,'KP57','','',NULL,'2024-08-18 10:55:41','2024-08-18 10:55:41'),(248,'KP58','','',NULL,'2024-08-18 10:55:41','2024-08-18 10:55:41'),(249,'KP1','','',NULL,'2024-08-18 10:55:41','2024-08-18 10:55:41'),(250,'KP2','','',NULL,'2024-08-18 10:55:41','2024-08-18 10:55:41'),(251,'KP168','','',NULL,'2024-08-18 10:55:41','2024-08-18 10:55:41'),(252,'KP169','','',NULL,'2024-08-18 10:55:41','2024-08-18 10:55:41'),(253,'KP170','','',NULL,'2024-08-18 10:55:41','2024-08-18 10:55:41'),(254,'KP171','','',NULL,'2024-08-18 10:55:42','2024-08-18 10:55:42'),(255,'KP172','','',NULL,'2024-08-18 10:55:42','2024-08-18 10:55:42');


