(2624,'PCJ700809','បណ្តោងដាំស្នាយ',0.00,670.00,1,'',NULL,190.0000,9,2,NULL,'2024-08-21 10:42:05','2024-08-21 10:42:05',1,'',280,1,252,'',NULL,2800.00,1,0),(2625,'PCJ700810','បណ្តោងដាំស្នាយ',0.00,564.00,1,'',NULL,148.0000,9,2,NULL,'2024-08-21 10:42:05','2024-08-21 10:42:05',1,'',245,1,224,'',NULL,2800.00,1,0),(2626,'PCJ700811','បណ្តោងដាំស្នាយ',0.00,644.00,1,'',NULL,212.0000,9,2,NULL,'2024-08-21 10:42:05','2024-08-21 10:42:05',1,'',217,1,196,'',NULL,2800.00,1,0),(2627,'PCJ700812','បណ្តោងដាំស្នាយ',0.00,338.00,1,'',NULL,95.0000,9,2,NULL,'2024-08-21 10:42:05','2024-08-21 10:42:05',1,'',147,1,126,'',NULL,2800.00,1,0),(2628,'PCJ700813','បណ្តោងដាំស្នាយ',0.00,357.00,1,'',NULL,102.0000,9,2,NULL,'2024-08-21 10:42:05','2024-08-21 10:42:05',1,'',126,1,112,'',NULL,2800.00,1,0),(2629,'PCJ700814','បណ្តោងដាំស្នាយ',0.00,351.00,1,'',NULL,113.0000,9,2,NULL,'2024-08-21 10:42:05','2024-08-21 10:42:05',1,'',126,1,112,'',NULL,2800.00,1,0),(2630,'PCJ700815','បណ្តោងដាំស្នាយ',0.00,358.00,1,'',NULL,114.0000,9,2,NULL,'2024-08-21 10:42:05','2024-08-21 10:42:05',1,'',126,1,112,'',NULL,2800.00,1,0),(2631,'PCJ700816','បណ្តោងដាំស្នាយ',0.00,359.00,1,'',NULL,117.0000,9,2,NULL,'2024-08-21 10:42:05','2024-08-21 10:42:05',1,'',126,1,112,'',NULL,2800.00,1,0),(2632,'PCJ700817','បណ្តោងដាំស្នាយ',0.00,444.00,1,'',NULL,142.0000,9,2,NULL,'2024-08-21 10:42:05','2024-08-21 10:42:05',1,'',140,1,126,'',NULL,2800.00,1,0),(2633,'PCJ700818','បណ្តោងដាំស្នាយ',0.00,283.00,1,'',NULL,77.0000,9,2,NULL,'2024-08-21 10:42:05','2024-08-21 10:42:05',1,'',112,1,98,'',NULL,2800.00,1,0),(2634,'PCJ700819','បណ្តោងដាំស្នាយ',0.00,279.00,1,'',NULL,66.0000,9,2,NULL,'2024-08-21 10:42:05','2024-08-21 10:42:05',1,'',126,1,112,'',NULL,2800.00,1,0),(2635,'PCJ700820','បណ្តោងដាំស្នាយ',0.00,224.00,1,'',NULL,55.0000,9,2,NULL,'2024-08-21 10:42:05','2024-08-21 10:42:05',1,'',98,1,84,'',NULL,2800.00,1,0),(2636,'PCJ700821','បណ្តោងដាំស្នាយ',0.00,1117.00,1,'',NULL,337.0000,9,2,NULL,'2024-08-21 10:42:05','2024-08-21 10:42:05',1,'',308,1,280,'',NULL,2800.00,1,0),(2637,'PCJ700822','បណ្តោងដាំស្នាយ',0.00,899.00,1,'',NULL,252.0000,9,2,NULL,'2024-08-21 10:42:05','2024-08-21 10:42:05',1,'',308,1,280,'',NULL,2800.00,1,0),(2638,'PCJ700823','បណ្តោងដាំស្នាយ+ត្បូងក្រហម',0.00,283.00,1,'',NULL,68.0000,9,2,NULL,'2024-08-21 10:42:05','2024-08-21 10:42:05',1,'',112,1,98,'',NULL,2800.00,1,0),(2639,'PCJ700824','បណ្តោងដាំស្នាយ',0.00,362.00,1,'',NULL,120.0000,9,2,NULL,'2024-08-21 10:42:05','2024-08-21 10:42:05',1,'',126,1,112,'',NULL,2800.00,1,0),(2640,'PCJ700825','ខ្សែដៃ',0.00,446.00,1,'',NULL,192.0000,9,2,NULL,'2024-08-21 10:42:05','2024-08-21 10:42:05',1,'',84,1,70,'',NULL,2800.00,1,0),(2641,'PCJ700826','ក្រវិលដាំស្នាយ',0.00,622.00,1,'',NULL,150.0000,9,2,NULL,'2024-08-21 10:42:05','2024-08-21 10:42:05',1,'',252,1,224,'',NULL,2800.00,1,0),(2642,'PCJ700827','ខ្សែក',0.00,699.00,1,'',NULL,307.0000,9,2,NULL,'2024-08-21 10:42:05','2024-08-21 10:42:05',1,'',112,1,98,'',NULL,2800.00,1,0),(2643,'PCJ700828','ខ្សែក',0.00,655.00,1,'',NULL,280.0000,9,2,NULL,'2024-08-21 10:42:05','2024-08-21 10:42:05',1,'',120.4,1,106.4,'',NULL,2800.00,1,0),(2644,'PCJ700829','ខ្សែក',0.00,728.00,1,'',NULL,322.0000,9,2,NULL,'2024-08-21 10:42:05','2024-08-21 10:42:05',1,'',112,1,98,'',NULL,2800.00,1,0),(2645,'PCJ700830','ខ្សែក',0.00,693.00,1,'',NULL,304.0000,9,2,NULL,'2024-08-21 10:42:05','2024-08-21 10:42:05',1,'',112,1,98,'',NULL,2800.00,1,0),(2646,'PCJ700831','ខ្សែក',0.00,725.00,1,'',NULL,320.0000,9,2,NULL,'2024-08-21 10:42:05','2024-08-21 10:42:05',1,'',112,1,98,'',NULL,2800.00,1,0),(2647,'PCJ700832','បណ្តោងត្បូងខៀវលោមស្នាយ',0.00,268.00,1,'',NULL,60.0000,9,2,NULL,'2024-08-21 10:42:05','2024-08-21 10:42:05',1,'',112,1,98,'',NULL,2800.00,1,0),(2648,'PCJ700833','បណ្តោងត្បូងខៀវលោមស្នាយ',0.00,333.00,1,'',NULL,90.0000,9,2,NULL,'2024-08-21 10:42:05','2024-08-21 10:42:05',1,'',112,1,98,'',NULL,2800.00,1,0),(2649,'PCJ700834','បណ្តោងត្បូងខៀវលោមស្នាយ',0.00,318.00,1,'',NULL,85.0000,9,2,NULL,'2024-08-21 10:42:05','2024-08-21 10:42:05',1,'',119,1,98,'',NULL,2800.00,1,0),(2650,'PCJ700835','បណ្តោងត្បូងខៀវលោមស្នាយ',0.00,268.00,1,'',NULL,60.0000,9,2,NULL,'2024-08-21 10:42:05','2024-08-21 10:42:05',1,'',112,1,98,'',NULL,2800.00,1,0),(2651,'PCJ700836','បណ្តោងត្បូងស្នាយ',0.00,132.00,1,'',NULL,21.0000,9,2,NULL,'2024-08-21 10:42:05','2024-08-21 10:42:05',1,'',84,1,70,'',NULL,2800.00,1,0),(2652,'PCJ700837','ខ្សែក',0.00,784.00,1,'',NULL,343.0000,9,2,NULL,'2024-08-21 10:42:05','2024-08-21 10:42:05',1,'',133,1,112,'',NULL,2800.00,1,0),(2653,'PCJ700838','ខ្សែក',0.00,615.00,1,'',NULL,271.0000,9,2,NULL,'2024-08-21 10:42:05','2024-08-21 10:42:05',1,'',98,1,84,'',NULL,2800.00,1,0),(2654,'PCJ700839','ចិញ្ចៀនស្នាយ',0.00,476.00,1,'',NULL,148.0000,9,2,NULL,'2024-08-21 10:42:05','2024-08-21 10:42:05',1,'',154,1,140,'',NULL,2800.00,1,0),(2655,'PCJ700840','ខ្សែក',0.00,721.00,1,'',NULL,318.0000,9,2,NULL,'2024-08-21 10:42:05','2024-08-21 10:42:05',1,'',112,1,98,'',NULL,2800.00,1,0),(2656,'PCJ700841','ខ្សែក',0.00,699.00,1,'',NULL,307.0000,9,2,NULL,'2024-08-21 10:42:05','2024-08-21 10:42:05',1,'',112,1,98,'',NULL,2800.00,1,0),(2657,'PCJ700842','ខ្សែក',0.00,711.00,1,'',NULL,313.0000,9,2,NULL,'2024-08-21 10:42:05','2024-08-21 10:42:05',1,'',112,1,98,'',NULL,2800.00,1,0),(2658,'PCJ700843','ខ្សែក',0.00,725.00,1,'',NULL,320.0000,9,2,NULL,'2024-08-21 10:42:05','2024-08-21 10:42:05',1,'',112,1,98,'',NULL,2800.00,1,0),(2659,'PCJ700844','ចិញ្ចៀនស្នាយ',0.00,819.80,1,'',NULL,236.0000,9,2,NULL,'2024-08-21 10:42:05','2024-08-21 10:42:05',1,'',273,1,252,'',NULL,2800.00,1,0),(2660,'PCJ700845','ចិញ្ចៀនស្នាយ',0.00,706.00,1,'',NULL,170.0000,9,2,NULL,'2024-08-21 10:42:05','2024-08-21 10:42:05',1,'',252,1,224,'',NULL,2800.00,1,0),(2661,'PCJ700846','ក្រវិលកាវដេះដូងស្នាយ',0.00,594.00,1,'',NULL,169.0000,9,2,NULL,'2024-08-21 10:42:05','2024-08-21 10:42:05',1,'',210,1,196,'',NULL,2800.00,1,0),(2662,'PCJ700847','ក្រវិលកាវស្នាយ',0.00,466.00,1,'',NULL,137.0000,9,2,NULL,'2024-08-21 10:42:05','2024-08-21 10:42:05',1,'',154,1,140,'',NULL,2800.00,1,0),(2663,'PCJ700848','ខ្សែក',0.00,1133.00,1,'',NULL,507.0000,9,2,NULL,'2024-08-21 10:42:05','2024-08-21 10:42:05',1,'',161,1,140,'',NULL,2800.00,1,0),(2664,'PCJ700849','ខ្សែក',0.00,940.00,1,'',NULL,416.0000,9,2,NULL,'2024-08-21 10:42:05','2024-08-21 10:42:05',1,'',147,1,126,'',NULL,2800.00,1,0),(2665,'PCJ700850','បណ្តោងដាំស្នាយ+ចិញ្ចៀន',0.00,1282.00,1,'',NULL,358.0000,9,2,NULL,'2024-08-21 10:42:05','2024-08-21 10:42:05',1,'',448,1,420,'',NULL,2800.00,1,0),(2666,'PCJ700851','ក្រវិលដាំស្នាយម៉ូតH',0.00,462.00,1,'',NULL,138.0000,9,2,NULL,'2024-08-21 10:42:05','2024-08-21 10:42:05',1,'',154,1,140,'',NULL,2800.00,1,0),(2667,'PCJ700852','ចិញ្ចៀនដាំស្នាយ',0.00,535.00,1,'',NULL,177.0000,9,2,NULL,'2024-08-21 10:42:05','2024-08-21 10:42:05',1,'',154,1,140,'',NULL,2800.00,1,0),(2668,'PCJ700853','ក្រវិលដាំស្នាយ',0.00,968.00,1,'',NULL,191.0000,9,2,NULL,'2024-08-21 10:42:05','2024-08-21 10:42:05',1,'',392,1,364,'',NULL,2800.00,1,0),(2669,'PCJ700854','ចិញ្ចៀនស្នាយស្រី',0.00,1227.00,1,'',NULL,373.0000,9,2,NULL,'2024-08-21 10:42:05','2024-08-21 10:42:05',1,'',392,1,364,'',NULL,2800.00,1,0),(2670,'PCJ700855','ខ្សែក',0.00,1167.00,1,'',NULL,524.0000,9,2,NULL,'2024-08-21 10:42:05','2024-08-21 10:42:05',1,'',161,1,140,'',NULL,2800.00,1,0),(2671,'PCJ700856','ចិញ្ចៀនស្នាយស្រី',0.00,1102.00,1,'',NULL,315.0000,9,2,NULL,'2024-08-21 10:42:05','2024-08-21 10:42:05',1,'',392,1,364,'',NULL,2800.00,1,0),(2672,'PCJ700857','ខ្សែក',0.00,1120.00,1,'',NULL,500.0000,9,2,NULL,'2024-08-21 10:42:05','2024-08-24 04:32:16',0,'',161,1,140,'',NULL,2800.00,1,0),(2673,'PCJ700858','ខ្សែក',0.00,1187.00,1,'',NULL,535.0000,9,2,NULL,'2024-08-21 10:42:05','2024-08-21 10:42:05',1,'',161,1,140,'',NULL,2800.00,1,0),(2674,'PCJ700859','ចិញ្ចៀនស្នាយស្រី',0.00,1097.00,1,'',NULL,336.0000,9,2,NULL,'2024-08-21 10:42:05','2024-08-21 10:42:05',1,'',364,1,336,'',NULL,2800.00,1,0),(2675,'PCJ700860','ខ្សែក',0.00,1145.00,1,'',NULL,513.0000,9,2,NULL,'2024-08-21 10:42:05','2024-08-21 10:42:05',1,'',161,1,140,'',NULL,2800.00,1,0),(2676,'PCJ700861','ចិញ្ចៀនលាត',0.00,567.00,1,'',NULL,218.0000,9,2,NULL,'2024-08-21 10:42:05','2024-08-21 10:42:05',1,'',161,1,140,'',NULL,2800.00,1,0),(2677,'PCJ700862','ចិញ្ចៀនលាត',0.00,567.00,1,'',NULL,152.0000,9,2,NULL,'2024-08-21 10:42:05','2024-08-21 10:42:05',1,'',161,1,140,'',NULL,2800.00,1,0),(2678,'PCJ700863','បណ្តោងដាំស្នាយ',0.00,765.00,1,'',NULL,246.0000,9,2,NULL,'2024-08-21 10:42:05','2024-08-21 10:42:05',1,'',252,1,224,'',NULL,2800.00,1,0),(2679,'PCJ700864','បណ្តោងដាំស្នាយ',0.00,601.00,1,'',NULL,188.0000,9,2,NULL,'2024-08-21 10:42:05','2024-08-21 10:42:05',1,'',224,1,196,'',NULL,2800.00,1,0),(2680,'PCJ700865','ក្រវិលកាវស្នាយ+ត្បូងក្រហម',0.00,235.00,1,'',NULL,59.0000,9,2,NULL,'2024-08-21 10:42:05','2024-08-21 10:42:05',1,'',98,1,84,'',NULL,2800.00,1,0),(2681,'PCJ700866','ក្រវិលកាវស្នាយ+ត្បូងក្រហម',0.00,208.00,1,'',NULL,44.0000,9,2,NULL,'2024-08-21 10:42:05','2024-08-21 10:42:05',1,'',98,1,84,'',NULL,2800.00,1,0),(2682,'PCJ700867','ក្រវិលកាវស្នាយ+ត្បូងក្រហម',0.00,683.00,1,'',NULL,179.0000,9,2,NULL,'2024-08-21 10:42:05','2024-08-21 10:42:05',1,'',252,1,224,'',NULL,2800.00,1,0),(2683,'PCJ700868','បណ្តោងត្បូងក្រហមស្នាយ',0.00,360.00,1,'',NULL,100.0000,9,2,NULL,'2024-08-21 10:42:05','2024-08-21 10:42:05',1,'',120.4,1,106.4,'',NULL,2800.00,1,0),(2684,'PCJ700869','ក្រវិលដាំស្នាយ',0.00,555.00,1,'',NULL,154.0000,9,2,NULL,'2024-08-21 10:42:05','2024-08-21 10:42:05',1,'',252,1,224,'',NULL,2800.00,1,0),(2685,'PCJ700870','ចិញ្ចៀនស្នាយ',0.00,993.00,1,'',NULL,271.0000,9,2,NULL,'2024-08-21 10:42:06','2024-08-21 10:42:06',1,'',392,1,364,'',NULL,2800.00,1,0),(2686,'PCJ700871','ចិញ្ចៀនស្នាយ',0.00,182.00,1,'',NULL,39.0000,9,2,NULL,'2024-08-21 10:42:06','2024-08-21 10:42:06',1,'',98,1,84,'',NULL,2800.00,1,0),(2687,'PCJ700872','បណ្តោងត្បូងខៀវស្នាយ',0.00,590.00,1,'',NULL,176.0000,9,2,NULL,'2024-08-21 10:42:06','2024-08-21 10:42:06',1,'',140,1,126,'',NULL,2800.00,1,0),(2688,'PCJ700873','បណ្តោងត្បូងក្រហមស្នាយ',0.00,197.00,1,'',NULL,43.0000,9,2,NULL,'2024-08-21 10:42:06','2024-08-21 10:42:06',1,'',98,1,84,'',NULL,2800.00,1,0),(2689,'PCJ700874','បណ្តោងត្បូងខៀវស្នាយ',0.00,227.00,1,'',NULL,56.0000,9,2,NULL,'2024-08-21 10:42:06','2024-08-21 10:42:06',1,'',98,1,84,'',NULL,2800.00,1,0),(2690,'PCJ700875','បណ្តោងត្បូងស្នាយ',0.00,229.00,1,'',NULL,62.0000,9,2,NULL,'2024-08-21 10:42:06','2024-08-21 10:42:06',1,'',98,1,84,'',NULL,2800.00,1,0),(2691,'PCJ700876','បណ្តោងត្បូងស្នាយ',0.00,238.80,1,'',NULL,86.0000,9,2,NULL,'2024-08-21 10:42:06','2024-08-21 10:42:06',1,'',84,1,70,'',NULL,2800.00,1,0),(2692,'PCJ700877','បណ្តោងត្បូងស្នាយ',0.00,140.00,1,'',NULL,34.0000,9,2,NULL,'2024-08-21 10:42:06','2024-08-21 10:42:06',1,'',84,1,70,'',NULL,2800.00,1,0),(2693,'PCJ700878','បណ្តោងត្បូងស្នាយ',0.00,290.00,1,'',NULL,105.0000,9,2,NULL,'2024-08-21 10:42:06','2024-08-21 10:42:06',1,'',98,1,84,'',NULL,2800.00,1,0),(2694,'PCJ700879','បណ្តោងត្បូងស្នាយ',0.00,306.00,1,'',NULL,97.0000,9,2,NULL,'2024-08-21 10:42:06','2024-08-21 10:42:06',1,'',112,1,98,'',NULL,2800.00,1,0),(2695,'PCJ700880','បណ្តោងត្បូងស្នាយ',0.00,362.90,1,'',NULL,107.0000,9,2,NULL,'2024-08-21 10:42:06','2024-08-21 10:42:06',1,'',112,1,98,'',NULL,2800.00,1,0),(2696,'PCJ700881','បណ្តោងត្បូងស្នាយ',0.00,301.00,1,'',NULL,76.0000,9,2,NULL,'2024-08-21 10:42:06','2024-08-21 10:42:06',1,'',112,1,98,'',NULL,2800.00,1,0),(2697,'PCJ700882','បណ្តោងត្បូងស្នាយ',0.00,335.00,1,'',NULL,111.0000,9,2,NULL,'2024-08-21 10:42:06','2024-08-21 10:42:06',1,'',112,1,98,'',NULL,2800.00,1,0),(2698,'PCJ700883','បណ្តោងត្បូងស្នាយ',0.00,365.00,1,'',NULL,131.0000,9,2,NULL,'2024-08-21 10:42:06','2024-08-21 10:42:06',1,'',112,1,98,'',NULL,2800.00,1,0),(2699,'PCJ700884','បណ្តោងត្បូងស្នាយ',0.00,184.00,1,'',NULL,58.0000,9,2,NULL,'2024-08-21 10:42:06','2024-08-21 10:42:06',1,'',84,1,70,'',NULL,2800.00,1,0),(2700,'PCJ700885','បណ្តោងត្បូងស្នាយ',0.00,222.00,1,'',NULL,62.0000,9,2,NULL,'2024-08-21 10:42:06','2024-08-21 10:42:06',1,'',98,1,84,'',NULL,2800.00,1,0),(2701,'PCJ700886','បណ្តោងត្បូងស្នាយ',0.00,203.00,1,'',NULL,55.0000,9,2,NULL,'2024-08-21 10:42:06','2024-08-21 10:42:06',1,'',98,1,84,'',NULL,2800.00,1,0),(2702,'PCJ700887','បណ្តោងត្បូងស្នាយ',0.00,292.00,1,'',NULL,106.0000,9,2,NULL,'2024-08-21 10:42:06','2024-08-21 10:42:06',1,'',98,1,84,'',NULL,2800.00,1,0),(2703,'PCJ700888','បណ្តោងត្បូងស្នាយ',0.00,179.90,1,'',NULL,52.0000,9,2,NULL,'2024-08-21 10:42:06','2024-08-21 10:42:06',1,'',84,1,70,'',NULL,2800.00,1,0),(2704,'PCJ700889','បណ្តោងត្បូងស្នាយ',0.00,230.00,1,'',NULL,70.0000,9,2,NULL,'2024-08-21 10:42:06','2024-08-21 10:42:06',1,'',98,1,84,'',NULL,2800.00,1,0),(2705,'PCJ700890','បណ្តោងត្បូងស្នាយ',0.00,310.00,1,'',NULL,108.0000,9,2,NULL,'2024-08-21 10:42:06','2024-08-21 10:42:06',1,'',106.4,1,92.4,'',NULL,2800.00,1,0),(2706,'PCJ700891','ចិញ្ចៀនដាំស្នាយ',0.00,487.00,1,'',NULL,165.0000,9,2,NULL,'2024-08-21 10:42:06','2024-08-21 10:42:06',1,'',154,1,140,'',NULL,2800.00,1,0),(2707,'PCJ700892','ចិញ្ចៀនដាំស្នាយ',0.00,453.00,1,'',NULL,148.0000,9,2,NULL,'2024-08-21 10:42:06','2024-08-21 10:42:06',1,'',154,1,140,'',NULL,2800.00,1,0),(2708,'PCJ700893','ចិញ្ចៀនដាំស្នាយ',0.00,330.00,1,'',NULL,106.0000,9,2,NULL,'2024-08-21 10:42:06','2024-08-21 10:42:06',1,'',126,1,112,'',NULL,2800.00,1,0),(2709,'PCJ700894','ចិញ្ចៀនដាំស្នាយ',0.00,355.90,1,'',NULL,117.0000,9,2,NULL,'2024-08-21 10:42:06','2024-08-21 10:42:06',1,'',126,1,112,'',NULL,2800.00,1,0),(2710,'PCJ700895','ចិញ្ចៀនដាំស្នាយ',0.00,546.00,1,'',NULL,153.0000,9,2,NULL,'2024-08-21 10:42:06','2024-08-21 10:42:06',1,'',238,1,224,'',NULL,2800.00,1,0),(2711,'PCJ700896','ចិញ្ចៀនដាំស្នាយ+ត្បុងទឺកក្រូច',0.00,1036.00,1,'',NULL,302.0000,9,2,NULL,'2024-08-21 10:42:06','2024-08-21 10:42:06',1,'',336,1,308,'',NULL,2800.00,1,0),(2712,'PCJ700897','ចិញ្ចៀនដាំស្នាយ+ត្បុងទឺកក្រូច',0.00,936.00,1,'',NULL,264.0000,9,2,NULL,'2024-08-21 10:42:06','2024-08-21 10:42:06',1,'',308,1,280,'',NULL,2800.00,1,0),(2713,'PCJ700898','ចិញ្ចៀនដាំស្នាយ',0.00,361.00,1,'',NULL,109.0000,9,2,NULL,'2024-08-21 10:42:06','2024-08-21 10:42:06',1,'',126,1,112,'',NULL,2800.00,1,0),(2714,'PCJ700899','ចិញ្ចៀនដាំស្នាយ',0.00,343.00,1,'',NULL,122.0000,9,2,NULL,'2024-08-21 10:42:06','2024-08-21 10:42:06',1,'',112,1,98,'',NULL,2800.00,1,0),(2715,'PCJ700900','ចិញ្ចៀនដាំស្នាយ',0.00,216.00,1,'',NULL,61.0000,9,2,NULL,'2024-08-21 10:42:06','2024-08-21 10:42:06',1,'',98,1,84,'',NULL,2800.00,1,0),(2716,'PCJ700901','ចិញ្ចៀនដាំស្នាយ',0.00,692.00,1,'',NULL,248.0000,9,2,NULL,'2024-08-21 10:42:06','2024-08-21 10:42:06',1,'',224,1,196,'',NULL,2800.00,1,0),(2717,'PCJ700902','ចិញ្ចៀនម៉ូតលាត',0.00,476.00,1,'',NULL,187.0000,9,2,NULL,'2024-08-21 10:42:06','2024-08-21 10:42:06',1,'',133,1,112,'',NULL,2800.00,1,0),(2718,'PCJ700903','ចិញ្ចៀនដាំស្នាយ',0.00,227.00,1,'',NULL,71.0000,9,2,NULL,'2024-08-21 10:42:06','2024-08-21 10:42:06',1,'',98,1,84,'',NULL,2800.00,1,0),(2719,'PCJ700904','ចិញ្ចៀនដាំស្នាយ',0.00,225.00,1,'',NULL,72.0000,9,2,NULL,'2024-08-21 10:42:06','2024-08-21 10:42:06',1,'',98,1,84,'',NULL,2800.00,1,0),(2720,'PCJ700905','ចិញ្ចៀនដាំស្នាយ',0.00,300.00,1,'',NULL,95.0000,9,2,NULL,'2024-08-21 10:42:06','2024-08-21 10:42:06',1,'',112,1,98,'',NULL,2800.00,1,0),(2721,'PCJ700906','ចិញ្ចៀនដាំស្នាយ',0.00,294.00,1,'',NULL,90.0000,9,2,NULL,'2024-08-21 10:42:06','2024-08-21 10:42:06',1,'',112,1,98,'',NULL,2800.00,1,0),(2722,'PCJ700907','ចិញ្ចៀនដាំស្នាយ',0.00,384.00,1,'',NULL,145.0000,9,2,NULL,'2024-08-21 10:42:06','2024-08-21 10:42:06',1,'',112,1,98,'',NULL,2800.00,1,0),(2723,'PCJ700908','ចិញ្ចៀនដាំស្នាយ',0.00,1137.00,1,'',NULL,368.0000,9,2,NULL,'2024-08-21 10:42:06','2024-08-21 10:42:06',1,'',364,1,336,'',NULL,2800.00,1,0),(2724,'PCJ700909','ចិញ្ចៀនដាំស្នាយ',0.00,495.00,1,'',NULL,164.0000,9,2,NULL,'2024-08-21 10:42:06','2024-08-21 10:42:06',1,'',147,1,126,'',NULL,2800.00,1,0),(2725,'PCJ700910','ចិញ្ចៀនដាំស្នាយ',0.00,425.00,1,'',NULL,144.0000,9,2,NULL,'2024-08-21 10:42:06','2024-08-21 10:42:06',1,'',126,1,112,'',NULL,2800.00,1,0),(2726,'PCJ700911','ចិញ្ចៀនដាំស្នាយ',0.00,394.00,1,'',NULL,158.0000,9,2,NULL,'2024-08-21 10:42:06','2024-08-21 10:42:06',1,'',98,1,84,'',NULL,2800.00,1,0),(2727,'PCJ700912','ចិញ្ចៀនដាំស្នាយ',0.00,208.00,1,'',NULL,63.0000,9,2,NULL,'2024-08-21 10:42:06','2024-08-21 10:42:06',1,'',98,1,84,'',NULL,2800.00,1,0),(2728,'PCJ700913','ចិញ្ចៀនដាំស្នាយ',0.00,329.00,1,'',NULL,125.0000,9,2,NULL,'2024-08-21 10:42:06','2024-08-21 10:42:06',1,'',98,1,84,'',NULL,2800.00,1,0),(2729,'PCJ700914','ចិញ្ចៀនដាំស្នាយ',0.00,272.00,1,'',NULL,96.0000,9,2,NULL,'2024-08-21 10:42:06','2024-08-21 10:42:06',1,'',98,1,84,'',NULL,2800.00,1,0),(2730,'PCJ700915','ចិញ្ចៀនដាំស្នាយ',0.00,349.00,1,'',NULL,127.0000,9,2,NULL,'2024-08-21 10:42:06','2024-08-21 10:42:06',1,'',112,1,98,'',NULL,2800.00,1,0),(2731,'PCJ700916','ចិញ្ចៀនដាំស្នាយ',0.00,226.00,1,'',NULL,69.0000,9,2,NULL,'2024-08-21 10:42:06','2024-08-21 10:42:06',1,'',98,1,84,'',NULL,2800.00,1,0),(2732,'PCJ700917','ចិញ្ចៀនដាំស្នាយ',0.00,241.00,1,'',NULL,52.0000,9,2,NULL,'2024-08-21 10:42:06','2024-08-21 10:42:06',1,'',120.4,1,106.4,'',NULL,2800.00,1,0),(2733,'PCJ700918','ចិញ្ចៀនដាំស្នាយ',0.00,291.00,1,'',NULL,86.0000,9,2,NULL,'2024-08-21 10:42:06','2024-08-21 10:42:06',1,'',112,1,98,'',NULL,2800.00,1,0),(2734,'PCJ700919','ចិញ្ចៀនដាំស្នាយ',0.00,304.00,1,'',NULL,90.0000,9,2,NULL,'2024-08-21 10:42:06','2024-08-21 10:42:06',1,'',112,1,98,'',NULL,2800.00,1,0),(2735,'PCJ700920','ចិញ្ចៀនដាំស្នាយ',0.00,219.00,1,'',NULL,62.0000,9,2,NULL,'2024-08-21 10:42:06','2024-08-21 10:42:06',1,'',98,1,84,'',NULL,2800.00,1,0),(2736,'PCJ700921','ចិញ្ចៀនដាំស្នាយ',0.00,303.00,1,'',NULL,112.0000,9,2,NULL,'2024-08-21 10:42:06','2024-08-21 10:42:06',1,'',98,1,84,'',NULL,2800.00,1,0),(2737,'PCJ700922','ចិញ្ចៀនដាំស្នាយ',0.00,377.00,1,'',NULL,125.0000,9,2,NULL,'2024-08-21 10:42:06','2024-08-21 10:42:06',1,'',120.4,1,106.4,'',NULL,2800.00,1,0),(2738,'PCJ700923','ចិញ្ចៀនដាំស្នាយ',0.00,412.00,1,'',NULL,155.0000,9,2,NULL,'2024-08-21 10:42:06','2024-08-21 10:42:06',1,'',112,1,98,'',NULL,2800.00,1,0),(2739,'PCJ700924','ចិញ្ចៀនដាំស្នាយ',0.00,416.00,1,'',NULL,161.0000,9,2,NULL,'2024-08-21 10:42:06','2024-08-21 10:42:06',1,'',112,1,98,'',NULL,2800.00,1,0),(2740,'PCJ700925','ចិញ្ចៀនដាំស្នាយ',0.00,357.00,1,'',NULL,123.0000,9,2,NULL,'2024-08-21 10:42:06','2024-08-21 10:42:06',1,'',112,1,98,'',NULL,2800.00,1,0),(2741,'PCJ700926','ចិញ្ចៀនដាំស្នាយ',0.00,327.00,1,'',NULL,87.0000,9,2,NULL,'2024-08-21 10:42:06','2024-08-21 10:42:06',1,'',126,1,112,'',NULL,2800.00,1,0),(2742,'PCJ700927','ចិញ្ចៀនដាំស្នាយ',0.00,420.00,1,'',NULL,141.0000,9,2,NULL,'2024-08-21 10:42:06','2024-08-21 10:42:06',1,'',126,1,112,'',NULL,2800.00,1,0),(2743,'PCJ700928','ចិញ្ចៀនដាំស្នាយ+ត្បុងខៀវ',0.00,669.00,1,'',NULL,178.0000,9,2,NULL,'2024-08-21 10:42:06','2024-08-21 10:42:06',1,'',238,1,224,'',NULL,2800.00,1,0),(2744,'PCJ700929','បណ្តោងត្បូងស្នាយ',0.00,767.00,1,'',NULL,233.0000,9,2,NULL,'2024-08-21 10:42:06','2024-08-21 10:42:06',1,'',252,1,224,'',NULL,2800.00,1,0),(2745,'PCJ700930','បណ្តោងត្បូងស្នាយ',0.00,1568.00,1,'',NULL,482.0000,9,2,NULL,'2024-08-21 10:42:06','2024-08-21 10:42:06',1,'',420,1,392,'',NULL,2800.00,1,0),(2746,'PCJ700931','បណ្តោងត្បូងស្នាយ',0.00,379.00,1,'',NULL,108.0000,9,2,NULL,'2024-08-21 10:42:06','2024-08-21 10:42:06',1,'',161,1,140,'',NULL,2800.00,1,0),(2747,'PCJ700932','បណ្តោងត្បូងស្នាយ',0.00,244.00,1,'',NULL,70.0000,9,2,NULL,'2024-08-21 10:42:06','2024-08-21 10:42:06',1,'',98,1,84,'',NULL,2800.00,1,0),(2748,'PCJ700933','បន្តោងបេះដូងដាំស្នាយ',0.00,673.00,1,'',NULL,151.0000,9,2,NULL,'2024-08-21 10:42:06','2024-08-21 10:42:06',1,'',280,1,252,'',NULL,2800.00,1,0),(2749,'PCJ700934','បណ្តោងដាំស្នាយ+ត្បូងទឺកក្រូច',0.00,265.00,1,'',NULL,56.0000,9,2,NULL,'2024-08-21 10:42:06','2024-08-21 10:42:06',1,'',126,1,112,'',NULL,2800.00,1,0),(2750,'PCJ700935','បណ្តោងស្នាយ',0.00,547.00,1,'',NULL,125.0000,9,2,NULL,'2024-08-21 10:42:06','2024-08-21 10:42:06',1,'',252,1,224,'',NULL,2800.00,1,0),(2751,'PCJ700936','បណ្តោងត្បូងខៀវលោមស្នាយ',0.00,754.00,1,'',NULL,153.0000,9,2,NULL,'2024-08-21 10:42:06','2024-08-21 10:42:06',1,'',308,1,280,'',NULL,2800.00,1,0),(2752,'PCJ700937','បណ្តោងស្នាយផ្កាតូច',0.00,345.00,1,'',NULL,97.0000,9,2,NULL,'2024-08-21 10:42:06','2024-08-21 10:42:06',1,'',126,1,112,'',NULL,2800.00,1,0),(2753,'PCJ700938','បណ្តោងស្នាយពណ៍ខៀវ',0.00,460.00,1,'',NULL,88.0000,9,2,NULL,'2024-08-21 10:42:06','2024-08-21 10:42:06',1,'',217,1,196,'',NULL,2800.00,1,0),(2754,'PCJ700939','ចិញ្ចៀនដាំស្នាយ',0.00,234.00,1,'',NULL,67.0000,9,2,NULL,'2024-08-21 10:42:06','2024-08-21 10:42:06',1,'',112,1,98,'',NULL,2800.00,1,0),(2755,'PCJ700940','ក្រវិលកាវលោមស្នាយ',0.00,763.00,1,'',NULL,167.0000,9,2,NULL,'2024-08-21 10:42:06','2024-08-21 10:42:06',1,'',308,1,280,'',NULL,2800.00,1,0),(2756,'PCJ700941','ចិញ្ចៀនដាំស្នាយ',0.00,248.00,1,'',NULL,74.0000,9,2,NULL,'2024-08-21 10:42:06','2024-08-21 10:42:06',1,'',112,1,98,'',NULL,2800.00,1,0),(2757,'PCJ700942','បណ្តោងដាមស្នាយ',0.00,432.00,1,'',NULL,141.0000,9,2,NULL,'2024-08-21 10:42:06','2024-08-21 10:42:06',1,'',154,1,140,'',NULL,2800.00,1,0),(2758,'PCJ700943','ក្រវិលដាំស្នាយ',0.00,483.00,1,'',NULL,148.0000,9,2,NULL,'2024-08-21 10:42:06','2024-08-21 10:42:06',1,'',154,1,140,'',NULL,2800.00,1,0),(2759,'PCJ700944','ក្រវិលដាំស្នាយ',0.00,920.00,1,'',NULL,261.0000,9,2,NULL,'2024-08-21 10:42:06','2024-08-21 10:42:06',1,'',308,1,280,'',NULL,2800.00,1,0),(2760,'PCJ700945','ក្រវិលដាំស្នាយ',0.00,628.00,1,'',NULL,156.0000,9,2,NULL,'2024-08-21 10:42:06','2024-08-21 10:42:06',1,'',245,1,224,'',NULL,2800.00,1,0),(2761,'PCJ700946','ក្រវិលដាំស្នាយ',0.00,575.00,1,'',NULL,136.0000,9,2,NULL,'2024-08-21 10:42:06','2024-08-21 10:42:06',1,'',252,1,224,'',NULL,2800.00,1,0),(2762,'PCJ700947','បណ្តោងដាំស្នាយ',0.00,370.00,1,'',NULL,94.0000,9,2,NULL,'2024-08-21 10:42:06','2024-08-21 10:42:06',1,'',161,1,140,'',NULL,2800.00,1,0),(2763,'PCJ700948','ក្រវិលដាំស្នាយ',0.00,405.00,1,'',NULL,125.0000,9,2,NULL,'2024-08-21 10:42:06','2024-08-21 10:42:06',1,'',154,1,140,'',NULL,2800.00,1,0),(2764,'PCJ700949','ក្រវិលដាំស្នាយ',0.00,586.00,1,'',NULL,159.0000,9,2,NULL,'2024-08-21 10:42:06','2024-08-21 10:42:06',1,'',210,1,196,'',NULL,2800.00,1,0),(2765,'PCJ700950','ក្រវិលដាំស្នាយ',0.00,405.00,1,'',NULL,99.0000,9,2,NULL,'2024-08-21 10:42:06','2024-08-21 10:42:06',1,'',182,1,168,'',NULL,2800.00,1,0),(2766,'PCJ700951','ក្រវិលដាំស្នាយ',0.00,476.00,1,'',NULL,133.0000,9,2,NULL,'2024-08-21 10:42:06','2024-08-21 10:42:06',1,'',154,1,140,'',NULL,2800.00,1,0),(2767,'PCJ700952','ក្រវិលដាំស្នាយ',0.00,399.80,1,'',NULL,123.0000,9,2,NULL,'2024-08-21 10:42:06','2024-08-21 10:42:06',1,'',154,1,140,'',NULL,2800.00,1,0),(2768,'PCJ700953','ក្រវិលដាំស្នាយ',0.00,528.00,1,'',NULL,120.0000,9,2,NULL,'2024-08-21 10:42:06','2024-08-21 10:42:06',1,'',217,1,196,'',NULL,2800.00,1,0),(2769,'PCJ700954','ក្រវិលដាំស្នាយ',0.00,412.00,1,'',NULL,133.0000,9,2,NULL,'2024-08-21 10:42:06','2024-08-21 10:42:06',1,'',154,1,140,'',NULL,2800.00,1,0),(2770,'PCJ700955','ក្រវិលដាំស្នាយ',0.00,1237.00,1,'',NULL,363.0000,9,2,NULL,'2024-08-21 10:42:06','2024-08-21 10:42:06',1,'',336,1,308,'',NULL,2800.00,1,0),(2771,'PCJ700956','ក្រវិលដាំស្នាយ',0.00,723.00,1,'',NULL,199.0000,9,2,NULL,'2024-08-21 10:42:06','2024-08-21 10:42:06',1,'',252,1,224,'',NULL,2800.00,1,0),(2772,'PCJ700957','ក្រវិលដាំស្នាយ',0.00,307.00,1,'',NULL,90.0000,9,2,NULL,'2024-08-21 10:42:06','2024-08-21 10:42:06',1,'',112,1,98,'',NULL,2800.00,1,0),(2773,'PCJ700958','ខ្សែដែស្នាយ',0.00,761.00,1,'',NULL,243.0000,9,2,NULL,'2024-08-21 10:42:06','2024-08-21 10:42:06',1,'',252,1,224,'',NULL,2800.00,1,0),(2774,'PCJ700959','ខ្សែដែស្នាយ',0.00,997.00,1,'',NULL,375.0000,9,2,NULL,'2024-08-21 10:42:06','2024-08-21 10:42:06',1,'',252,1,224,'',NULL,2800.00,1,0),(2775,'PCJ700960','ខ្សែដែស្នាយ',0.00,747.00,1,'',NULL,239.0000,9,2,NULL,'2024-08-21 10:42:06','2024-08-21 10:42:06',1,'',252,1,224,'',NULL,2800.00,1,0),(2776,'PCJ700961','ខ្សែដែស្នាយ',0.00,682.00,1,'',NULL,197.0000,9,2,NULL,'2024-08-21 10:42:06','2024-08-21 10:42:06',1,'',238,1,224,'',NULL,2800.00,1,0),(2777,'PCJ700962','បណ្តោងដាំស្នាយ',0.00,509.00,1,'',NULL,165.0000,9,2,NULL,'2024-08-21 10:42:07','2024-08-21 10:42:07',1,'',196,1,168,'',NULL,2800.00,1,0),(2778,'PCJ700963','បណ្តោងដាំស្នាយ',0.00,1109.00,1,'',NULL,321.0000,9,2,NULL,'2024-08-21 10:42:07','2024-08-21 10:42:07',1,'',392,1,364,'',NULL,2800.00,1,0),(2779,'PCJ700964','បណ្តោងដាំស្នាយ',0.00,413.00,1,'',NULL,144.0000,9,2,NULL,'2024-08-21 10:42:07','2024-08-21 10:42:07',1,'',126,1,112,'',NULL,2800.00,1,0),(2780,'PCJ700965','ក្រវិលដាំស្នាយម៉ូតសៀត',0.00,878.00,1,'',NULL,258.0000,9,2,NULL,'2024-08-21 10:42:07','2024-08-21 10:42:07',1,'',308,1,280,'',NULL,2800.00,1,0),(2781,'PCJ700966','បណ្តោងដាំស្នាយ',0.00,780.00,1,'',NULL,213.0000,9,2,NULL,'2024-08-21 10:42:07','2024-08-21 10:42:07',1,'',308,1,280,'',NULL,2800.00,1,0),(2782,'PCJ700967','ក្រវិលកាបដាំស្នាយ',0.00,694.00,1,'',NULL,155.0000,9,2,NULL,'2024-08-21 10:42:07','2024-08-21 10:42:07',1,'',308,1,280,'',NULL,2800.00,1,0),(2783,'PCJ700968','បណ្តោងដាំស្នាយ',0.00,240.00,1,'',NULL,70.0000,9,2,NULL,'2024-08-21 10:42:07','2024-08-21 10:42:07',1,'',98,1,84,'',NULL,2800.00,1,0),(2784,'PCJ700969','ក្រវិលកាបដាំស្នាយ',0.00,969.00,1,'',NULL,214.0000,9,2,NULL,'2024-08-21 10:42:07','2024-08-21 10:42:07',1,'',392,1,364,'',NULL,2800.00,1,0),(2785,'PCJ700970','បណ្តោងដាំស្នាយ',0.00,310.00,1,'',NULL,83.0000,9,2,NULL,'2024-08-21 10:42:07','2024-08-21 10:42:07',1,'',126,1,112,'',NULL,2800.00,1,0),(2786,'PCJ700971','បណ្តោងដាំស្នាយ',0.00,409.00,1,'',NULL,95.0000,9,2,NULL,'2024-08-21 10:42:07','2024-08-21 10:42:07',1,'',182,1,168,'',NULL,2800.00,1,0),(2787,'PCJ700972','បណ្តោងដាំស្នាយ',0.00,340.00,1,'',NULL,102.0000,9,2,NULL,'2024-08-21 10:42:07','2024-08-21 10:42:07',1,'',126,1,112,'',NULL,2800.00,1,0),(2788,'PCJ700973','បណ្តោងដាំស្នាយ',0.00,327.00,1,'',NULL,100.0000,9,2,NULL,'2024-08-21 10:42:07','2024-08-21 10:42:07',1,'',126,1,112,'',NULL,2800.00,1,0),(2789,'PCJ700974','ក្រវិលកាវដាំស្នាយ',0.00,1054.00,1,'',NULL,300.0000,9,2,NULL,'2024-08-21 10:42:07','2024-08-21 10:42:07',1,'',364,1,336,'',NULL,2800.00,1,0),(2790,'PCJ700975','បណ្តោងដាំស្នាយ',0.00,170.00,1,'',NULL,44.0000,9,2,NULL,'2024-08-21 10:42:07','2024-08-21 10:42:07',1,'',92.4,1,78.4,'',NULL,2800.00,1,0),(2791,'PCJ700976','បណ្តោងដាំស្នាយ',0.00,514.00,1,'',NULL,156.0000,9,2,NULL,'2024-08-21 10:42:07','2024-08-21 10:42:07',1,'',196,1,168,'',NULL,2800.00,1,0),(2792,'PCJ700977','បណ្តោងដាំស្នាយ',0.00,425.00,1,'',NULL,88.0000,9,2,NULL,'2024-08-21 10:42:07','2024-08-21 10:42:07',1,'',182,1,168,'',NULL,2800.00,1,0),(2793,'PCJ700978','បណ្តោងដាំស្នាយ',0.00,261.00,1,'',NULL,60.0000,9,2,NULL,'2024-08-21 10:42:07','2024-08-21 10:42:07',1,'',126,1,112,'',NULL,2800.00,1,0),(2794,'PCJ700979','បណ្តោងដាំស្នាយ',0.00,197.00,1,'',NULL,48.0000,9,2,NULL,'2024-08-21 10:42:07','2024-08-21 10:42:07',1,'',112,1,98,'',NULL,2800.00,1,0),(2795,'PCJ700980','បណ្តោងដាំស្នាយ',0.00,198.00,1,'',NULL,48.0000,9,2,NULL,'2024-08-21 10:42:07','2024-08-21 10:42:07',1,'',112,1,98,'',NULL,2800.00,1,0),(2796,'PCJ700981','បណ្តោងដាំស្នាយ',0.00,300.00,1,'',NULL,76.0000,9,2,NULL,'2024-08-21 10:42:07','2024-08-21 10:42:07',1,'',140,1,126,'',NULL,2800.00,1,0),(2797,'PCJ700982','ក្រវិលកាវដាំស្នាយ',0.00,457.00,1,'',NULL,130.0000,9,2,NULL,'2024-08-21 10:42:07','2024-08-21 10:42:07',1,'',154,1,140,'',NULL,2800.00,1,0),(2798,'PCJ700983','ក្រវិលកាវដាំស្នាយ',0.00,205.00,1,'',NULL,61.0000,9,2,NULL,'2024-08-21 10:42:07','2024-08-21 10:42:07',1,'',98,1,84,'',NULL,2800.00,1,0),(2799,'PCJ700984','ក្រវិលកាវដាំស្នាយ',0.00,523.00,1,'',NULL,160.0000,9,2,NULL,'2024-08-21 10:42:07','2024-08-21 10:42:07',1,'',154,1,140,'',NULL,2800.00,1,0),(2800,'PCJ700985','ក្រវិលកាវដាំស្នាយ',0.00,512.00,1,'',NULL,154.0000,9,2,NULL,'2024-08-21 10:42:07','2024-08-21 10:42:07',1,'',154,1,140,'',NULL,2800.00,1,0),(2801,'PCJ700986','ក្រវិលចង្ហាល់ដាំស្នាយ',0.00,577.00,1,'',NULL,185.0000,9,2,NULL,'2024-08-21 10:42:07','2024-08-21 10:42:07',1,'',224,1,196,'',NULL,2800.00,1,0),(2802,'PCJ700987','ក្រវិលកាវដាំស្នាយ',0.00,339.00,1,'',NULL,71.0000,9,2,NULL,'2024-08-21 10:42:07','2024-08-21 10:42:07',1,'',154,1,140,'',NULL,2800.00,1,0),(2803,'PCJ700988','ក្រវិលកាវដាំស្នាយ',0.00,420.00,1,'',NULL,123.0000,9,2,NULL,'2024-08-21 10:42:07','2024-08-21 10:42:07',1,'',126,1,112,'',NULL,2800.00,1,0),(2804,'PCJ700989','ក្រវិលកាវដាំស្នាយ',0.00,570.00,1,'',NULL,172.0000,9,2,NULL,'2024-08-21 10:42:07','2024-08-21 10:42:07',1,'',235.2,1,210,'',NULL,2800.00,1,0),(2805,'PCJ700990','ក្រវិលកាវដាំស្នាយ',0.00,351.00,1,'',NULL,113.0000,9,2,NULL,'2024-08-21 10:42:07','2024-08-23 12:19:14',0,'',120.4,1,106.4,'',NULL,2800.00,1,0),(2806,'PCJ700991','ក្រវិលកាវដាំស្នាយ',0.00,450.00,1,'',NULL,124.0000,9,2,NULL,'2024-08-21 10:42:07','2024-08-21 10:42:07',1,'',154,1,140,'',NULL,2800.00,1,0),(2807,'PCJ700992','ក្រវិលកាវដាំស្នាយ',0.00,443.00,1,'',NULL,127.0000,9,2,NULL,'2024-08-21 10:42:07','2024-08-21 10:42:07',1,'',154,1,140,'',NULL,2800.00,1,0),(2808,'PCJ700993','ក្រវិលកាវដាំស្នាយ',0.00,463.00,1,'',NULL,141.0000,9,2,NULL,'2024-08-21 10:42:07','2024-08-21 10:42:07',1,'',154,1,140,'',NULL,2800.00,1,0),(2809,'PCJ700994','ក្រវិលកាវដាំស្នាយ',0.00,548.00,1,'',NULL,161.0000,9,2,NULL,'2024-08-21 10:42:07','2024-08-21 10:42:07',1,'',224,1,196,'',NULL,2800.00,1,0),(2810,'PCJ700995','ក្រវិលដាំស្នាយ',0.00,673.00,1,'',NULL,187.0000,9,2,NULL,'2024-08-21 10:42:07','2024-08-21 10:42:07',1,'',224,1,196,'',NULL,2800.00,1,0),(2811,'PCJ700996','ក្រវិលដាំស្នាយ',0.00,318.00,1,'',NULL,97.0000,9,2,NULL,'2024-08-21 10:42:07','2024-08-21 10:42:07',1,'',126,1,112,'',NULL,2800.00,1,0),(2812,'PCJ700997','ក្រវិលដាំស្នាយ',0.00,486.00,1,'',NULL,122.0000,9,2,NULL,'2024-08-21 10:42:07','2024-08-21 10:42:07',1,'',182,1,168,'',NULL,2800.00,1,0),(2813,'PCJ700998','ក្រវិលដាំស្នាយ',0.00,484.00,1,'',NULL,146.0000,9,2,NULL,'2024-08-21 10:42:07','2024-08-21 10:42:07',1,'',154,1,140,'',NULL,2800.00,1,0),(2814,'PCJ700999','ចិញ្ចៀនតាំងកូដាំស្នាយ',0.00,1120.00,1,'',NULL,343.0000,9,2,NULL,'2024-08-21 10:42:07','2024-08-21 10:42:07',1,'',392,1,364,'',NULL,2800.00,1,0),(2815,'PCJ701000','ចិញ្ចៀនដាំស្នាយ',0.00,494.00,1,'',NULL,152.0000,9,2,NULL,'2024-08-21 10:42:07','2024-08-21 10:42:07',1,'',203,1,182,'',NULL,2800.00,1,0),(2816,'PCJ701001','ចិញ្ចៀនដាំស្នាយ',0.00,590.00,1,'',NULL,202.0000,9,2,NULL,'2024-08-21 10:42:07','2024-08-21 10:42:07',1,'',207.2,1,182,'',NULL,2800.00,1,0),(2817,'PCJ701002','ចិញ្ចៀនដាំស្នាយ',0.00,403.00,1,'',NULL,141.0000,9,2,NULL,'2024-08-21 10:42:07','2024-08-21 10:42:07',1,'',134.4,1,120.4,'',NULL,2800.00,1,0),(2818,'PCJ701003','ចិញ្ចៀនដាំស្នាយ+ត្បូងបណ៍ទឹកសមុទ្រ',0.00,746.00,1,'',NULL,164.0000,9,2,NULL,'2024-08-21 10:42:07','2024-08-21 10:42:07',1,'',308,1,280,'',NULL,2800.00,1,0),(2819,'PCJ701004','បណ្តោងត្បូងដាំស្នាយ',0.00,594.00,1,'',NULL,220.0000,9,2,NULL,'2024-08-21 10:42:07','2024-08-21 10:42:07',1,'',154,1,140,'',NULL,2800.00,1,0),(2820,'PCJ701005','បណ្តោងត្បូងដាំស្នាយ',0.00,726.00,1,'',NULL,247.0000,9,2,NULL,'2024-08-21 10:42:07','2024-08-21 10:42:07',1,'',224,1,196,'',NULL,2800.00,1,0),(2821,'PCJ701006','បណ្តោងត្បូងដាំស្នាយ',0.00,167.00,1,'',NULL,40.0000,9,2,NULL,'2024-08-21 10:42:07','2024-08-21 10:42:07',1,'',98,1,84,'',NULL,2800.00,1,0),(2822,'PCJ701007','បណ្តោងត្បូងដាំស្នាយ+ត្បុងខៀវ',0.00,295.00,1,'',NULL,66.0000,9,2,NULL,'2024-08-21 10:42:07','2024-08-21 10:42:07',1,'',126,1,112,'',NULL,2800.00,1,0),(2823,'PCJ701008','ខ្សែដែដាំស្នាយ',0.00,1437.00,1,'',NULL,548.0000,9,2,NULL,'2024-08-21 10:42:07','2024-08-21 10:42:07',1,'',336,1,308,'',NULL,2800.00,1,0),(2824,'PCJ701009','ក្រវិលកាវដាំស្នាយ',0.00,533.00,1,'',NULL,175.0000,9,2,NULL,'2024-08-21 10:42:07','2024-08-21 10:42:07',1,'',154,1,140,'',NULL,2800.00,1,0),(2825,'PCJ701010','ក្រវិលរុំយោលដាំស្នាយ',0.00,423.00,1,'',NULL,133.0000,9,2,NULL,'2024-08-21 10:42:07','2024-08-21 10:42:07',1,'',154,1,140,'',NULL,2800.00,1,0),(2826,'PCJ701011','ចិញ្ចៀនស្រីដាំស្នាយ+ត្បូងទឹកក្រូច',0.00,633.00,1,'',NULL,143.0000,9,2,NULL,'2024-08-21 10:42:07','2024-08-21 10:42:07',1,'',280,1,252,'',NULL,2800.00,1,0),(2827,'PCJ701012','ខ្សែកស្វ៊រ៉េដាំស្នាយ',0.00,4637.00,1,'',NULL,1729.0000,9,2,NULL,'2024-08-21 10:42:07','2024-08-21 10:42:07',1,'',882,1,840,'',NULL,2800.00,1,0),(2828,'PCJ701013','ខ្សែកកាត់តាឡុកដាំស្នាយ',0.00,2948.00,1,'',NULL,849.0000,9,2,NULL,'2024-08-21 10:42:07','2024-08-21 10:42:07',1,'',882,1,840,'',NULL,2800.00,1,0),(2829,'PCJ701014','ខ្សែកកាត់តាឡុកដាំស្នាយ',0.00,3640.00,1,'',NULL,1093.0000,9,2,NULL,'2024-08-21 10:42:07','2024-08-21 10:42:07',1,'',994,1,952,'',NULL,2800.00,1,0),(2830,'PCJ701015','ចិញ្ចៀនតាំងកូដាំស្នាយ',0.00,564.00,1,'',NULL,191.0000,9,2,NULL,'2024-08-21 10:42:07','2024-08-21 10:42:07',1,'',196,1,168,'',NULL,2800.00,1,0),(2831,'PCJ701016','ចិញ្ចៀនកញ្ចាំដាំស្នាយ',0.00,732.00,1,'',NULL,236.0000,9,2,NULL,'2024-08-21 10:42:07','2024-08-21 10:42:07',1,'',252,1,224,'',NULL,2800.00,1,0),(2832,'PCJ701017','ចិញ្ចៀនតាំងកូដាំស្នាយ',0.00,512.00,1,'',NULL,190.0000,9,2,NULL,'2024-08-21 10:42:07','2024-08-21 10:42:07',1,'',140,1,126,'',NULL,2800.00,1,0),(2833,'PCJ701018','ចិញ្ចៀនដាំស្នាយ',0.00,465.00,1,'',NULL,170.0000,9,2,NULL,'2024-08-21 10:42:07','2024-08-21 10:42:07',1,'',147,1,126,'',NULL,2800.00,1,0),(2834,'PCJ701019','ចិញ្ចៀនដាំស្នាយ',0.00,768.00,1,'',NULL,180.0000,9,2,NULL,'2024-08-21 10:42:07','2024-08-21 10:42:07',1,'',308,1,280,'',NULL,2800.00,1,0),(2835,'PCJ701020','បណ្តោងដាំស្នាយ',0.00,339.00,1,'',NULL,96.0000,9,2,NULL,'2024-08-21 10:42:07','2024-08-21 10:42:07',1,'',126,1,112,'',NULL,2800.00,1,0),(2836,'PCJ701021','ចិញ្ចៀនដាំស្នាយ',0.00,483.00,1,'',NULL,151.0000,9,2,NULL,'2024-08-21 10:42:07','2024-08-21 10:42:07',1,'',168,1,154,'',NULL,2800.00,1,0),(2837,'PCJ701022','ក្រវិលកងដាំស្នាយ',0.00,776.00,1,'',NULL,259.0000,9,2,NULL,'2024-08-21 10:42:07','2024-08-21 10:42:07',1,'',224,1,196,'',NULL,2800.00,1,0),(2838,'PCJ701023','ចិញ្ចៀនដាំស្នាយ',0.00,484.00,1,'',NULL,179.0000,9,2,NULL,'2024-08-21 10:42:07','2024-08-21 10:42:07',1,'',147,1,126,'',NULL,2800.00,1,0),(2839,'PCJ701024','ចិញ្ចៀនតាំងកូដាំស្នាយ',0.00,1268.00,1,'',NULL,378.0000,9,2,NULL,'2024-08-21 10:42:07','2024-08-21 10:42:07',1,'',462,1,420,'',NULL,2800.00,1,0),(2840,'PCJ701025','ចិញ្ចៀនដាំស្នាយ',0.00,336.00,1,'',NULL,106.0000,9,2,NULL,'2024-08-21 10:42:07','2024-08-21 10:42:07',1,'',133,1,112,'',NULL,2800.00,1,0),(2841,'PCJ701026','ចិញ្ចៀនតាំងកូដាំស្នាយ',0.00,1151.00,1,'',NULL,380.0000,9,2,NULL,'2024-08-21 10:42:07','2024-08-21 10:42:07',1,'',364,1,336,'',NULL,2800.00,1,0),(2842,'PCJ701027','ខ្សែកស្វ៊រ៉េដាំស្នាយ',0.00,2123.00,1,'',NULL,729.0000,9,2,NULL,'2024-08-21 10:42:07','2024-08-21 10:42:07',1,'',504,1,476,'',NULL,2800.00,1,0),(2843,'PCJ701028','បណ្តោងដាំស្នាយ',0.00,627.00,1,'',NULL,181.0000,9,2,NULL,'2024-08-21 10:42:07','2024-08-21 10:42:07',1,'',252,1,224,'',NULL,2800.00,1,0),(2844,'PCJ701029','បណ្តោងដាំស្នាយ',0.00,334.00,1,'',NULL,103.0000,9,2,NULL,'2024-08-21 10:42:07','2024-08-21 10:42:07',1,'',126,1,112,'',NULL,2800.00,1,0),(2845,'PCJ701030','បណ្តោងរូបព្រះម៉ែដាំស្នាយ',0.00,1166.00,1,'',NULL,308.0000,9,2,NULL,'2024-08-21 10:42:07','2024-08-21 10:42:07',1,'',406,1,364,'',NULL,2800.00,1,0),(2846,'PCJ701031','ក្រវិលកាវដាមស្នាយ',0.00,428.00,1,'',NULL,139.0000,9,2,NULL,'2024-08-21 10:42:07','2024-08-21 10:42:07',1,'',161,1,140,'',NULL,2800.00,1,0),(2847,'PCJ701032','បណ្តោងដាំស្នាយ',0.00,243.00,1,'',NULL,58.0000,9,2,NULL,'2024-08-21 10:42:07','2024-08-21 10:42:07',1,'',112,1,98,'',NULL,2800.00,1,0),(2848,'PCJ701033','ក្រវិលកាវបេះដូងដាំស្នាយ',0.00,510.00,1,'',NULL,153.0000,9,2,NULL,'2024-08-21 10:42:07','2024-08-21 10:42:07',1,'',161,1,140,'',NULL,2800.00,1,0),(2849,'PCJ701034','ខ្សែកស្វ៊រ៉េដាំស្នាយ',0.00,2559.00,1,'',NULL,998.0000,9,2,NULL,'2024-08-21 10:42:07','2024-08-21 10:42:07',1,'',448,1,420,'',NULL,2800.00,1,0),(2850,'PCJ701035','ក្រវិលលោមស្នាយ',0.00,1009.00,1,'',NULL,264.0000,9,2,NULL,'2024-08-21 10:42:07','2024-08-21 10:42:07',1,'',364,1,336,'',NULL,2800.00,1,0),(2851,'PCJ701036','ក្រវិលកាវដាំស្នាយ',0.00,342.00,1,'',NULL,103.0000,9,2,NULL,'2024-08-21 10:42:07','2024-08-21 10:42:07',1,'',126,1,112,'',NULL,2800.00,1,0),(2852,'PCJ701037','ខ្សែកអង្កាំច្រវ៉ាក់',0.00,666.00,1,'',NULL,298.0000,9,2,NULL,'2024-08-21 10:42:07','2024-08-21 10:42:07',1,'',98,1,84,'',NULL,2800.00,1,0),(2853,'PCJ701038','ចិញ្ចៀនត្បូងគ្រប់ពណ៍',0.00,330.00,1,'',NULL,114.0000,9,2,NULL,'2024-08-21 10:42:07','2024-08-21 10:42:07',1,'',98,1,84,'',NULL,2800.00,1,0),(2854,'PCJ701039','ក្រវិលកាវដាំស្នាយ',0.00,333.00,1,'',NULL,103.0000,9,2,NULL,'2024-08-21 10:42:07','2024-08-21 10:42:07',1,'',126,1,112,'',NULL,2800.00,1,0),(2855,'PCJ701040','ក្រវិលកាវដាំស្នាយ',0.00,465.00,1,'',NULL,125.0000,9,2,NULL,'2024-08-21 10:42:07','2024-08-21 10:42:07',1,'',154,1,140,'',NULL,2800.00,1,0),(2856,'PCJ701041','ក្រវិលកាវដាំស្នាយ',0.00,223.00,1,'',NULL,67.0000,9,2,NULL,'2024-08-21 10:42:07','2024-08-21 10:42:07',1,'',103.6,1,89.6,'',NULL,2800.00,1,0),(2857,'PCJ701042','ខ្សែដៃអង្កាំ',0.00,252.00,1,'',NULL,100.0000,9,2,NULL,'2024-08-21 10:42:07','2024-08-21 10:42:07',1,'',70,1,56,'',NULL,2800.00,1,0),(2858,'PCJ701043','ចិញ្ចៀនត្បុងដាំស្នាយពណ៍ទឹកក្រូច',0.00,658.00,1,'',NULL,173.0000,9,2,NULL,'2024-08-21 10:42:07','2024-08-21 10:42:07',1,'',238,1,224,'',NULL,2800.00,1,0),(2859,'PCJ701044','ក្រវិលដាំស្នាយ',0.00,300.00,1,'',NULL,86.0000,9,2,NULL,'2024-08-21 10:42:07','2024-08-21 10:42:07',1,'',112,1,98,'',NULL,2800.00,1,0),(2860,'PCJ701045','ក្រវិលដាំស្នាយ',0.00,346.00,1,'',NULL,94.0000,9,2,NULL,'2024-08-21 10:42:07','2024-08-21 10:42:07',1,'',126,1,112,'',NULL,2800.00,1,0),(2861,'PCJ701046','ក្រវិលកាវដាំស្នាយ',0.00,342.00,1,'',NULL,79.0000,9,2,NULL,'2024-08-21 10:42:07','2024-08-21 10:42:07',1,'',154,1,140,'',NULL,2800.00,1,0),(2862,'PCJ701047','ក្រវិលកាវដាំស្នាយ',0.00,334.00,1,'',NULL,100.0000,9,2,NULL,'2024-08-21 10:42:07','2024-08-21 10:42:07',1,'',112,1,98,'',NULL,2800.00,1,0),(2863,'PCJ701048','ក្រវិលកាវដាំស្នាយ',0.00,379.00,1,'',NULL,103.0000,9,2,NULL,'2024-08-21 10:42:07','2024-08-21 10:42:07',1,'',112,1,98,'',NULL,2800.00,1,0),(2864,'PCJ701049','ក្រវិលកាវដាំស្នាយ',0.00,380.00,1,'',NULL,86.0000,9,2,NULL,'2024-08-21 10:42:07','2024-08-21 10:42:07',1,'',126,1,112,'',NULL,2800.00,1,0),(2865,'PCJ701050','ក្រវិលដាំស្នាយ',0.00,388.00,1,'',NULL,117.0000,9,2,NULL,'2024-08-21 10:42:07','2024-08-21 10:42:07',1,'',154,1,140,'',NULL,2800.00,1,0),(2866,'PCJ701051','ក្រវិលកញ្ចុំដាំស្នាយ',0.00,279.00,1,'',NULL,78.0000,9,2,NULL,'2024-08-21 10:42:07','2024-08-21 10:42:07',1,'',126,1,112,'',NULL,2800.00,1,0),(2867,'PCJ701052','ក្រវិលដាំស្នាយ',0.00,441.00,1,'',NULL,126.0000,9,2,NULL,'2024-08-21 10:42:07','2024-08-21 10:42:07',1,'',154,1,140,'',NULL,2800.00,1,0),(2868,'PCJ701053','ក្រវិលដាំស្នាយ',0.00,317.00,1,'',NULL,88.0000,9,2,NULL,'2024-08-21 10:42:08','2024-08-21 10:42:08',1,'',126,1,112,'',NULL,2800.00,1,0),(2869,'PCJ701054','ក្រវិលកាវផ្គុំដាំស្នាយ',0.00,340.00,1,'',NULL,100.0000,9,2,NULL,'2024-08-21 10:42:08','2024-08-21 10:42:08',1,'',140,1,126,'',NULL,2800.00,1,0),(2870,'PCJ701055','ក្រវិលកាវកួចដាំស្នាយ',0.00,485.00,1,'',NULL,165.0000,9,2,NULL,'2024-08-21 10:42:08','2024-08-21 10:42:08',1,'',140,1,126,'',NULL,2800.00,1,0),(2871,'PCJ701056','ក្រវិលកងវ៉ែនដាំស្នាយ',0.00,263.00,1,'',NULL,70.0000,9,2,NULL,'2024-08-21 10:42:08','2024-08-21 10:42:08',1,'',126,1,112,'',NULL,2800.00,1,0),(2872,'PCJ701057','ក្រវិលកងវ៉ែនដាំស្នាយ',0.00,294.00,1,'',NULL,93.0000,9,2,NULL,'2024-08-21 10:42:08','2024-08-21 10:42:08',1,'',112,1,98,'',NULL,2800.00,1,0),(2873,'PCJ701058','ក្រវិលកងដាំស្នាយ',0.00,261.00,1,'',NULL,78.0000,9,2,NULL,'2024-08-21 10:42:08','2024-08-21 10:42:08',1,'',112,1,98,'',NULL,2800.00,1,0),(2874,'PCJ701059','ក្រវិលកាវដាំស្នាយ',0.00,448.00,1,'',NULL,140.0000,9,2,NULL,'2024-08-21 10:42:08','2024-08-21 10:42:08',1,'',154,1,140,'',NULL,2800.00,1,0),(2875,'PCJ701060','ចិញ្ចៀនត្បូង១ដាំស្នាយ',0.00,450.00,1,'',NULL,123.0000,9,2,NULL,'2024-08-21 10:42:08','2024-08-21 10:42:08',1,'',154,1,140,'',NULL,2800.00,1,0),(2876,'PCJ701061','បន្តោងដាំស្នាយ',0.00,192.00,1,'',NULL,51.0000,9,2,NULL,'2024-08-21 10:42:08','2024-08-21 10:42:08',1,'',98,1,84,'',NULL,2800.00,1,0),(2877,'PCJ701062','ចិញ្ចៀនត្បូង១ដាំស្នាយ',0.00,333.00,1,'',NULL,71.0000,9,2,NULL,'2024-08-21 10:42:08','2024-08-21 10:42:08',1,'',140,1,126,'',NULL,2800.00,1,0),(2878,'PCJ701063','ចិញ្ចៀនត្បូង១ដាំស្នាយ',0.00,296.00,1,'',NULL,52.0000,9,2,NULL,'2024-08-21 10:42:08','2024-08-21 10:42:08',1,'',140,1,126,'',NULL,2800.00,1,0),(2879,'PCJ701064','បន្តោងត្បូងបេះដូងដាំស្នាយ',0.00,313.00,1,'',NULL,93.0000,9,2,NULL,'2024-08-21 10:42:08','2024-08-21 10:42:08',1,'',126,1,112,'',NULL,2800.00,1,0),(2880,'PCJ701065','ចិញ្ចៀនក្បាច់',0.00,246.00,1,'',NULL,91.0000,9,2,NULL,'2024-08-21 10:42:08','2024-08-21 10:42:08',1,'',84,1,70,'',NULL,2800.00,1,0),(2881,'PCJ701066','ចិញ្ចៀនជ្រុងដាំស្នាយ',0.00,449.00,1,'',NULL,141.0000,9,2,NULL,'2024-08-21 10:42:08','2024-08-21 10:42:08',1,'',140,1,126,'',NULL,2800.00,1,0),(2882,'PCJ701067','ចិញ្ចៀនស្រីដាំស្នាយ',0.00,729.00,1,'',NULL,230.0000,9,2,NULL,'2024-08-21 10:42:08','2024-08-21 10:42:08',1,'',245,1,224,'',NULL,2800.00,1,0),(2883,'PCJ750001','ចិញ្ចៀន',0.00,195.50,1,'',NULL,67.0000,15,2,NULL,'2024-08-21 10:42:08','2024-08-21 10:42:08',1,'',77.94,1,64.95,'',NULL,2598.00,83,0),(2884,'PCJ750002','ចិញ្ចៀន',0.00,191.50,1,'',NULL,65.0000,15,2,NULL,'2024-08-21 10:42:08','2024-08-21 10:42:08',1,'',77.94,1,64.95,'',NULL,2598.00,84,0),(2885,'PCJ750003','ខ្សែកថ្នាំអំពៅ',0.00,1971.00,1,'',NULL,933.0000,15,2,NULL,'2024-08-21 10:42:08','2024-08-21 10:42:08',1,'',181.86,1,155.88,'',NULL,2598.00,8,0),(2886,'PCJ750004','ខ្សែដៃLV',0.00,278.00,1,'',NULL,103.0000,15,2,NULL,'2024-08-21 10:42:08','2024-08-21 10:42:08',1,'',90.93,1,77.94,'',NULL,2598.00,8,0),(2887,'PCJ750005','បន្តោងខែ្សកVersace',0.00,995.00,1,'',NULL,458.0000,15,2,NULL,'2024-08-21 10:42:08','2024-08-21 10:42:08',1,'',116.91,1,103.92,'',NULL,2598.00,8,0),(2888,'PCJ750006','ខ្សែដៃប្រុសផ្លាក់៣កង់',0.00,3777.00,1,'',NULL,1819.0000,15,2,NULL,'2024-08-21 10:42:08','2024-08-21 10:42:08',1,'',272.79,1,233.82,'',NULL,2598.00,8,0),(2889,'PCJ750007','ខ្សែក',0.00,594.00,1,'',NULL,265.0000,15,2,NULL,'2024-08-21 10:42:08','2024-08-21 10:42:08',1,'',90.93,1,77.94,'',NULL,2598.00,85,0),(2890,'PCJ750008','ខ្សែក',0.00,582.00,1,'',NULL,260.0000,15,2,NULL,'2024-08-21 10:42:08','2024-08-21 10:42:08',1,'',90.93,1,77.94,'',NULL,2598.00,86,0),(2891,'PCJ750009','ខ្សែក',0.00,867.00,1,'',NULL,393.0000,15,2,NULL,'2024-08-21 10:42:08','2024-08-21 10:42:08',1,'',116.91,1,103.92,'',NULL,2598.00,8,0),(2892,'PCJ750010','បន្តោងខ្សែករូបតាកំប៉ោង',0.00,475.00,1,'',NULL,204.0000,15,2,NULL,'2024-08-21 10:42:08','2024-08-21 10:42:08',1,'',90.93,1,77.94,'',NULL,2598.00,8,0),(2893,'PCJ750011','បន្តោងខ្សែករូបយុថ្កា',0.00,363.00,1,'',NULL,147.0000,15,2,NULL,'2024-08-21 10:42:08','2024-08-21 10:42:08',1,'',90.93,1,77.94,'',NULL,2598.00,8,0),(2894,'PCJ750012','កងដៃ',0.00,1608.00,1,'',NULL,732.0000,15,2,NULL,'2024-08-21 10:42:08','2024-08-21 10:42:08',1,'',207.84,1,181.86,'',NULL,2598.00,8,0),(2895,'PCJ750013','ខ្សែដៃ',0.00,660.00,1,'',NULL,263.5000,15,2,NULL,'2024-08-21 10:42:08','2024-08-21 10:42:08',1,'',125.01,1,111.12,'',NULL,2778.00,87,0),(2896,'PCJ750014','ខ្សែដៃ',0.00,665.00,1,'',NULL,266.5000,15,2,NULL,'2024-08-21 10:42:08','2024-08-21 10:42:08',1,'',125.01,1,111.12,'',NULL,2778.00,88,0),(2897,'PCJ750015','ខ្សែដៃ',0.00,2094.00,1,'',NULL,912.0000,15,2,NULL,'2024-08-21 10:42:08','2024-08-21 10:42:08',1,'',222.24,1,194.46,'',NULL,2778.00,8,0),(2898,'PCJ750016','ខ្សែដៃបន្ទះ75%',0.00,3556.00,1,'',NULL,1561.0000,15,2,NULL,'2024-08-21 10:42:08','2024-08-21 10:42:08',1,'',358.41,1,330.84,'',NULL,2757.00,8,0),(2899,'PCJ750017','ក្រវិលផ្ការំដួល',0.00,270.00,1,'',NULL,98.0000,15,2,NULL,'2024-08-21 10:42:08','2024-08-21 10:42:08',1,'',82.71,1,68.925,'',NULL,2757.00,89,0),(2900,'PCJ750018','ក្រវិលផ្ការំដួល',0.00,275.00,1,'',NULL,100.0000,15,2,NULL,'2024-08-21 10:42:08','2024-08-21 10:42:08',1,'',82.71,1,68.925,'',NULL,2757.00,90,0),(2901,'PCJ750019','បណ្តោងផ្ការំដួល១ ',0.00,138.00,1,'',NULL,33.0000,15,2,NULL,'2024-08-21 10:42:08','2024-08-21 10:42:08',1,'',82.71,1,68.925,'',NULL,2757.00,91,0),(2902,'PCJ750020','ខ្សែក',0.00,2605.00,1,'',NULL,1141.0000,15,2,NULL,'2024-08-21 10:42:08','2024-08-21 10:42:08',1,'',289.485,1,248.13,'',NULL,2757.00,8,0),(2903,'PCJ750021','ខ្សែដៃរូបអង្គរ',0.00,1022.00,1,'',NULL,441.3333,15,2,NULL,'2024-08-21 10:42:08','2024-08-21 10:42:08',1,'',124.065,1,110.28,'',NULL,2757.00,8,0),(2904,'PCJ750022','ក្រវិល',0.00,153.00,1,'',NULL,47.5000,15,2,NULL,'2024-08-21 10:42:08','2024-08-21 10:42:08',1,'',68.925,1,55.14,'',NULL,2757.00,92,0),(2905,'PCJ750023','ក្រវិល',0.00,155.00,1,'',NULL,49.5000,15,2,NULL,'2024-08-21 10:42:08','2024-08-21 10:42:08',1,'',68.925,1,55.14,'',NULL,2757.00,93,0),(2906,'PCJ750024','ខ្សែដៃ',0.00,647.00,1,'',NULL,260.0000,15,2,NULL,'2024-08-21 10:42:08','2024-08-21 10:42:08',1,'',124.065,1,110.28,'',NULL,2757.00,8,0),(2907,'PCJ750025','ចិញ្ចៀន',0.00,116.00,1,'',NULL,36.0000,15,2,NULL,'2024-08-21 10:42:08','2024-08-21 10:42:08',1,'',55.56,1,41.67,'',NULL,2778.00,94,0),(2908,'PCJ750026','ចិញ្ចៀន',0.00,120.00,1,'',NULL,38.0000,15,2,NULL,'2024-08-21 10:42:08','2024-08-21 10:42:08',1,'',55.56,1,41.67,'',NULL,2778.00,95,0),(2909,'PCJ750027','ខ្សែក',0.00,1924.00,1,'',NULL,859.0000,15,2,NULL,'2024-08-21 10:42:08','2024-08-21 10:42:08',1,'',152.515,1,138.65,'',NULL,2773.00,8,0),(2910,'PCJ750028','ខ្សែក',0.00,1960.00,1,'',NULL,863.0000,15,2,NULL,'2024-08-21 10:42:08','2024-08-21 10:42:08',1,'',194.11,1,166.38,'',NULL,2773.00,8,0),(2911,'PCJ500028','ខ្សែដៃLV',0.00,192.00,1,'',NULL,88.0000,10,2,NULL,'2024-08-21 10:42:08','2024-08-21 10:42:08',1,'',90.93,1,77.94,'',NULL,2598.00,8,0),(2912,'PCJ500029','ខ្សែក',0.00,504.00,1,'',NULL,288.0000,10,2,NULL,'2024-08-21 10:42:08','2024-08-21 10:42:08',1,'',155.88,1,129.9,'',NULL,2598.00,8,0),(2913,'PCJ500030','ខ្សែដៃ',0.00,241.00,1,'',NULL,126.0000,10,2,NULL,'2024-08-21 10:42:08','2024-08-21 10:42:08',1,'',90.93,1,77.94,'',NULL,2598.00,8,0),(2914,'PCJ500154','កងដៃ',0.00,372.00,1,'',NULL,189.0000,10,2,NULL,'2024-08-21 10:42:08','2024-08-21 10:42:08',1,'',125.01,1,111.12,'',NULL,2778.00,8,0),(2915,'PCJ500174','កងដៃ',0.00,694.00,1,'',NULL,384.0000,10,2,NULL,'2024-08-21 10:42:08','2024-08-21 10:42:08',1,'',192.99,1,165.42,'',NULL,2757.00,8,0),(2916,'PCJ500175','កងដៃ',0.00,738.00,1,'',NULL,417.0000,10,2,NULL,'2024-08-21 10:42:08','2024-08-21 10:42:08',1,'',192.99,1,165.42,'',NULL,2757.00,8,0),(2917,'PCJ500176','កងដៃ',0.00,813.00,1,'',NULL,471.0000,10,2,NULL,'2024-08-21 10:42:08','2024-08-21 10:42:08',1,'',192.99,1,165.42,'',NULL,2757.00,8,0),(2918,'PCJ500177','កងដៃដែកគោល',0.00,675.00,1,'',NULL,370.0000,10,2,NULL,'2024-08-21 10:42:08','2024-08-21 10:42:08',1,'',192.99,1,165.42,'',NULL,2757.00,8,0),(2919,'PCJ500178','កងដៃ ',0.00,744.00,1,'',NULL,420.0000,10,2,NULL,'2024-08-21 10:42:08','2024-08-21 10:42:08',1,'',192.99,1,165.42,'',NULL,2757.00,96,0),(2920,'PCJ500179','កងដៃ ',0.00,868.00,1,'',NULL,511.0000,10,2,NULL,'2024-08-21 10:42:08','2024-08-21 10:42:08',1,'',192.99,1,165.42,'',NULL,2757.00,97,0),(2921,'PCJ500180','ខ្សែក',0.00,3451.00,1,'',NULL,1905.0000,10,2,NULL,'2024-08-21 10:42:08','2024-08-21 10:42:08',1,'',896.025,1,827.1,'',NULL,2757.00,8,0),(2922,'PCJ500181','បណ្តោង',0.00,99.00,1,'',NULL,42.0000,10,2,NULL,'2024-08-21 10:42:08','2024-08-21 10:42:08',1,'',41.355,1,41.355,'',NULL,2757.00,98,0),(2923,'PCJ500182','បណ្តោង',0.00,96.51,1,'',NULL,40.0000,10,2,NULL,'2024-08-21 10:42:08','2024-08-21 10:42:08',1,'',41.355,1,41.355,'',NULL,2757.00,99,0),(2924,'PCJ500183','បណ្តោង',0.00,106.14,1,'',NULL,47.0000,10,2,NULL,'2024-08-21 10:42:08','2024-08-21 10:42:08',1,'',41.355,1,41.355,'',NULL,2757.00,100,0),(2925,'PCJ500184','បណ្តោង',0.00,102.01,1,'',NULL,44.0000,10,2,NULL,'2024-08-21 10:42:08','2024-08-21 10:42:08',1,'',41.355,1,41.355,'',NULL,2757.00,101,0),(2926,'PCJ500185','បណ្តោង',0.00,90.98,1,'',NULL,36.0000,10,2,NULL,'2024-08-21 10:42:08','2024-08-21 10:42:08',1,'',41.355,1,41.355,'',NULL,2757.00,102,0),(2927,'PCJ500186','បណ្តោង',0.00,92.36,1,'',NULL,37.0000,10,2,NULL,'2024-08-21 10:42:08','2024-08-21 10:42:08',1,'',41.355,1,41.355,'',NULL,2757.00,103,0),(2928,'PCJ500187','ក្រវិល',0.00,107.00,1,'',NULL,38.0000,10,2,NULL,'2024-08-21 10:42:08','2024-08-21 10:42:08',1,'',68.925,1,55.14,'',NULL,2757.00,8,0),(2929,'PCJ500188','ខ្សែក',0.00,595.00,1,'',NULL,293.0000,10,2,NULL,'2024-08-21 10:42:08','2024-08-21 10:42:08',1,'',220.56,1,192.99,'',NULL,2757.00,8,0),(2930,'PCJ500189','កង',0.00,1594.00,1,'',NULL,908.0000,10,2,NULL,'2024-08-21 10:42:08','2024-08-21 10:42:08',1,'',361.14,1,333.36,'',NULL,2778.00,8,0),(2931,'PCJ500190','ខ្សែដៃ',0.00,680.00,1,'',NULL,370.0000,10,2,NULL,'2024-08-21 10:42:08','2024-08-21 10:42:08',1,'',180.57,1,166.68,'',NULL,2778.00,8,0),(2932,'PCJ500191','ខ្សែដៃ',0.00,980.00,1,'',NULL,586.0000,10,2,NULL,'2024-08-21 10:42:08','2024-08-23 12:16:14',0,'',180.57,1,166.68,'',NULL,2778.00,8,0),(2933,'PCJ500192','ខ្សែក',0.00,877.00,1,'',NULL,513.0000,10,2,NULL,'2024-08-21 10:42:08','2024-08-21 10:42:08',1,'',180.57,1,166.68,'',NULL,2778.00,8,0),(2934,'PCJ500193','ខ្សែដៃ',0.00,651.00,1,'',NULL,350.0000,10,2,NULL,'2024-08-21 10:42:08','2024-08-21 10:42:08',1,'',180.245,1,166.38,'',NULL,2773.00,8,0),(2935,'PCJ500194','កងដៃ',0.00,2429.00,1,'',NULL,1552.0000,10,2,NULL,'2024-08-21 10:42:08','2024-08-21 10:42:08',1,'',305.03,1,277.3,'',NULL,2773.00,8,0),(2936,'PCJ500195','កងដៃ',0.00,2345.00,1,'',NULL,1492.0000,10,2,NULL,'2024-08-21 10:42:08','2024-08-24 05:25:24',0,'',305.03,1,277.3,'',NULL,2773.00,8,0),(2937,'PCJ500196','ខ្សែដៃ',0.00,604.00,1,'',NULL,317.0000,10,2,NULL,'2024-08-21 10:42:08','2024-08-21 10:42:08',1,'',180.245,1,166.38,'',NULL,2773.00,8,0),(2938,'PCJ500197','ខ្សែជើង',0.00,277.00,1,'',NULL,140.0000,10,2,NULL,'2024-08-21 10:42:08','2024-08-23 11:31:26',0,'',97.055,1,83.19,'',NULL,2773.00,8,0),(2939,'PCJ500198','កងដៃ',0.00,1885.00,1,'',NULL,1180.0000,10,2,NULL,'2024-08-21 10:42:08','2024-08-21 10:42:08',1,'',277.3,1,249.57,'',NULL,2773.00,8,0),(2940,'PCJ500199','កងដៃ',0.00,1819.00,1,'',NULL,1132.0000,10,2,NULL,'2024-08-21 10:42:08','2024-08-21 10:42:08',1,'',277.3,1,249.57,'',NULL,2773.00,8,0),(2941,'PCJ500200','ខ្សែក',0.00,418.00,1,'',NULL,202.0000,10,2,NULL,'2024-08-21 10:42:08','2024-08-21 10:42:08',1,'',152.515,1,138.65,'',NULL,2773.00,8,0),(2942,'PCJ500201','ខ្សែក',0.00,421.00,1,'',NULL,204.0000,10,2,NULL,'2024-08-21 10:42:08','2024-08-21 10:42:08',1,'',152.515,1,138.65,'',NULL,2773.00,8,0),(2943,'PCJ500202','ចិញ្ចៀន',0.00,242.64,1,'',NULL,125.0000,10,2,NULL,'2024-08-21 10:42:08','2024-08-21 10:42:08',1,'',83.19,1,69.325,'',NULL,2773.00,104,0),(2944,'PCJ500203','ចិញ្ចៀន',0.00,314.56,1,'',NULL,177.0000,10,2,NULL,'2024-08-21 10:42:08','2024-08-21 10:42:08',1,'',83.19,1,69.325,'',NULL,2773.00,105,0),(2945,'PCJ500204','ចិញ្ចៀន',0.00,307.80,1,'',NULL,172.0000,10,2,NULL,'2024-08-21 10:42:08','2024-08-21 10:42:08',1,'',83.19,1,69.325,'',NULL,2773.00,106,0),(2946,'PCJ500205','ខ្សែក',0.00,418.00,1,'',NULL,203.0000,10,2,NULL,'2024-08-21 10:42:08','2024-08-21 10:42:08',1,'',152.515,1,138.65,'',NULL,2773.00,8,0),(2947,'PCJ500206','កងដៃ',0.00,1954.00,1,'',NULL,1171.0000,10,2,NULL,'2024-08-21 10:42:08','2024-08-21 10:42:08',1,'',289.6,1,260.64,'',NULL,2896.00,8,0),(2948,'PCJ300001','ខ្សែកច្រវ៉ាក់វែង',0.00,542.00,1,'',NULL,531.0000,11,2,NULL,'2024-08-21 10:42:08','2024-08-21 10:42:08',1,'',155.88,1,129.9,'',NULL,2598.00,8,0),(2949,'PCJ300002','បន្តោងខែ្សកVersace',0.00,361.00,1,'',NULL,335.0000,11,2,NULL,'2024-08-21 10:42:08','2024-08-21 10:42:08',1,'',116.91,1,103.92,'',NULL,2598.00,8,0),(2950,'PCJ300003','ខ្សែដៃប្រុស',0.00,1145.00,1,'',NULL,1204.0000,11,2,NULL,'2024-08-21 10:42:08','2024-08-21 10:42:08',1,'',233.82,1,207.84,'',NULL,2598.00,8,0),(2951,'PCJ300004','ខ្សែដៃLV',0.00,137.00,1,'',NULL,77.0000,11,2,NULL,'2024-08-21 10:42:08','2024-08-21 10:42:08',1,'',90.93,1,77.94,'',NULL,2598.00,8,0),(2952,'PCJ300005','ខ្សែកថ្នាំអំពៅ',0.00,683.00,1,'',NULL,713.0000,11,2,NULL,'2024-08-21 10:42:08','2024-08-21 10:42:08',1,'',142.89,1,129.9,'',NULL,2598.00,8,0),(2953,'PCJ300006','ខ្សែក',0.00,1615.00,1,'',NULL,1774.0000,11,2,NULL,'2024-08-21 10:42:08','2024-08-21 10:42:08',1,'',272.79,1,233.82,'',NULL,2598.00,8,0),(2954,'PCJ300007','ខ្សែជើង',0.00,189.00,1,'',NULL,143.0000,11,2,NULL,'2024-08-21 10:42:08','2024-08-21 10:42:08',1,'',90.93,1,77.94,'',NULL,2598.00,107,0),(2955,'PCJ300008','ខ្សែជើង',0.00,190.00,1,'',NULL,144.0000,11,2,NULL,'2024-08-21 10:42:08','2024-08-21 10:42:08',1,'',90.93,1,77.94,'',NULL,2598.00,108,0),(2956,'PCJ300009','កងដៃceline',0.00,741.00,1,'',NULL,666.0000,11,2,NULL,'2024-08-21 10:42:08','2024-08-21 10:42:08',1,'',220.56,1,192.99,'',NULL,2757.00,8,0),(2957,'PCJ300010','ចិញ្ចៀន',0.00,250.00,1,'',NULL,205.0000,11,2,NULL,'2024-08-21 10:42:08','2024-08-21 10:42:08',1,'',96.495,1,82.71,'',NULL,2757.00,8,0),(2958,'PCJ300011','ចិញ្ចៀន',0.00,153.00,1,'',NULL,102.0000,11,2,NULL,'2024-08-21 10:42:08','2024-08-21 10:42:08',1,'',82.71,1,68.925,'',NULL,2757.00,109,0),(2959,'PCJ300012','ចិញ្ចៀន',0.00,164.00,1,'',NULL,115.0000,11,2,NULL,'2024-08-21 10:42:08','2024-08-21 10:42:08',1,'',82.71,1,68.925,'',NULL,2757.00,110,0),(2960,'PCJ300013','ក្រវិល',0.00,68.00,1,'',NULL,32.0000,11,2,NULL,'2024-08-21 10:42:08','2024-08-21 10:42:08',1,'',55.14,1,41.355,'',NULL,2757.00,8,0),(2961,'PCJ300014','ក្រវិល',0.00,236.00,1,'',NULL,184.0000,11,2,NULL,'2024-08-21 10:42:08','2024-08-21 10:42:08',1,'',97.23,1,83.34,'',NULL,2778.00,8,0),(2962,'PCJ300015','កងដៃបា្លកទីន',0.00,902.00,1,'',NULL,851.0000,11,2,NULL,'2024-08-21 10:42:08','2024-08-21 10:42:08',1,'',208.35,1,194.46,'',NULL,2778.00,8,0),(2963,'PCJ300016','កងដៃ',0.00,818.00,1,'',NULL,719.0000,11,2,NULL,'2024-08-21 10:42:08','2024-08-21 10:42:08',1,'',235.705,1,221.84,'',NULL,2773.00,8,0),(2964,'PCJ300017','កងដៃ',0.00,598.00,1,'',NULL,488.0000,11,2,NULL,'2024-08-21 10:42:08','2024-08-21 10:42:08',1,'',207.975,1,194.11,'',NULL,2773.00,8,0),(2965,'PCJ300018','កងដៃ',0.00,818.00,1,'',NULL,752.0000,11,2,NULL,'2024-08-21 10:42:08','2024-08-21 10:42:08',1,'',207.975,1,194.11,'',NULL,2773.00,8,0),(2966,'PCJ300019','កងដៃ',0.00,842.00,1,'',NULL,780.0000,11,2,NULL,'2024-08-21 10:42:08','2024-08-21 10:42:08',1,'',207.975,1,194.11,'',NULL,2773.00,8,0),(2967,'PCJ300020','ក្រវិល',0.00,48.00,1,'',NULL,19.0000,11,2,NULL,'2024-08-21 10:42:08','2024-08-21 10:42:08',1,'',47.141,1,33.276,'',NULL,2773.00,111,0),(2968,'PCJ300021','ក្រវិល',0.00,45.00,1,'',NULL,15.0000,11,2,NULL,'2024-08-21 10:42:08','2024-08-21 10:42:08',1,'',47.141,1,33.276,'',NULL,2773.00,112,0),(2969,'PCJ300022','ក្រវិល',0.00,56.00,1,'',NULL,27.0000,11,2,NULL,'2024-08-21 10:42:08','2024-08-21 10:42:08',1,'',47.141,1,33.276,'',NULL,2773.00,113,0),(2970,'PCJ300023','ក្រវិល',0.00,53.00,1,'',NULL,23.0000,11,2,NULL,'2024-08-21 10:42:08','2024-08-21 10:42:08',1,'',47.141,1,33.276,'',NULL,2773.00,114,0),(2971,'PCJ300024','ក្រវិល',0.00,69.00,1,'',NULL,43.0000,11,2,NULL,'2024-08-21 10:42:08','2024-08-21 10:42:08',1,'',47.141,1,33.276,'',NULL,2773.00,115,0),(2972,'PCJ300025','បន្តោងរូបគ្រឺស្ត',0.00,177.00,1,'',NULL,131.0000,11,2,NULL,'2024-08-21 10:42:08','2024-08-21 10:42:08',1,'',83.19,1,69.325,'',NULL,2773.00,8,0),(2973,'PCJ500031','ចិញ្ចៀន',120.00,110.00,1,'',NULL,54.0000,10,2,NULL,'2024-08-21 10:42:36','2024-08-21 10:42:36',1,'',0,1,38.97,'',NULL,2598.00,116,1),(2974,'PCJ500032','ចិញ្ចៀន',110.00,100.00,1,'',NULL,47.0000,10,2,NULL,'2024-08-21 10:42:36','2024-08-21 10:42:36',1,'',0,1,38.97,'',NULL,2598.00,117,1),(2975,'PCJ500033','ចិញ្ចៀន',114.00,104.00,1,'',NULL,50.0000,10,2,NULL,'2024-08-21 10:42:36','2024-08-21 10:42:36',1,'',0,1,38.97,'',NULL,2598.00,118,1),(2976,'PCJ500034','ចិញ្ចៀន',120.80,110.80,1,'',NULL,55.0000,10,2,NULL,'2024-08-21 10:42:36','2024-08-21 10:42:36',1,'',0,1,38.97,'',NULL,2598.00,119,1),(2977,'PCJ500035','ចិញ្ចៀន',89.00,79.00,1,'',NULL,30.0000,10,2,NULL,'2024-08-21 10:42:36','2024-08-21 10:42:36',1,'',0,1,38.97,'',NULL,2598.00,120,1),(2978,'PCJ500036','ចិញ្ចៀន',102.00,92.00,1,'',NULL,42.0000,10,2,NULL,'2024-08-21 10:42:36','2024-08-21 10:42:36',1,'',0,1,38.97,'',NULL,2598.00,121,1),(2979,'PCJ500037','ចិញ្ចៀន',120.00,110.00,1,'',NULL,56.0000,10,2,NULL,'2024-08-21 10:42:36','2024-08-21 10:42:36',1,'',0,1,38.97,'',NULL,2598.00,122,1),(2980,'PCJ500038','ចិញ្ចៀន',120.00,110.00,1,'',NULL,55.0000,10,2,NULL,'2024-08-21 10:42:36','2024-08-21 10:42:36',1,'',0,1,38.97,'',NULL,2598.00,123,1),(2981,'PCJ500039','ចិញ្ចៀន',106.00,96.00,1,'',NULL,44.0000,10,2,NULL,'2024-08-21 10:42:36','2024-08-21 10:42:36',1,'',0,1,38.97,'',NULL,2598.00,124,1),(2982,'PCJ500040','ចិញ្ចៀន',136.00,126.00,1,'',NULL,68.0000,10,2,NULL,'2024-08-21 10:42:36','2024-08-21 10:42:36',1,'',0,1,38.97,'',NULL,2598.00,125,1),(2983,'PCJ500041','ចិញ្ចៀន',124.00,114.00,1,'',NULL,57.0000,10,2,NULL,'2024-08-21 10:42:36','2024-08-21 10:42:36',1,'',0,1,38.97,'',NULL,2598.00,126,1),(2984,'PCJ500042','ចិញ្ចៀន',112.00,102.00,1,'',NULL,50.0000,10,2,NULL,'2024-08-21 10:42:36','2024-08-21 10:42:36',1,'',0,1,38.97,'',NULL,2598.00,127,1),(2985,'PCJ500043','ចិញ្ចៀន',120.00,110.00,1,'',NULL,54.0000,10,2,NULL,'2024-08-21 10:42:36','2024-08-21 10:42:36',1,'',0,1,38.97,'',NULL,2598.00,128,1),(2986,'PCJ500044','ចិញ្ចៀន',126.00,116.00,1,'',NULL,60.0000,10,2,NULL,'2024-08-21 10:42:36','2024-08-21 10:42:36',1,'',0,1,38.97,'',NULL,2598.00,129,1),(2987,'PCJ500045','ចិញ្ចៀន',134.00,124.00,1,'',NULL,64.0000,10,2,NULL,'2024-08-21 10:42:36','2024-08-21 10:42:36',1,'',0,1,38.97,'',NULL,2598.00,130,1),(2988,'PCJ500046','ចិញ្ចៀន',97.00,87.00,1,'',NULL,37.0000,10,2,NULL,'2024-08-21 10:42:36','2024-08-21 10:42:36',1,'',0,1,38.97,'',NULL,2598.00,131,1),(2989,'PCJ500047','ចិញ្ចៀន',91.00,81.00,1,'',NULL,32.0000,10,2,NULL,'2024-08-21 10:42:36','2024-08-21 10:42:36',1,'',0,1,38.97,'',NULL,2598.00,132,1),(2990,'PCJ500048','ចិញ្ចៀន',120.00,110.00,1,'',NULL,58.0000,10,2,NULL,'2024-08-21 10:42:36','2024-08-21 10:42:36',1,'',0,1,38.97,'',NULL,2598.00,133,1),(2991,'PCJ500049','ចិញ្ចៀន',146.00,136.00,1,'',NULL,75.0000,10,2,NULL,'2024-08-21 10:42:36','2024-08-21 10:42:36',1,'',0,1,38.97,'',NULL,2598.00,134,1),(2992,'PCJ500050','ចិញ្ចៀន',156.00,146.00,1,'',NULL,83.0000,10,2,NULL,'2024-08-21 10:42:36','2024-08-21 10:42:36',1,'',0,1,38.97,'',NULL,2598.00,135,1),(2993,'PCJ500051','ចិញ្ចៀន',155.00,145.00,1,'',NULL,82.0000,10,2,NULL,'2024-08-21 10:42:36','2024-08-21 10:42:36',1,'',0,1,38.97,'',NULL,2598.00,136,1),(2994,'PCJ500052','ចិញ្ចៀន',147.00,137.00,1,'',NULL,76.0000,10,2,NULL,'2024-08-21 10:42:36','2024-08-21 10:42:36',1,'',0,1,38.97,'',NULL,2598.00,137,1),(2995,'PCJ500053','ចិញ្ចៀន',136.00,126.00,1,'',NULL,66.0000,10,2,NULL,'2024-08-21 10:42:36','2024-08-21 10:42:36',1,'',0,1,38.97,'',NULL,2598.00,138,1),(2996,'PCJ500054','ចិញ្ចៀន',148.00,138.00,1,'',NULL,75.0000,10,2,NULL,'2024-08-21 10:42:36','2024-08-21 10:42:36',1,'',0,1,38.97,'',NULL,2598.00,139,1),(2997,'PCJ500055','ចិញ្ចៀន',98.00,88.00,1,'',NULL,37.0000,10,2,NULL,'2024-08-21 10:42:37','2024-08-21 10:42:37',1,'',0,1,38.97,'',NULL,2598.00,140,1),(2998,'PCJ500056','ចិញ្ចៀន',122.00,112.00,1,'',NULL,55.0000,10,2,NULL,'2024-08-21 10:42:37','2024-08-21 10:42:37',1,'',0,1,38.97,'',NULL,2598.00,141,1),(2999,'PCJ500057','ចិញ្ចៀន',90.00,80.00,1,'',NULL,31.0000,10,2,NULL,'2024-08-21 10:42:37','2024-08-21 10:42:37',1,'',0,1,38.97,'',NULL,2598.00,142,1),(3000,'PCJ500058','ចិញ្ចៀន',90.00,80.00,1,'',NULL,32.0000,10,2,NULL,'2024-08-21 10:42:37','2024-08-21 10:42:37',1,'',0,1,38.97,'',NULL,2598.00,143,1),(3001,'PCJ500059','ចិញ្ចៀន',106.00,96.00,1,'',NULL,45.0000,10,2,NULL,'2024-08-21 10:42:37','2024-08-21 10:42:37',1,'',0,1,38.97,'',NULL,2598.00,144,1),(3002,'PCJ500060','ចិញ្ចៀន',120.00,110.00,1,'',NULL,54.0000,10,2,NULL,'2024-08-21 10:42:37','2024-08-21 10:42:37',1,'',0,1,38.97,'',NULL,2598.00,145,1),(3003,'PCJ500061','ចិញ្ចៀន',112.00,102.00,1,'',NULL,49.0000,10,2,NULL,'2024-08-21 10:42:37','2024-08-21 10:42:37',1,'',0,1,38.97,'',NULL,2598.00,146,1),(3004,'PCJ500062','ចិញ្ចៀន',102.00,92.00,1,'',NULL,41.0000,10,2,NULL,'2024-08-21 10:42:37','2024-08-21 10:42:37',1,'',0,1,38.97,'',NULL,2598.00,147,1),(3005,'PCJ500063','ចិញ្ចៀន',108.00,98.00,1,'',NULL,44.0000,10,2,NULL,'2024-08-21 10:42:37','2024-08-21 10:42:37',1,'',0,1,38.97,'',NULL,2598.00,148,1),(3006,'PCJ500064','ចិញ្ចៀន',109.00,99.00,1,'',NULL,46.0000,10,2,NULL,'2024-08-21 10:42:37','2024-08-21 10:42:37',1,'',0,1,38.97,'',NULL,2598.00,149,1),(3007,'PCJ500065','ចិញ្ចៀន',116.00,106.00,1,'',NULL,52.0000,10,2,NULL,'2024-08-21 10:42:37','2024-08-21 10:42:37',1,'',0,1,38.97,'',NULL,2598.00,150,1),(3008,'PCJ500066','ចិញ្ចៀន',111.00,101.00,1,'',NULL,49.0000,10,2,NULL,'2024-08-21 10:42:37','2024-08-21 10:42:37',1,'',0,1,38.97,'',NULL,2598.00,151,1),(3009,'PCJ500067','ចិញ្ចៀន',128.00,118.00,1,'',NULL,61.0000,10,2,NULL,'2024-08-21 10:42:37','2024-08-21 10:42:37',1,'',0,1,38.97,'',NULL,2598.00,152,1),(3010,'PCJ500068','ចិញ្ចៀន',95.00,85.00,1,'',NULL,35.0000,10,2,NULL,'2024-08-21 10:42:37','2024-08-21 10:42:37',1,'',0,1,38.97,'',NULL,2598.00,153,1),(3011,'PCJ500069','ចិញ្ចៀន',86.00,76.00,1,'',NULL,29.0000,10,2,NULL,'2024-08-21 10:42:37','2024-08-21 10:42:37',1,'',0,1,38.97,'',NULL,2598.00,154,1),(3012,'PCJ500070','ចិញ្ចៀន',100.00,90.00,1,'',NULL,39.0000,10,2,NULL,'2024-08-21 10:42:37','2024-08-21 10:42:37',1,'',0,1,38.97,'',NULL,2598.00,155,1),(3013,'PCJ500071','ចិញ្ចៀន',100.00,90.00,1,'',NULL,39.0000,10,2,NULL,'2024-08-21 10:42:37','2024-08-21 10:42:37',1,'',0,1,38.97,'',NULL,2598.00,156,1),(3014,'PCJ500072','ចិញ្ចៀន',90.00,80.00,1,'',NULL,33.0000,10,2,NULL,'2024-08-21 10:42:37','2024-08-21 10:42:37',1,'',0,1,38.97,'',NULL,2598.00,157,1),(3015,'PCJ500073','ចិញ្ចៀន',114.00,104.00,1,'',NULL,50.0000,10,2,NULL,'2024-08-21 10:42:37','2024-08-21 10:42:37',1,'',0,1,38.97,'',NULL,2598.00,158,1),(3016,'PCJ500074','ចិញ្ចៀន',93.00,83.00,1,'',NULL,35.0000,10,2,NULL,'2024-08-21 10:42:37','2024-08-21 10:42:37',1,'',0,1,38.97,'',NULL,2598.00,159,1),(3017,'PCJ500075','ចិញ្ចៀន',86.00,76.00,1,'',NULL,29.0000,10,2,NULL,'2024-08-21 10:42:37','2024-08-21 10:42:37',1,'',0,1,38.97,'',NULL,2598.00,160,1),(3018,'PCJ500076','ចិញ្ចៀន',100.00,90.00,1,'',NULL,39.0000,10,2,NULL,'2024-08-21 10:42:37','2024-08-21 10:42:37',1,'',0,1,38.97,'',NULL,2598.00,161,1),(3019,'PCJ500077','ចិញ្ចៀន',110.00,100.00,1,'',NULL,47.0000,10,2,NULL,'2024-08-21 10:42:37','2024-08-21 10:42:37',1,'',0,1,38.97,'',NULL,2598.00,162,1),(3020,'PCJ500078','ចិញ្ចៀន',102.00,92.00,1,'',NULL,40.0000,10,2,NULL,'2024-08-21 10:42:37','2024-08-21 10:42:37',1,'',0,1,38.97,'',NULL,2598.00,163,1),(3021,'PCJ500079','ចិញ្ចៀន',93.50,83.50,1,'',NULL,34.0000,10,2,NULL,'2024-08-21 10:42:37','2024-08-21 10:42:37',1,'',0,1,38.97,'',NULL,2598.00,164,1),(3022,'PCJ500080','ចិញ្ចៀន',157.23,147.23,1,'',NULL,76.0000,10,2,NULL,'2024-08-21 10:42:37','2024-08-21 10:42:37',1,'',0,1,41.67,'',NULL,2778.00,165,1),(3023,'PCJ500081','ចិញ្ចៀន',158.00,148.00,1,'',NULL,77.0000,10,2,NULL,'2024-08-21 10:42:37','2024-08-21 10:42:37',1,'',0,1,41.67,'',NULL,2778.00,166,1),(3024,'PCJ500082','ចិញ្ចៀន',164.00,154.00,1,'',NULL,81.0000,10,2,NULL,'2024-08-21 10:42:37','2024-08-21 10:42:37',1,'',0,1,41.67,'',NULL,2778.00,167,1),(3025,'PCJ500083','ចិញ្ចៀន',132.23,122.23,1,'',NULL,58.0000,10,2,NULL,'2024-08-21 10:42:37','2024-08-21 10:42:37',1,'',0,1,41.67,'',NULL,2778.00,168,1),(3026,'PCJ500084','ចិញ្ចៀន',139.18,129.18,1,'',NULL,63.0000,10,2,NULL,'2024-08-21 10:42:37','2024-08-21 10:42:37',1,'',0,1,41.67,'',NULL,2778.00,169,1),(3027,'PCJ500085','ចិញ្ចៀន',133.62,123.62,1,'',NULL,59.0000,10,2,NULL,'2024-08-21 10:42:37','2024-08-21 10:42:37',1,'',0,1,41.67,'',NULL,2778.00,170,1),(3028,'PCJ500086','ចិញ្ចៀន',123.90,113.90,1,'',NULL,52.0000,10,2,NULL,'2024-08-21 10:42:37','2024-08-21 10:42:37',1,'',0,1,41.67,'',NULL,2778.00,171,1),(3029,'PCJ500087','ចិញ្ចៀន',133.62,123.62,1,'',NULL,59.0000,10,2,NULL,'2024-08-21 10:42:37','2024-08-21 10:42:37',1,'',0,1,41.67,'',NULL,2778.00,172,1),(3030,'PCJ500088','ចិញ្ចៀន',158.62,148.62,1,'',NULL,77.0000,10,2,NULL,'2024-08-21 10:42:37','2024-08-21 10:42:37',1,'',0,1,41.67,'',NULL,2778.00,173,1),(3031,'PCJ500089','ចិញ្ចៀន',97.51,87.51,1,'',NULL,33.0000,10,2,NULL,'2024-08-21 10:42:37','2024-08-21 10:42:37',1,'',0,1,41.67,'',NULL,2778.00,174,1),(3032,'PCJ500090','ចិញ្ចៀន',96.12,86.12,1,'',NULL,32.0000,10,2,NULL,'2024-08-21 10:42:37','2024-08-21 10:42:37',1,'',0,1,41.67,'',NULL,2778.00,175,1),(3033,'PCJ500091','ចិញ្ចៀន',141.96,131.96,1,'',NULL,65.0000,10,2,NULL,'2024-08-21 10:42:37','2024-08-21 10:42:37',1,'',0,1,41.67,'',NULL,2778.00,176,1),(3034,'PCJ500092','ចិញ្ចៀន',97.51,87.51,1,'',NULL,33.0000,10,2,NULL,'2024-08-21 10:42:37','2024-08-21 10:42:37',1,'',0,1,41.67,'',NULL,2778.00,177,1),(3035,'PCJ500093','ចិញ្ចៀន',108.62,98.62,1,'',NULL,41.0000,10,2,NULL,'2024-08-21 10:42:37','2024-08-21 10:42:37',1,'',0,1,41.67,'',NULL,2778.00,178,1),(3036,'PCJ500094','ចិញ្ចៀន',132.23,122.23,1,'',NULL,58.0000,10,2,NULL,'2024-08-21 10:42:37','2024-08-21 10:42:37',1,'',0,1,41.67,'',NULL,2778.00,179,1),(3037,'PCJ500095','ចិញ្ចៀន',119.73,109.73,1,'',NULL,49.0000,10,2,NULL,'2024-08-21 10:42:37','2024-08-21 10:42:37',1,'',0,1,41.67,'',NULL,2778.00,180,1),(3038,'PCJ500096','ចិញ្ចៀន',128.06,118.06,1,'',NULL,55.0000,10,2,NULL,'2024-08-21 10:42:37','2024-08-21 10:42:37',1,'',0,1,41.67,'',NULL,2778.00,181,1),(3039,'PCJ500097','ចិញ្ចៀន',116.95,106.95,1,'',NULL,47.0000,10,2,NULL,'2024-08-21 10:42:37','2024-08-21 10:42:37',1,'',0,1,41.67,'',NULL,2778.00,182,1),(3040,'PCJ500098','ចិញ្ចៀន',97.51,87.51,1,'',NULL,33.0000,10,2,NULL,'2024-08-21 10:42:37','2024-08-21 10:42:37',1,'',0,1,41.67,'',NULL,2778.00,183,1),(3041,'PCJ500099','ចិញ្ចៀន',91.95,81.95,1,'',NULL,29.0000,10,2,NULL,'2024-08-21 10:42:37','2024-08-21 10:42:37',1,'',0,1,41.67,'',NULL,2778.00,184,1),(3042,'PCJ500100','ចិញ្ចៀន',132.23,122.23,1,'',NULL,58.0000,10,2,NULL,'2024-08-21 10:42:37','2024-08-21 10:42:37',1,'',0,1,41.67,'',NULL,2778.00,185,1),(3043,'PCJ500101','ចិញ្ចៀន',115.56,105.56,1,'',NULL,46.0000,10,2,NULL,'2024-08-21 10:42:37','2024-08-21 10:42:37',1,'',0,1,41.67,'',NULL,2778.00,186,1),(3044,'PCJ500102','ចិញ្ចៀន',108.62,98.62,1,'',NULL,41.0000,10,2,NULL,'2024-08-21 10:42:37','2024-08-21 10:42:37',1,'',0,1,41.67,'',NULL,2778.00,187,1),(3045,'PCJ500103','ចិញ្ចៀន',108.62,98.62,1,'',NULL,41.0000,10,2,NULL,'2024-08-21 10:42:37','2024-08-21 10:42:37',1,'',0,1,41.67,'',NULL,2778.00,188,1),(3046,'PCJ500104','ចិញ្ចៀន',110.01,100.01,1,'',NULL,42.0000,10,2,NULL,'2024-08-21 10:42:37','2024-08-21 10:42:37',1,'',0,1,41.67,'',NULL,2778.00,189,1),(3047,'PCJ500105','ចិញ្ចៀន',111.40,101.40,1,'',NULL,43.0000,10,2,NULL,'2024-08-21 10:42:37','2024-08-21 10:42:37',1,'',0,1,41.67,'',NULL,2778.00,190,1),(3048,'PCJ500106','ចិញ្ចៀន',116.95,106.95,1,'',NULL,47.0000,10,2,NULL,'2024-08-21 10:42:37','2024-08-21 10:42:37',1,'',0,1,41.67,'',NULL,2778.00,191,1),(3049,'PCJ500107','ចិញ្ចៀន',128.06,118.06,1,'',NULL,55.0000,10,2,NULL,'2024-08-21 10:42:37','2024-08-21 10:42:37',1,'',0,1,41.67,'',NULL,2778.00,192,1),(3050,'PCJ500108','ចិញ្ចៀន',115.56,105.56,1,'',NULL,46.0000,10,2,NULL,'2024-08-21 10:42:37','2024-08-21 10:42:37',1,'',0,1,41.67,'',NULL,2778.00,193,1),(3051,'PCJ500109','ចិញ្ចៀន',122.51,112.51,1,'',NULL,51.0000,10,2,NULL,'2024-08-21 10:42:37','2024-08-21 10:42:37',1,'',0,1,41.67,'',NULL,2778.00,194,1),(3052,'PCJ500110','ចិញ្ចៀន',125.29,115.29,1,'',NULL,53.0000,10,2,NULL,'2024-08-21 10:42:37','2024-08-21 10:42:37',1,'',0,1,41.67,'',NULL,2778.00,195,1),(3053,'PCJ500111','ចិញ្ចៀន',112.79,102.79,1,'',NULL,44.0000,10,2,NULL,'2024-08-21 10:42:37','2024-08-21 10:42:37',1,'',0,1,41.67,'',NULL,2778.00,196,1),(3054,'PCJ500112','ចិញ្ចៀន',111.40,101.40,1,'',NULL,43.0000,10,2,NULL,'2024-08-21 10:42:37','2024-08-21 10:42:37',1,'',0,1,41.67,'',NULL,2778.00,197,1),(3055,'PCJ500113','ចិញ្ចៀន',93.34,83.34,1,'',NULL,30.0000,10,2,NULL,'2024-08-21 10:42:37','2024-08-21 10:42:37',1,'',0,1,41.67,'',NULL,2778.00,198,1),(3056,'PCJ500114','ចិញ្ចៀន',121.12,111.12,1,'',NULL,50.0000,10,2,NULL,'2024-08-21 10:42:37','2024-08-21 10:42:37',1,'',0,1,41.67,'',NULL,2778.00,199,1),(3057,'PCJ500115','ចិញ្ចៀន',111.40,101.40,1,'',NULL,43.0000,10,2,NULL,'2024-08-21 10:42:37','2024-08-21 10:42:37',1,'',0,1,41.67,'',NULL,2778.00,200,1),(3058,'PCJ500116','ចិញ្ចៀន',98.90,88.90,1,'',NULL,34.0000,10,2,NULL,'2024-08-21 10:42:37','2024-08-21 10:42:37',1,'',0,1,41.67,'',NULL,2778.00,201,1),(3059,'PCJ500117','ចិញ្ចៀន',94.73,84.73,1,'',NULL,31.0000,10,2,NULL,'2024-08-21 10:42:37','2024-08-21 10:42:37',1,'',0,1,41.67,'',NULL,2778.00,202,1),(3060,'PCJ500118','ចិញ្ចៀន',94.73,84.73,1,'',NULL,31.0000,10,2,NULL,'2024-08-21 10:42:37','2024-08-21 10:42:37',1,'',0,1,41.67,'',NULL,2778.00,203,1),(3061,'PCJ500119','ចិញ្ចៀន',96.12,86.12,1,'',NULL,32.0000,10,2,NULL,'2024-08-21 10:42:37','2024-08-21 10:42:37',1,'',0,1,41.67,'',NULL,2778.00,204,1),(3062,'PCJ500120','ចិញ្ចៀន',111.40,101.40,1,'',NULL,43.0000,10,2,NULL,'2024-08-21 10:42:37','2024-08-21 10:42:37',1,'',0,1,41.67,'',NULL,2778.00,205,1),(3063,'PCJ500121','ចិញ្ចៀន',129.45,119.45,1,'',NULL,56.0000,10,2,NULL,'2024-08-21 10:42:37','2024-08-21 10:42:37',1,'',0,1,41.67,'',NULL,2778.00,206,1),(3064,'PCJ500122','ចិញ្ចៀន',129.45,119.45,1,'',NULL,56.0000,10,2,NULL,'2024-08-21 10:42:37','2024-08-21 10:42:37',1,'',0,1,41.67,'',NULL,2778.00,207,1),(3065,'PCJ500123','ចិញ្ចៀន',101.67,91.67,1,'',NULL,36.0000,10,2,NULL,'2024-08-21 10:42:37','2024-08-21 10:42:37',1,'',0,1,41.67,'',NULL,2778.00,208,1),(3066,'PCJ500124','ចិញ្ចៀន',103.06,93.06,1,'',NULL,37.0000,10,2,NULL,'2024-08-21 10:42:37','2024-08-21 10:42:37',1,'',0,1,41.67,'',NULL,2778.00,209,1),(3067,'PCJ500125','ចិញ្ចៀន',121.12,111.12,1,'',NULL,50.0000,10,2,NULL,'2024-08-21 10:42:37','2024-08-21 10:42:37',1,'',0,1,41.67,'',NULL,2778.00,210,1),(3068,'PCJ500126','ចិញ្ចៀន',118.34,108.34,1,'',NULL,48.0000,10,2,NULL,'2024-08-21 10:42:37','2024-08-21 10:42:37',1,'',0,1,41.67,'',NULL,2778.00,211,1),(3069,'PCJ500127','ចិញ្ចៀន',108.62,98.62,1,'',NULL,41.0000,10,2,NULL,'2024-08-21 10:42:37','2024-08-21 10:42:37',1,'',0,1,41.67,'',NULL,2778.00,212,1),(3070,'PCJ500128','ចិញ្ចៀន',115.00,105.00,1,'',NULL,46.0000,10,2,NULL,'2024-08-21 10:42:37','2024-08-21 10:42:37',1,'',0,1,41.67,'',NULL,2778.00,213,1),(3071,'PCJ500129','ចិញ្ចៀន',90.00,80.00,1,'',NULL,28.0000,10,2,NULL,'2024-08-21 10:42:37','2024-08-21 10:42:37',1,'',0,1,41.67,'',NULL,2778.00,214,1),(3072,'PCJ500130','កងដៃ',285.00,275.00,1,'',NULL,168.0000,10,2,NULL,'2024-08-21 10:42:37','2024-08-21 10:42:37',1,'',0,1,41.67,'',NULL,2778.00,8,1),(3073,'PCJ500131','ចិញ្ចៀន',93.34,83.34,1,'',NULL,30.0000,10,2,NULL,'2024-08-21 10:42:37','2024-08-21 10:42:37',1,'',0,1,41.67,'',NULL,2778.00,215,1),(3074,'PCJ500132','ចិញ្ចៀន',82.23,72.23,1,'',NULL,22.0000,10,2,NULL,'2024-08-21 10:42:37','2024-08-21 10:42:37',1,'',0,1,41.67,'',NULL,2778.00,216,1),(3075,'PCJ500133','ចិញ្ចៀន',86.39,76.39,1,'',NULL,25.0000,10,2,NULL,'2024-08-21 10:42:37','2024-08-21 10:42:37',1,'',0,1,41.67,'',NULL,2778.00,217,1),(3076,'PCJ500134','ចិញ្ចៀន',80.84,70.84,1,'',NULL,21.0000,10,2,NULL,'2024-08-21 10:42:37','2024-08-21 10:42:37',1,'',0,1,41.67,'',NULL,2778.00,218,1),(3077,'PCJ500135','ចិញ្ចៀន',97.51,87.51,1,'',NULL,33.0000,10,2,NULL,'2024-08-21 10:42:37','2024-08-21 10:42:37',1,'',0,1,41.67,'',NULL,2778.00,219,1),(3078,'PCJ500136','ចិញ្ចៀន',96.12,86.12,1,'',NULL,32.0000,10,2,NULL,'2024-08-21 10:42:37','2024-08-21 10:42:37',1,'',0,1,41.67,'',NULL,2778.00,220,1),(3079,'PCJ500137','ចិញ្ចៀន',80.84,70.84,1,'',NULL,21.0000,10,2,NULL,'2024-08-21 10:42:37','2024-08-21 10:42:37',1,'',0,1,41.67,'',NULL,2778.00,221,1),(3080,'PCJ500138','ចិញ្ចៀន',97.51,87.51,1,'',NULL,33.0000,10,2,NULL,'2024-08-21 10:42:37','2024-08-21 10:42:37',1,'',0,1,41.67,'',NULL,2778.00,222,1),(3081,'PCJ500139','ចិញ្ចៀន',93.34,83.34,1,'',NULL,30.0000,10,2,NULL,'2024-08-21 10:42:37','2024-08-21 10:42:37',1,'',0,1,41.67,'',NULL,2778.00,223,1),(3082,'PCJ500140','ចិញ្ចៀន',107.23,97.23,1,'',NULL,40.0000,10,2,NULL,'2024-08-21 10:42:37','2024-08-21 10:42:37',1,'',0,1,41.67,'',NULL,2778.00,224,1),(3083,'PCJ500141','ចិញ្ចៀន',107.23,97.23,1,'',NULL,40.0000,10,2,NULL,'2024-08-21 10:42:37','2024-08-21 10:42:37',1,'',0,1,41.67,'',NULL,2778.00,225,1),(3084,'PCJ500142','ចិញ្ចៀន',126.68,116.68,1,'',NULL,54.0000,10,2,NULL,'2024-08-21 10:42:37','2024-08-21 10:42:37',1,'',0,1,41.67,'',NULL,2778.00,226,1),(3085,'PCJ500143','ចិញ្ចៀន',97.51,87.51,1,'',NULL,33.0000,10,2,NULL,'2024-08-21 10:42:37','2024-08-21 10:42:37',1,'',0,1,41.67,'',NULL,2778.00,227,1),(3086,'PCJ500144','ចិញ្ចៀន',130.84,120.84,1,'',NULL,57.0000,10,2,NULL,'2024-08-21 10:42:37','2024-08-21 10:42:37',1,'',0,1,41.67,'',NULL,2778.00,228,1),(3087,'PCJ500145','ចិញ្ចៀន',130.84,120.84,1,'',NULL,57.0000,10,2,NULL,'2024-08-21 10:42:37','2024-08-21 10:42:37',1,'',0,1,41.67,'',NULL,2778.00,229,1),(3088,'PCJ500146','ចិញ្ចៀន',112.79,102.79,1,'',NULL,44.0000,10,2,NULL,'2024-08-21 10:42:37','2024-08-21 10:42:37',1,'',0,1,41.67,'',NULL,2778.00,230,1),(3089,'PCJ500147','ចិញ្ចៀន',115.56,105.56,1,'',NULL,46.0000,10,2,NULL,'2024-08-21 10:42:37','2024-08-21 10:42:37',1,'',0,1,41.67,'',NULL,2778.00,231,1),(3090,'PCJ500148','ចិញ្ចៀន',129.45,119.45,1,'',NULL,56.0000,10,2,NULL,'2024-08-21 10:42:37','2024-08-21 10:42:37',1,'',0,1,41.67,'',NULL,2778.00,232,1),(3091,'PCJ500149','ចិញ្ចៀន',115.56,105.56,1,'',NULL,46.0000,10,2,NULL,'2024-08-21 10:42:37','2024-08-21 10:42:37',1,'',0,1,41.67,'',NULL,2778.00,233,1),(3092,'PCJ500150','ចិញ្ចៀន',105.69,95.69,1,'',NULL,39.0000,10,2,NULL,'2024-08-21 10:42:37','2024-08-21 10:42:37',1,'',0,1,41.67,'',NULL,2778.00,234,1),(3093,'PCJ500151','ចិញ្ចៀន',87.00,77.00,1,'',NULL,26.0000,10,2,NULL,'2024-08-21 10:42:37','2024-08-21 10:42:37',1,'',0,1,41.67,'',NULL,2778.00,235,1),(3094,'PCJ500152','ចិញ្ចៀន',86.00,76.00,1,'',NULL,25.0000,10,2,NULL,'2024-08-21 10:42:37','2024-08-21 10:42:37',1,'',0,1,41.67,'',NULL,2778.00,236,1),(3095,'PCJ500153','ចិញ្ចៀន',103.00,93.00,1,'',NULL,37.0000,10,2,NULL,'2024-08-21 10:42:37','2024-08-21 10:42:37',1,'',0,1,41.67,'',NULL,2778.00,237,1),(3096,'PCJ500155','ចិញ្ចៀន',120.28,110.28,1,'',NULL,50.0000,10,2,NULL,'2024-08-21 10:42:37','2024-08-21 10:42:37',1,'',0,1,41.355,'',NULL,2757.00,238,1),(3097,'PCJ500156','ចិញ្ចៀន',175.42,165.42,1,'',NULL,90.0000,10,2,NULL,'2024-08-21 10:42:38','2024-08-21 10:42:38',1,'',0,1,41.355,'',NULL,2757.00,239,1),(3098,'PCJ500157','ចិញ្ចៀន',138.20,128.20,1,'',NULL,63.0000,10,2,NULL,'2024-08-21 10:42:38','2024-08-21 10:42:38',1,'',0,1,41.355,'',NULL,2757.00,240,1),(3099,'PCJ500158','ចិញ្ចៀន',87.20,77.20,1,'',NULL,26.0000,10,2,NULL,'2024-08-21 10:42:38','2024-08-21 10:42:38',1,'',0,1,41.355,'',NULL,2757.00,241,1),(3100,'PCJ500159','ចិញ្ចៀន',83.06,73.06,1,'',NULL,23.0000,10,2,NULL,'2024-08-21 10:42:38','2024-08-21 10:42:38',1,'',0,1,41.355,'',NULL,2757.00,242,1),(3101,'PCJ500160','ចិញ្ចៀន',70.65,60.65,1,'',NULL,14.0000,10,2,NULL,'2024-08-21 10:42:38','2024-08-21 10:42:38',1,'',0,1,41.355,'',NULL,2757.00,243,1),(3102,'PCJ500161','ចិញ្ចៀន',94.09,84.09,1,'',NULL,31.0000,10,2,NULL,'2024-08-21 10:42:38','2024-08-21 10:42:38',1,'',0,1,41.355,'',NULL,2757.00,244,1),(3103,'PCJ500162','ចិញ្ចៀន',100.98,90.98,1,'',NULL,36.0000,10,2,NULL,'2024-08-21 10:42:38','2024-08-21 10:42:38',1,'',0,1,41.355,'',NULL,2757.00,245,1),(3104,'PCJ500163','ចិញ្ចៀន',96.85,86.85,1,'',NULL,33.0000,10,2,NULL,'2024-08-21 10:42:38','2024-08-21 10:42:38',1,'',0,1,41.355,'',NULL,2757.00,246,1),(3105,'PCJ500164','ចិញ្ចៀន',114.77,104.77,1,'',NULL,46.0000,10,2,NULL,'2024-08-21 10:42:38','2024-08-21 10:42:38',1,'',0,1,41.355,'',NULL,2757.00,247,1),(3106,'PCJ500165','ចិញ្ចៀន',112.01,102.01,1,'',NULL,44.0000,10,2,NULL,'2024-08-21 10:42:38','2024-08-21 10:42:38',1,'',0,1,41.355,'',NULL,2757.00,248,1),(3107,'PCJ500166','ចិញ្ចៀន',149.23,139.23,1,'',NULL,71.0000,10,2,NULL,'2024-08-21 10:42:38','2024-08-21 10:42:38',1,'',0,1,41.355,'',NULL,2757.00,249,1),(3108,'PCJ500167','ចិញ្ចៀន',103.74,93.74,1,'',NULL,38.0000,10,2,NULL,'2024-08-21 10:42:38','2024-08-21 10:42:38',1,'',0,1,41.355,'',NULL,2757.00,250,1),(3109,'PCJ500168','ចិញ្ចៀន',110.63,100.63,1,'',NULL,43.0000,10,2,NULL,'2024-08-21 10:42:38','2024-08-21 10:42:38',1,'',0,1,41.355,'',NULL,2757.00,251,1),(3110,'PCJ500169','ចិញ្ចៀន',103.74,93.74,1,'',NULL,38.0000,10,2,NULL,'2024-08-21 10:42:38','2024-08-21 10:42:38',1,'',0,1,41.355,'',NULL,2757.00,252,1),(3111,'PCJ500170','ចិញ្ចៀន',99.60,89.60,1,'',NULL,35.0000,10,2,NULL,'2024-08-21 10:42:38','2024-08-21 10:42:38',1,'',0,1,41.355,'',NULL,2757.00,253,1),(3112,'PCJ500171','ចិញ្ចៀន',157.50,147.50,1,'',NULL,77.0000,10,2,NULL,'2024-08-21 10:42:38','2024-08-21 10:42:38',1,'',0,1,41.355,'',NULL,2757.00,254,1),(3113,'PCJ500172','ចិញ្ចៀន',99.60,89.60,1,'',NULL,35.0000,10,2,NULL,'2024-08-21 10:42:38','2024-08-21 10:42:38',1,'',0,1,41.355,'',NULL,2757.00,255,1),(3114,'PCJ500173','ចិញ្ចៀន',102.36,92.36,1,'',NULL,37.0000,10,2,NULL,'2024-08-21 10:42:38','2024-08-21 10:42:38',1,'',0,1,41.355,'',NULL,2757.00,256,1);

--
-- Table structure for table `products_readies`
--

CREATE TABLE `products_readies` (
  `id` bigint unsigned NOT NULL AUTO_INCREMENT,
  `part_number` varchar(255) CHARACTER SET utf8mb4 COLLATE utf8mb4_unicode_ci DEFAULT NULL,
  `name` varchar(255) CHARACTER SET utf8mb4 COLLATE utf8mb4_unicode_ci DEFAULT NULL,
  `price` double(16,2) NOT NULL DEFAULT '0.00',
  `cost` double(16,2) NOT NULL DEFAULT '0.00',
  `is_active` tinyint(1) NOT NULL DEFAULT '1',
  `description` varchar(191) CHARACTER SET utf8mb4 COLLATE utf8mb4_unicode_ci DEFAULT NULL,
  `image` varchar(191) CHARACTER SET utf8mb4 COLLATE utf8mb4_unicode_ci DEFAULT NULL,
  `weight` double(16,4) NOT NULL,
  `product_category_id` bigint unsigned DEFAULT NULL,
  `user_id` bigint unsigned DEFAULT NULL,
  `grn` varchar(191) CHARACTER SET utf8mb4 COLLATE utf8mb4_unicode_ci DEFAULT NULL,
  `qty` int NOT NULL DEFAULT '0',
  `diamond_size` varchar(191) CHARACTER SET utf8mb4 COLLATE utf8mb4_unicode_ci DEFAULT NULL,
  `invoice` bigint DEFAULT NULL,
  `wages` double NOT NULL,
  `for_sale` tinyint(1) NOT NULL DEFAULT '1',
  `deleted_at` timestamp NULL DEFAULT NULL,
  `created_at` timestamp NULL DEFAULT NULL,
  `updated_at` timestamp NULL DEFAULT NULL,
  PRIMARY KEY (`id`)
) ENGINE=InnoDB DEFAULT CHARSET=utf8mb4 COLLATE=utf8mb4_unicode_ci;

--
-- Dumping data for table `products_readies`
--


--
-- Table structure for table `qty_histories`
--

CREATE TABLE `qty_histories` (
  `id` bigint unsigned NOT NULL AUTO_INCREMENT,
  `qty` int NOT NULL DEFAULT '0',
  `qty_before_transaction` int NOT NULL DEFAULT '0',
  `qty_after_transaction` int NOT NULL DEFAULT '0',
  `product_id` bigint unsigned DEFAULT NULL,
  `user_id` bigint unsigned DEFAULT NULL,
  `note` varchar(191) CHARACTER SET utf8mb4 COLLATE utf8mb4_unicode_ci DEFAULT NULL,
  `deleted_at` timestamp NULL DEFAULT NULL,
  `created_at` timestamp NULL DEFAULT NULL,
  `updated_at` timestamp NULL DEFAULT NULL,
  `grn` varchar(191) CHARACTER SET utf8mb4 COLLATE utf8mb4_unicode_ci DEFAULT NULL,
  `product_category_id` int DEFAULT NULL,
  PRIMARY KEY (`id`)
) ENGINE=InnoDB AUTO_INCREMENT=18 DEFAULT CHARSET=utf8mb4 COLLATE=utf8mb4_unicode_ci;

--
-- Dumping data for table `qty_histories`
--


--
-- Table structure for table `role_has_permissions`
--

CREATE TABLE `role_has_permissions` (
  `permission_id` bigint unsigned NOT NULL,
  `role_id` bigint unsigned NOT NULL,
  PRIMARY KEY (`permission_id`,`role_id`),
  KEY `role_has_permissions_role_id_foreign` (`role_id`),
  CONSTRAINT `role_has_permissions_permission_id_foreign` FOREIGN KEY (`permission_id`) REFERENCES `permissions` (`id`) ON DELETE CASCADE,
  CONSTRAINT `role_has_permissions_role_id_foreign` FOREIGN KEY (`role_id`) REFERENCES `roles` (`id`) ON DELETE CASCADE
) ENGINE=InnoDB DEFAULT CHARSET=utf8mb4 COLLATE=utf8mb4_unicode_ci;

--
-- Dumping data for table `role_has_permissions`
--

INSERT INTO `role_has_permissions` VALUES (1,1),(2,1),(3,1),(4,1),(5,1),(6,1),(7,1),(8,1),(9,1),(10,1),(11,1),(12,1),(13,1),(14,1),(15,1),(16,1),(17,1),(18,1),(19,1),(20,1),(21,1),(22,1),(23,1),(24,1),(25,1),(26,1),(27,1),(28,1),(29,1),(30,1),(31,1),(32,1),(33,1),(34,1),(35,1),(36,1),(37,1),(1,2),(2,2),(3,2),(4,2),(5,2),(6,2),(7,2),(8,2),(9,2),(10,2),(11,2),(12,2),(13,2),(14,2),(15,2),(16,2),(17,2),(18,2),(19,2),(20,2),(21,2),(22,2),(23,2),(24,2),(25,2),(26,2),(27,2),(28,2),(29,2),(30,2),(31,2),(32,2),(33,2),(34,2),(35,2),(36,2),(37,2),(17,3);

--
-- Table structure for table `roles`
--

CREATE TABLE `roles` (
  `id` bigint unsigned NOT NULL AUTO_INCREMENT,
  `name` varchar(255) CHARACTER SET utf8mb4 COLLATE utf8mb4_unicode_ci NOT NULL,
  `guard_name` varchar(255) CHARACTER SET utf8mb4 COLLATE utf8mb4_unicode_ci NOT NULL,
  `created_at` timestamp NULL DEFAULT NULL,
  `updated_at` timestamp NULL DEFAULT NULL,
  PRIMARY KEY (`id`),
  UNIQUE KEY `roles_name_guard_name_unique` (`name`,`guard_name`)
) ENGINE=InnoDB AUTO_INCREMENT=4 DEFAULT CHARSET=utf8mb4 COLLATE=utf8mb4_unicode_ci;

--
-- Dumping data for table `roles`
--

INSERT INTO `roles` VALUES (1,'Admin','web','2024-04-10 10:45:40','2024-04-10 10:45:40'),(2,'Supervisor','web','2024-04-10 10:45:40','2024-04-10 10:45:40'),(3,'Staff','web','2024-04-10 10:45:40','2024-04-10 10:45:40');

--
-- Table structure for table `sales`
--

CREATE TABLE `sales` (
  `id` bigint unsigned NOT NULL AUTO_INCREMENT,
  `product_id` bigint unsigned DEFAULT NULL,
  `part_number` varchar(255) CHARACTER SET utf8mb4 COLLATE utf8mb4_unicode_ci DEFAULT NULL,
  `name` varchar(255) CHARACTER SET utf8mb4 COLLATE utf8mb4_unicode_ci DEFAULT NULL,
  `cost` double(16,2) NOT NULL,
  `description` varchar(191) CHARACTER SET utf8mb4 COLLATE utf8mb4_unicode_ci DEFAULT NULL,
  `image` varchar(191) CHARACTER SET utf8mb4 COLLATE utf8mb4_unicode_ci DEFAULT NULL,
  `weight` double(16,4) NOT NULL,
  `product_category_id` bigint unsigned DEFAULT NULL,
  `user_id` bigint unsigned DEFAULT NULL,
  `deleted_at` timestamp NULL DEFAULT NULL,
  `created_at` timestamp NULL DEFAULT NULL,
  `updated_at` timestamp NULL DEFAULT NULL,
  `wages` double NOT NULL,
  `invoice_no` int NOT NULL,
  `grn` varchar(191) CHARACTER SET utf8mb4 COLLATE utf8mb4_unicode_ci DEFAULT NULL,
  `qty` int NOT NULL DEFAULT '1',
  `diamond_size` text CHARACTER SET utf8mb4 COLLATE utf8mb4_unicode_ci NOT NULL,
  `usd_amount` double DEFAULT NULL,
  `khr_amount` double DEFAULT NULL,
  `thb_amount` double DEFAULT NULL,
  `sales_price` double DEFAULT NULL,
  `member_id` bigint unsigned DEFAULT NULL,
  `discount` double(16,2) NOT NULL DEFAULT '0.00',
  `already_buy_back` tinyint(1) NOT NULL DEFAULT '0',
  `date_buy_back` timestamp NULL DEFAULT NULL,
  `buy_back_price` double(16,2) DEFAULT NULL,
  `buy_back_note` varchar(191) CHARACTER SET utf8mb4 COLLATE utf8mb4_unicode_ci DEFAULT NULL,
  `buy_by_user` varchar(191) CHARACTER SET utf8mb4 COLLATE utf8mb4_unicode_ci DEFAULT NULL,
  `to_usd_exchange_rate` double(16,2) DEFAULT NULL,
  `original_wages` double(16,2) DEFAULT NULL,
  `weight_description` varchar(191) CHARACTER SET utf8mb4 COLLATE utf8mb4_unicode_ci DEFAULT NULL,
  `selling_cost` double(16,2) NOT NULL DEFAULT '0.00',
  `selling_rate` double(16,2) NOT NULL DEFAULT '0.00',
  `fixed_price` tinyint(1) NOT NULL DEFAULT '0',
  PRIMARY KEY (`id`)
) ENGINE=MyISAM AUTO_INCREMENT=26 DEFAULT CHARSET=utf8mb4 COLLATE=utf8mb4_unicode_ci;

--
-- Dumping data for table `sales`
--

INSERT INTO `sales` VALUES (1,1001,'GCJ0013','ចិញ្ចៀន',355.00,'','',100.0000,2,2,NULL,'2024-08-23 08:35:44','2024-08-23 08:35:44',69.45,61941595,NULL,1,'',372.25,0,0,372.25,1,0.00,0,NULL,NULL,NULL,NULL,NULL,55.56,NULL,381.50,3.03,0),(2,1223,'ITCJ103','ខ្សែរក',168.17,'','images/1808167187978942.jpg',70.5000,12,2,NULL,'2024-08-23 08:43:27','2024-08-23 08:43:27',0,122651793,NULL,1,'',213.47,0,0,213.47,2,0.00,0,NULL,NULL,NULL,NULL,NULL,0.00,NULL,202.21,0.00,0),(3,1119,'TG019','ខ្សែករ',458.33,'','images/1808168690199333.jpg',203.0000,16,2,NULL,'2024-08-23 09:07:19','2024-08-23 09:07:19',0,841245849,NULL,1,'',614.68,0,0,614.68,3,0.00,0,NULL,NULL,NULL,NULL,NULL,0.00,NULL,603.60,0.00,0),(4,890,'DCJ75033','ក្រវិល',2811.00,'','',232.0000,1,2,NULL,'2024-08-23 11:06:13','2024-08-23 11:06:13',233.82,855261877,NULL,1,'<p>2.35L:8P<br>2.05L:18P<br>1.85:12P<br>1.55L:28P<br>1.3L:92P</p>',3442.21,0,0,3442.21,4,566.19,0,NULL,NULL,NULL,NULL,NULL,207.84,NULL,2811.00,0.00,0),(5,1076,'GCJ0088','ខ្សែក',3388.00,'','images/1808177120446295.jpg',1066.5000,2,2,NULL,'2024-08-23 11:21:19','2024-08-23 11:21:19',300,176185423,NULL,1,'',3510,0,0,3510,5,0.16,0,NULL,NULL,NULL,NULL,NULL,264.00,NULL,3459.00,3.01,0),(6,2938,'PCJ500197','ខ្សែជើង',277.00,'','images/1808177756723344.jpg',141.5000,10,2,NULL,'2024-08-23 11:31:26','2024-08-23 11:31:26',56,521070329,NULL,1,'',269.24,0,0,269.24,6,0.00,0,NULL,NULL,NULL,NULL,NULL,83.19,NULL,293.47,1.51,0),(7,1989,'PCJ700174','កងដាប់កូនក្មេង',372.00,'','images/1808178110196930.jpg',163.5000,9,2,NULL,'2024-08-23 11:37:03','2024-08-23 11:37:03',70,439092501,NULL,1,'',414.95,0,0,414.95,7,0.00,0,NULL,NULL,NULL,NULL,NULL,56.00,NULL,396.65,2.11,0),(8,1988,'PCJ700173','កងក្មេង',378.00,'','images/1808178240530963.jpg',166.5000,9,2,NULL,'2024-08-23 11:39:07','2024-08-23 11:39:07',70,765859995,NULL,1,'',421.28,0,0,421.28,8,0.00,0,NULL,NULL,NULL,NULL,NULL,56.00,NULL,402.96,2.11,0),(9,880,'DCJ75023','ចិញ្ចៀន',211.00,'','images/1808178760805950.jpg',46.0000,1,2,NULL,'2024-08-23 11:47:23','2024-08-23 11:47:23',90.93,869481792,NULL,1,'<p>1.3L:5P</p>',254.93,0,0,254.93,9,28.94,0,NULL,NULL,NULL,NULL,NULL,77.94,NULL,211.00,0.00,0),(10,873,'DCJ75016','ចិញ្ចៀន',325.00,'','images/1808179393297151.jpg',45.0000,1,2,NULL,'2024-08-23 11:57:27','2024-08-23 11:57:27',90.93,856228270,NULL,1,'1.3L:18P',395.43,0,0,395.43,10,53.74,0,NULL,NULL,NULL,NULL,NULL,77.94,NULL,325.00,0.00,0),(11,881,'DCJ75024','ចិញ្ចៀន',206.00,'','images/1808179600433954.jpg',46.0000,1,2,NULL,'2024-08-23 12:00:44','2024-08-23 12:00:44',90.93,221918946,NULL,1,'1.3L:1P<br>1.2L:3P<br>1L:2p',248.77,0,0,248.77,11,27.85,0,NULL,NULL,NULL,NULL,NULL,77.94,NULL,206.00,0.00,0),(12,2932,'PCJ500191','ខ្សែដៃ',980.00,'','images/1808180575086793.jpg',589.0000,10,2,NULL,'2024-08-23 12:16:14','2024-08-23 12:16:14',195,663324012,NULL,1,'',1082.62,0,0,1082.62,12,0.00,0,NULL,NULL,NULL,NULL,NULL,166.68,NULL,1046.85,1.51,0),(13,2805,'PCJ700990','ក្រវិលកាវដាំស្នាយ',351.00,'','images/1808180764572337.jpg',113.0000,9,2,NULL,'2024-08-23 12:19:14','2024-08-23 12:19:14',134,649424568,NULL,1,'',420.41,0,0,420.41,13,0.00,0,NULL,NULL,NULL,NULL,NULL,106.40,NULL,368.02,2.11,0),(14,953,'DCJ75096','ក្រវិល',755.00,'','images/1808182955657121.jpg',30.0000,1,2,NULL,'2024-08-23 12:54:04','2024-08-23 12:54:04',82.71,636340612,NULL,1,'<p>3.8L:2P</p>',945.29,0,0,945.29,14,138.43,0,NULL,NULL,NULL,NULL,NULL,55.14,NULL,755.00,0.00,0),(15,539,'DCJ70539','ចិញ្ចៀន',1852.00,'','images/1808183319605876.jpg',115.0000,1,2,NULL,'2024-08-23 12:59:51','2024-08-23 12:59:51',252,135410689,NULL,1,'<p>4.1L:1P<br>2.6L:15P<br>1.5L:6P</p>',2293.02,0,0,2293.02,15,332.18,0,NULL,NULL,NULL,NULL,NULL,196.00,NULL,1852.00,0.00,0),(16,1023,'GCJ0035','ចិញ្ចៀន',430.00,'','images/1808241459991042.jpg',136.0000,2,2,NULL,'2024-08-24 04:23:58','2024-08-24 04:23:58',69,271014647,NULL,1,'',471.83,0,0,471.83,16,0.00,0,NULL,NULL,NULL,NULL,NULL,55.14,NULL,456.61,2.96,0),(17,1087,'GCJ0099','ខ្សែដៃ',3086.00,'','images/1808241789888964.jpg',1018.0000,2,2,NULL,'2024-08-24 04:29:13','2024-08-24 04:29:13',170,325143028,NULL,1,'',3185.32,0,0,3185.32,17,0.00,0,NULL,NULL,NULL,NULL,NULL,0.00,NULL,2999.23,2.96,0),(18,2672,'PCJ700857','ខ្សែក',1120.00,'','images/1808241982638486.jpg',501.0000,9,2,NULL,'2024-08-24 04:32:16','2024-08-24 04:32:16',182,470940820,NULL,1,'',1220.77,0,0,1220.77,18,0.00,0,NULL,NULL,NULL,NULL,NULL,140.00,NULL,1173.20,2.07,0),(19,2936,'PCJ500195','កងដៃ',2345.00,'','images/1808245325539060.jpg',1493.0000,10,2,NULL,'2024-08-24 05:25:24','2024-08-24 05:25:24',332.76,39565435,NULL,1,'',2540.91,0,0,2540.91,19,0.00,0,NULL,NULL,NULL,NULL,NULL,277.30,NULL,2476.51,1.48,0),(20,1201,'ITCJ081','ខ្សែរក',434.23,'','images/1808245522203616.jpg',173.5000,12,2,NULL,'2024-08-24 05:28:32','2024-08-24 05:28:32',0,645932678,NULL,1,'',513.21,0,0,513.21,20,0.00,0,NULL,NULL,NULL,NULL,NULL,0.00,NULL,510.00,2.96,0),(21,1580,'ITCJ460','ខ្សែក',1127.49,'','images/1808247601161963.jpg',414.5000,12,2,NULL,'2024-08-24 06:01:35','2024-08-24 06:01:35',0,784284061,NULL,1,'',1227.75,0,0,1227.75,21,0.00,0,NULL,NULL,NULL,NULL,NULL,0.00,NULL,1219.18,2.96,0),(22,175,'DCJ70175','ក្រវិល',1226.00,'','images/1808248016711980.jpg',113.0000,1,2,NULL,'2024-08-24 06:08:11','2024-08-24 06:08:11',162.4,193750854,NULL,1,'<p>1.5L:70P<br>1.8L:2P</p>',1594.25,0,0,1594.25,22,142.29,0,NULL,NULL,NULL,NULL,NULL,128.80,NULL,1226.00,0.00,0),(23,1423,'ITCJ303','ក្រវិល',75.90,'','',30.0000,12,2,NULL,'2024-08-24 07:20:14','2024-08-24 07:20:14',0.14,694047859,NULL,1,'',89,0,0,89,23,0.00,0,NULL,NULL,NULL,NULL,NULL,0.00,NULL,88.56,2.96,0),(24,7,'DCJ70007','ស្វារ៉េ',6842.00,'','images/1808253096227767.jpg',816.0000,1,2,NULL,'2024-08-24 07:28:55','2024-08-24 07:28:55',700,674169898,NULL,1,'<p>3.1L:4P<br>2.1L:148P</p>',8442.57,0,0,8442.57,24,1282.33,0,NULL,NULL,NULL,NULL,NULL,560.00,NULL,6842.00,0.00,0),(25,443,'DCJ70443','ចិញ្ចៀន',1645.00,'','images/1808253352220580.jpg',168.0000,1,2,NULL,'2024-08-24 07:32:59','2024-08-24 07:32:59',224,909653494,NULL,1,'<p>4.6L:1P<br>2.1L:10P</p>',2044.4,0,0,2044.4,25,293.25,0,NULL,NULL,NULL,NULL,NULL,168.00,NULL,1645.00,0.00,0);

--
-- Table structure for table `sell_product_attributes`
--

CREATE TABLE `sell_product_attributes` (
  `id` bigint unsigned NOT NULL AUTO_INCREMENT,
  `name` varchar(191) CHARACTER SET utf8mb4 COLLATE utf8mb4_unicode_ci NOT NULL,
  `qty` varchar(191) CHARACTER SET utf8mb4 COLLATE utf8mb4_unicode_ci NOT NULL DEFAULT '1',
  `cost` double(16,2) NOT NULL DEFAULT '0.00',
  `price` double(16,2) NOT NULL DEFAULT '0.00',
  `sell_id` bigint unsigned NOT NULL,
  `deleted_at` timestamp NULL DEFAULT NULL,
  `created_at` timestamp NULL DEFAULT NULL,
  `updated_at` timestamp NULL DEFAULT NULL,
  PRIMARY KEY (`id`)
) ENGINE=InnoDB AUTO_INCREMENT=2 DEFAULT CHARSET=utf8mb4 COLLATE=utf8mb4_unicode_ci;

--
-- Dumping data for table `sell_product_attributes`
--

INSERT INTO `sell_product_attributes` VALUES (1,'ស្នាយ','22P',24.00,48.00,13,NULL,'2024-08-23 12:19:14','2024-08-23 12:19:14');

--
-- Table structure for table `settings`
--

CREATE TABLE `settings` (
  `id` bigint unsigned NOT NULL AUTO_INCREMENT,
  `shop_name` varchar(255) CHARACTER SET utf8mb4 COLLATE utf8mb4_unicode_ci DEFAULT NULL,
  `address` text CHARACTER SET utf8mb4 COLLATE utf8mb4_unicode_ci,
  `phone` varchar(255) CHARACTER SET utf8mb4 COLLATE utf8mb4_unicode_ci DEFAULT NULL,
  `logo` varchar(255) CHARACTER SET utf8mb4 COLLATE utf8mb4_unicode_ci NOT NULL,
  `fav_icon` varchar(255) CHARACTER SET utf8mb4 COLLATE utf8mb4_unicode_ci DEFAULT NULL,
  `is_active` int NOT NULL DEFAULT '1',
  `deleted_at` timestamp NULL DEFAULT NULL,
  `created_at` timestamp NULL DEFAULT NULL,
  `updated_at` timestamp NULL DEFAULT NULL,
  PRIMARY KEY (`id`)
) ENGINE=InnoDB AUTO_INCREMENT=2 DEFAULT CHARSET=utf8mb4 COLLATE=utf8mb4_unicode_ci;

--
-- Dumping data for table `settings`
--

INSERT INTO `settings` VALUES (1,'Crown Jewelry','អគារស៊ីសាន់ម៉ល ភូមិក្បាលស្ពាន១ សង្កាត់ប៉ោយប៉ែត ក្រុងប៉ោយប៉ែត, ខេត្តបន្ទាយមានជ័យ','031​ 555 5​02 2 / ​071 ​555 598 6 / 067 779 696','logo.png','fav.ico',1,NULL,'2024-04-10 10:45:35','2024-08-18 10:58:31');

--
-- Table structure for table `suppliers`
--

CREATE TABLE `suppliers` (
  `id` bigint unsigned NOT NULL AUTO_INCREMENT,
  `name` varchar(191) CHARACTER SET utf8mb4 COLLATE utf8mb4_unicode_ci NOT NULL,
  `phone` varchar(191) CHARACTER SET utf8mb4 COLLATE utf8mb4_unicode_ci DEFAULT NULL,
  `note` text CHARACTER SET utf8mb4 COLLATE utf8mb4_unicode_ci,
  `deleted_at` timestamp NULL DEFAULT NULL,
  `created_at` timestamp NULL DEFAULT NULL,
  `updated_at` timestamp NULL DEFAULT NULL,
  PRIMARY KEY (`id`)
) ENGINE=MyISAM AUTO_INCREMENT=257 DEFAULT CHARSET=utf8mb4 COLLATE=utf8mb4_unicode_ci;

--
-- Dumping data for table `suppliers`
--

INSERT INTO `suppliers` VALUES (1,'MOM','','',NULL,'2024-08-21 10:39:59','2024-08-21 10:39:59'),(2,'KDD5','','',NULL,'2024-08-21 10:40:04','2024-08-21 10:40:04'),(3,'KDD6','','',NULL,'2024-08-21 10:40:04','2024-08-21 10:40:04'),(4,'KDD3','','',NULL,'2024-08-21 10:40:04','2024-08-21 10:40:04'),(5,'KDD4','','',NULL,'2024-08-21 10:40:04','2024-08-21 10:40:04'),(6,'KDD2','','',NULL,'2024-08-21 10:40:04','2024-08-21 10:40:04'),(7,'KDD1','','',NULL,'2024-08-21 10:40:04','2024-08-21 10:40:04'),(8,'KIM','','',NULL,'2024-08-21 10:40:04','2024-08-21 10:40:04'),(9,'KGG1','','',NULL,'2024-08-21 10:40:44','2024-08-21 10:40:44'),(10,'KGG2','','',NULL,'2024-08-21 10:40:44','2024-08-21 10:40:44'),(11,'KGG3','','',NULL,'2024-08-21 10:40:44','2024-08-21 10:40:44'),(12,'KGG20','','',NULL,'2024-08-21 10:40:44','2024-08-21 10:40:44'),(13,'KGG21','','',NULL,'2024-08-21 10:40:44','2024-08-21 10:40:44'),(14,'KGG22','','',NULL,'2024-08-21 10:40:44','2024-08-21 10:40:44'),(15,'KGG23','','',NULL,'2024-08-21 10:40:44','2024-08-21 10:40:44'),(16,'KGG24','','',NULL,'2024-08-21 10:40:44','2024-08-21 10:40:44'),(17,'KGG25','','',NULL,'2024-08-21 10:40:44','2024-08-21 10:40:44'),(18,'KGG26','','',NULL,'2024-08-21 10:40:44','2024-08-21 10:40:44'),(19,'KGG27','','',NULL,'2024-08-21 10:40:44','2024-08-21 10:40:44'),(20,'KGG28','','',NULL,'2024-08-21 10:40:44','2024-08-21 10:40:44'),(21,'KGG29','','',NULL,'2024-08-21 10:40:44','2024-08-21 10:40:44'),(22,'KGG30','','',NULL,'2024-08-21 10:40:44','2024-08-21 10:40:44'),(23,'KGG33','','',NULL,'2024-08-21 10:40:44','2024-08-21 10:40:44'),(24,'KGG32','','',NULL,'2024-08-21 10:40:44','2024-08-21 10:40:44'),(25,'KGG31','','',NULL,'2024-08-21 10:40:44','2024-08-21 10:40:44'),(26,'KGG34','','',NULL,'2024-08-21 10:40:44','2024-08-21 10:40:44'),(27,'KGG35','','',NULL,'2024-08-21 10:40:44','2024-08-21 10:40:44'),(28,'KGG36','','',NULL,'2024-08-21 10:40:44','2024-08-21 10:40:44'),(29,'KGG4','','',NULL,'2024-08-21 10:40:44','2024-08-21 10:40:44'),(30,'KGG5','','',NULL,'2024-08-21 10:40:44','2024-08-21 10:40:44'),(31,'KGG6','','',NULL,'2024-08-21 10:40:44','2024-08-21 10:40:44'),(32,'KGG7','','',NULL,'2024-08-21 10:40:44','2024-08-21 10:40:44'),(33,'KGG8','','',NULL,'2024-08-21 10:40:44','2024-08-21 10:40:44'),(34,'KGG9','','',NULL,'2024-08-21 10:40:44','2024-08-21 10:40:44'),(35,'KGG10','','',NULL,'2024-08-21 10:40:44','2024-08-21 10:40:44'),(36,'KGG11','','',NULL,'2024-08-21 10:40:44','2024-08-21 10:40:44'),(37,'KGG41','','',NULL,'2024-08-21 10:40:44','2024-08-21 10:40:44'),(38,'KGG42','','',NULL,'2024-08-21 10:40:44','2024-08-21 10:40:44'),(39,'KGG43','','',NULL,'2024-08-21 10:40:44','2024-08-21 10:40:44'),(40,'KGG44','','',NULL,'2024-08-21 10:40:44','2024-08-21 10:40:44'),(41,'KGG18','','',NULL,'2024-08-21 10:40:44','2024-08-21 10:40:44'),(42,'KGG19','','',NULL,'2024-08-21 10:40:44','2024-08-21 10:40:44'),(43,'KGG37','','',NULL,'2024-08-21 10:40:44','2024-08-21 10:40:44'),(44,'KGG38','','',NULL,'2024-08-21 10:40:44','2024-08-21 10:40:44'),(45,'KGG39','','',NULL,'2024-08-21 10:40:44','2024-08-21 10:40:44'),(46,'KGG40','','',NULL,'2024-08-21 10:40:44','2024-08-21 10:40:44'),(47,'KGG12','','',NULL,'2024-08-21 10:40:44','2024-08-21 10:40:44'),(48,'KGG13','','',NULL,'2024-08-21 10:40:44','2024-08-21 10:40:44'),(49,'KGG14','','',NULL,'2024-08-21 10:40:44','2024-08-21 10:40:44'),(50,'KGG15','','',NULL,'2024-08-21 10:40:44','2024-08-21 10:40:44'),(51,'KGG16','','',NULL,'2024-08-21 10:40:44','2024-08-21 10:40:44'),(52,'KGG17','','',NULL,'2024-08-21 10:40:44','2024-08-21 10:40:44'),(53,'KGG45','','',NULL,'2024-08-21 10:40:44','2024-08-21 10:40:44'),(54,'KGG46','','',NULL,'2024-08-21 10:40:44','2024-08-21 10:40:44'),(55,'KGG47','','',NULL,'2024-08-21 10:40:44','2024-08-21 10:40:44'),(56,'KGG48','','',NULL,'2024-08-21 10:40:44','2024-08-21 10:40:44'),(57,'KGG49','','',NULL,'2024-08-21 10:40:44','2024-08-21 10:40:44'),(58,'KGG50','','',NULL,'2024-08-21 10:40:44','2024-08-21 10:40:44'),(59,'KGG51','','',NULL,'2024-08-21 10:40:44','2024-08-21 10:40:44'),(60,'KGG52','','',NULL,'2024-08-21 10:40:44','2024-08-21 10:40:44'),(61,'KGG53','','',NULL,'2024-08-21 10:40:44','2024-08-21 10:40:44'),(62,'KGG54','','',NULL,'2024-08-21 10:40:44','2024-08-21 10:40:44'),(63,'KGG55','','',NULL,'2024-08-21 10:40:44','2024-08-21 10:40:44'),(64,'KGG56','','',NULL,'2024-08-21 10:40:44','2024-08-21 10:40:44'),(65,'KGG57','','',NULL,'2024-08-21 10:40:44','2024-08-21 10:40:44'),(66,'KGG58','','',NULL,'2024-08-21 10:40:44','2024-08-21 10:40:44'),(67,'KGG59','','',NULL,'2024-08-21 10:40:44','2024-08-21 10:40:44'),(68,'KGG60','','',NULL,'2024-08-21 10:40:44','2024-08-21 10:40:44'),(69,'KGG61','','',NULL,'2024-08-21 10:40:44','2024-08-21 10:40:44'),(70,'KGG62','','',NULL,'2024-08-21 10:40:44','2024-08-21 10:40:44'),(71,'KGG63','','',NULL,'2024-08-21 10:40:44','2024-08-21 10:40:44'),(72,'KGG64','','',NULL,'2024-08-21 10:40:45','2024-08-21 10:40:45'),(73,'KGG65','','',NULL,'2024-08-21 10:40:45','2024-08-21 10:40:45'),(74,'KGG66','','',NULL,'2024-08-21 10:40:45','2024-08-21 10:40:45'),(75,'KGG67','','',NULL,'2024-08-21 10:40:45','2024-08-21 10:40:45'),(76,'KGG68','','',NULL,'2024-08-21 10:40:45','2024-08-21 10:40:45'),(77,'KGG69','','',NULL,'2024-08-21 10:40:45','2024-08-21 10:40:45'),(78,'KGG70','','',NULL,'2024-08-21 10:40:45','2024-08-21 10:40:45'),(79,'KGG71','','',NULL,'2024-08-21 10:40:45','2024-08-21 10:40:45'),(80,'KGG72','','',NULL,'2024-08-21 10:40:45','2024-08-21 10:40:45'),(81,'KGG73','','',NULL,'2024-08-21 10:40:45','2024-08-21 10:40:45'),(82,'Somen','','',NULL,'2024-08-21 10:40:51','2024-08-21 10:40:51'),(83,'KP158','','',NULL,'2024-08-21 10:42:08','2024-08-21 10:42:08'),(84,'KP159','','',NULL,'2024-08-21 10:42:08','2024-08-21 10:42:08'),(85,'K31.1','','',NULL,'2024-08-21 10:42:08','2024-08-21 10:42:08'),(86,'K31','','',NULL,'2024-08-21 10:42:08','2024-08-21 10:42:08'),(87,'KP55','','',NULL,'2024-08-21 10:42:08','2024-08-21 10:42:08'),(88,'KP56','','',NULL,'2024-08-21 10:42:08','2024-08-21 10:42:08'),(89,'KP162','','',NULL,'2024-08-21 10:42:08','2024-08-21 10:42:08'),(90,'KP163','','',NULL,'2024-08-21 10:42:08','2024-08-21 10:42:08'),(91,'KP164','','',NULL,'2024-08-21 10:42:08','2024-08-21 10:42:08'),(92,'KP161','','',NULL,'2024-08-21 10:42:08','2024-08-21 10:42:08'),(93,'KP160','','',NULL,'2024-08-21 10:42:08','2024-08-21 10:42:08'),(94,'KP3','','',NULL,'2024-08-21 10:42:08','2024-08-21 10:42:08'),(95,'KP4','','',NULL,'2024-08-21 10:42:08','2024-08-21 10:42:08'),(96,'KP30','','',NULL,'2024-08-21 10:42:08','2024-08-21 10:42:08'),(97,'KP31','','',NULL,'2024-08-21 10:42:08','2024-08-21 10:42:08'),(98,'KP5','','',NULL,'2024-08-21 10:42:08','2024-08-21 10:42:08'),(99,'KP6','','',NULL,'2024-08-21 10:42:08','2024-08-21 10:42:08'),(100,'KP7','','',NULL,'2024-08-21 10:42:08','2024-08-21 10:42:08'),(101,'KP8','','',NULL,'2024-08-21 10:42:08','2024-08-21 10:42:08'),(102,'KP9','','',NULL,'2024-08-21 10:42:08','2024-08-21 10:42:08'),(103,'KP10','','',NULL,'2024-08-21 10:42:08','2024-08-21 10:42:08'),(104,'KP165','','',NULL,'2024-08-21 10:42:08','2024-08-21 10:42:08'),(105,'KP166','','',NULL,'2024-08-21 10:42:08','2024-08-21 10:42:08'),(106,'KP167','','',NULL,'2024-08-21 10:42:08','2024-08-21 10:42:08'),(107,'KP57','','',NULL,'2024-08-21 10:42:08','2024-08-21 10:42:08'),(108,'KP58','','',NULL,'2024-08-21 10:42:08','2024-08-21 10:42:08'),(109,'KP1','','',NULL,'2024-08-21 10:42:08','2024-08-21 10:42:08'),(110,'KP2','','',NULL,'2024-08-21 10:42:08','2024-08-21 10:42:08'),(111,'KP168','','',NULL,'2024-08-21 10:42:08','2024-08-21 10:42:08'),(112,'KP169','','',NULL,'2024-08-21 10:42:08','2024-08-21 10:42:08'),(113,'KP170','','',NULL,'2024-08-21 10:42:08','2024-08-21 10:42:08'),(114,'KP171','','',NULL,'2024-08-21 10:42:08','2024-08-21 10:42:08'),(115,'KP172','','',NULL,'2024-08-21 10:42:08','2024-08-21 10:42:08'),(116,'KP150','','',NULL,'2024-08-21 10:42:36','2024-08-21 10:42:36'),(117,'KP153','','',NULL,'2024-08-21 10:42:36','2024-08-21 10:42:36'),(118,'KP154','','',NULL,'2024-08-21 10:42:36','2024-08-21 10:42:36'),(119,'KP149','','',NULL,'2024-08-21 10:42:36','2024-08-21 10:42:36'),(120,'KP155','','',NULL,'2024-08-21 10:42:36','2024-08-21 10:42:36'),(121,'KP157','','',NULL,'2024-08-21 10:42:36','2024-08-21 10:42:36'),(122,'KP151','','',NULL,'2024-08-21 10:42:36','2024-08-21 10:42:36'),(123,'KP152','','',NULL,'2024-08-21 10:42:36','2024-08-21 10:42:36'),(124,'KP156','','',NULL,'2024-08-21 10:42:36','2024-08-21 10:42:36'),(125,'KP97','','',NULL,'2024-08-21 10:42:36','2024-08-21 10:42:36'),(126,'KP94','','',NULL,'2024-08-21 10:42:36','2024-08-21 10:42:36'),(127,'KP92','','',NULL,'2024-08-21 10:42:36','2024-08-21 10:42:36'),(128,'KP93','','',NULL,'2024-08-21 10:42:36','2024-08-21 10:42:36'),(129,'KP95','','',NULL,'2024-08-21 10:42:36','2024-08-21 10:42:36'),(130,'KP91','','',NULL,'2024-08-21 10:42:36','2024-08-21 10:42:36'),(131,'KP98','','',NULL,'2024-08-21 10:42:36','2024-08-21 10:42:36'),(132,'KP96','','',NULL,'2024-08-21 10:42:36','2024-08-21 10:42:36'),(133,'KP68','','',NULL,'2024-08-21 10:42:36','2024-08-21 10:42:36'),(134,'KP59','','',NULL,'2024-08-21 10:42:36','2024-08-21 10:42:36'),(135,'KP62','','',NULL,'2024-08-21 10:42:36','2024-08-21 10:42:36'),(136,'KP60','','',NULL,'2024-08-21 10:42:36','2024-08-21 10:42:36'),(137,'KP66','','',NULL,'2024-08-21 10:42:36','2024-08-21 10:42:36'),(138,'KP65','','',NULL,'2024-08-21 10:42:36','2024-08-21 10:42:36'),(139,'KP61','','',NULL,'2024-08-21 10:42:36','2024-08-21 10:42:36'),(140,'KP67','','',NULL,'2024-08-21 10:42:37','2024-08-21 10:42:37'),(141,'KP64','','',NULL,'2024-08-21 10:42:37','2024-08-21 10:42:37'),(142,'KP63','','',NULL,'2024-08-21 10:42:37','2024-08-21 10:42:37'),(143,'KP79','','',NULL,'2024-08-21 10:42:37','2024-08-21 10:42:37'),(144,'KP86','','',NULL,'2024-08-21 10:42:37','2024-08-21 10:42:37'),(145,'KP89','','',NULL,'2024-08-21 10:42:37','2024-08-21 10:42:37'),(146,'KP87','','',NULL,'2024-08-21 10:42:37','2024-08-21 10:42:37'),(147,'KP90','','',NULL,'2024-08-21 10:42:37','2024-08-21 10:42:37'),(148,'KP80','','',NULL,'2024-08-21 10:42:37','2024-08-21 10:42:37'),(149,'KP81','','',NULL,'2024-08-21 10:42:37','2024-08-21 10:42:37'),(150,'KP82','','',NULL,'2024-08-21 10:42:37','2024-08-21 10:42:37'),(151,'KP83','','',NULL,'2024-08-21 10:42:37','2024-08-21 10:42:37'),(152,'KP84','','',NULL,'2024-08-21 10:42:37','2024-08-21 10:42:37'),(153,'KP88','','',NULL,'2024-08-21 10:42:37','2024-08-21 10:42:37'),(154,'KP85','','',NULL,'2024-08-21 10:42:37','2024-08-21 10:42:37'),(155,'KP78','','',NULL,'2024-08-21 10:42:37','2024-08-21 10:42:37'),(156,'KP74','','',NULL,'2024-08-21 10:42:37','2024-08-21 10:42:37'),(157,'KP70','','',NULL,'2024-08-21 10:42:37','2024-08-21 10:42:37'),(158,'KP71','','',NULL,'2024-08-21 10:42:37','2024-08-21 10:42:37'),(159,'KP77','','',NULL,'2024-08-21 10:42:37','2024-08-21 10:42:37'),(160,'KP72','','',NULL,'2024-08-21 10:42:37','2024-08-21 10:42:37'),(161,'KP73','','',NULL,'2024-08-21 10:42:37','2024-08-21 10:42:37'),(162,'KP76','','',NULL,'2024-08-21 10:42:37','2024-08-21 10:42:37'),(163,'KP75','','',NULL,'2024-08-21 10:42:37','2024-08-21 10:42:37'),(164,'KP69','','',NULL,'2024-08-21 10:42:37','2024-08-21 10:42:37'),(165,'KP128','','',NULL,'2024-08-21 10:42:37','2024-08-21 10:42:37'),(166,'KP147','','',NULL,'2024-08-21 10:42:37','2024-08-21 10:42:37'),(167,'KP101','','',NULL,'2024-08-21 10:42:37','2024-08-21 10:42:37'),(168,'KP127','','',NULL,'2024-08-21 10:42:37','2024-08-21 10:42:37'),(169,'KP145','','',NULL,'2024-08-21 10:42:37','2024-08-21 10:42:37'),(170,'KP143','','',NULL,'2024-08-21 10:42:37','2024-08-21 10:42:37'),(171,'KP103','','',NULL,'2024-08-21 10:42:37','2024-08-21 10:42:37'),(172,'KP112','','',NULL,'2024-08-21 10:42:37','2024-08-21 10:42:37'),(173,'KP99','','',NULL,'2024-08-21 10:42:37','2024-08-21 10:42:37'),(174,'KP131','','',NULL,'2024-08-21 10:42:37','2024-08-21 10:42:37'),(175,'KP134','','',NULL,'2024-08-21 10:42:37','2024-08-21 10:42:37'),(176,'KP100','','',NULL,'2024-08-21 10:42:37','2024-08-21 10:42:37'),(177,'KP104','','',NULL,'2024-08-21 10:42:37','2024-08-21 10:42:37'),(178,'KP113','','',NULL,'2024-08-21 10:42:37','2024-08-21 10:42:37'),(179,'KP108','','',NULL,'2024-08-21 10:42:37','2024-08-21 10:42:37'),(180,'KP129','','',NULL,'2024-08-21 10:42:37','2024-08-21 10:42:37'),(181,'KP133','','',NULL,'2024-08-21 10:42:37','2024-08-21 10:42:37'),(182,'KP124','','',NULL,'2024-08-21 10:42:37','2024-08-21 10:42:37'),(183,'KP123','','',NULL,'2024-08-21 10:42:37','2024-08-21 10:42:37'),(184,'KP120','','',NULL,'2024-08-21 10:42:37','2024-08-21 10:42:37'),(185,'KP102','','',NULL,'2024-08-21 10:42:37','2024-08-21 10:42:37'),(186,'KP135','','',NULL,'2024-08-21 10:42:37','2024-08-21 10:42:37'),(187,'KP139','','',NULL,'2024-08-21 10:42:37','2024-08-21 10:42:37'),(188,'KP110','','',NULL,'2024-08-21 10:42:37','2024-08-21 10:42:37'),(189,'KP115','','',NULL,'2024-08-21 10:42:37','2024-08-21 10:42:37'),(190,'KP106','','',NULL,'2024-08-21 10:42:37','2024-08-21 10:42:37'),(191,'KP105','','',NULL,'2024-08-21 10:42:37','2024-08-21 10:42:37'),(192,'KP107','','',NULL,'2024-08-21 10:42:37','2024-08-21 10:42:37'),(193,'KP140','','',NULL,'2024-08-21 10:42:37','2024-08-21 10:42:37'),(194,'KP146','','',NULL,'2024-08-21 10:42:37','2024-08-21 10:42:37'),(195,'KP118','','',NULL,'2024-08-21 10:42:37','2024-08-21 10:42:37'),(196,'KP138','','',NULL,'2024-08-21 10:42:37','2024-08-21 10:42:37'),(197,'KP109','','',NULL,'2024-08-21 10:42:37','2024-08-21 10:42:37'),(198,'KP148','','',NULL,'2024-08-21 10:42:37','2024-08-21 10:42:37'),(199,'KP121','','',NULL,'2024-08-21 10:42:37','2024-08-21 10:42:37'),(200,'KP116','','',NULL,'2024-08-21 10:42:37','2024-08-21 10:42:37'),(201,'KP126','','',NULL,'2024-08-21 10:42:37','2024-08-21 10:42:37'),(202,'KP114','','',NULL,'2024-08-21 10:42:37','2024-08-21 10:42:37'),(203,'KP132','','',NULL,'2024-08-21 10:42:37','2024-08-21 10:42:37'),(204,'KP144','','',NULL,'2024-08-21 10:42:37','2024-08-21 10:42:37'),(205,'KP125','','',NULL,'2024-08-21 10:42:37','2024-08-21 10:42:37'),(206,'KP141','','',NULL,'2024-08-21 10:42:37','2024-08-21 10:42:37'),(207,'KP136','','',NULL,'2024-08-21 10:42:37','2024-08-21 10:42:37'),(208,'KP130','','',NULL,'2024-08-21 10:42:37','2024-08-21 10:42:37'),(209,'KP122','','',NULL,'2024-08-21 10:42:37','2024-08-21 10:42:37'),(210,'KP111','','',NULL,'2024-08-21 10:42:37','2024-08-21 10:42:37'),(211,'KP142','','',NULL,'2024-08-21 10:42:37','2024-08-21 10:42:37'),(212,'KP117','','',NULL,'2024-08-21 10:42:37','2024-08-21 10:42:37'),(213,'KP119','','',NULL,'2024-08-21 10:42:37','2024-08-21 10:42:37'),(214,'KP137','','',NULL,'2024-08-21 10:42:37','2024-08-21 10:42:37'),(215,'KP37','','',NULL,'2024-08-21 10:42:37','2024-08-21 10:42:37'),(216,'KP54','','',NULL,'2024-08-21 10:42:37','2024-08-21 10:42:37'),(217,'KP52','','',NULL,'2024-08-21 10:42:37','2024-08-21 10:42:37'),(218,'KP50','','',NULL,'2024-08-21 10:42:37','2024-08-21 10:42:37'),(219,'KP42','','',NULL,'2024-08-21 10:42:37','2024-08-21 10:42:37'),(220,'KP51','','',NULL,'2024-08-21 10:42:37','2024-08-21 10:42:37'),(221,'KP41','','',NULL,'2024-08-21 10:42:37','2024-08-21 10:42:37'),(222,'KP49','','',NULL,'2024-08-21 10:42:37','2024-08-21 10:42:37'),(223,'KP47','','',NULL,'2024-08-21 10:42:37','2024-08-21 10:42:37'),(224,'KP35','','',NULL,'2024-08-21 10:42:37','2024-08-21 10:42:37'),(225,'KP48','','',NULL,'2024-08-21 10:42:37','2024-08-21 10:42:37'),(226,'KP40','','',NULL,'2024-08-21 10:42:37','2024-08-21 10:42:37'),(227,'KP34','','',NULL,'2024-08-21 10:42:37','2024-08-21 10:42:37'),(228,'KP39','','',NULL,'2024-08-21 10:42:37','2024-08-21 10:42:37'),(229,'KP38','','',NULL,'2024-08-21 10:42:37','2024-08-21 10:42:37'),(230,'KP44','','',NULL,'2024-08-21 10:42:37','2024-08-21 10:42:37'),(231,'KP45','','',NULL,'2024-08-21 10:42:37','2024-08-21 10:42:37'),(232,'KP32','','',NULL,'2024-08-21 10:42:37','2024-08-21 10:42:37'),(233,'KP33','','',NULL,'2024-08-21 10:42:37','2024-08-21 10:42:37'),(234,'KP53','','',NULL,'2024-08-21 10:42:37','2024-08-21 10:42:37'),(235,'KP43','','',NULL,'2024-08-21 10:42:37','2024-08-21 10:42:37'),(236,'KP36','','',NULL,'2024-08-21 10:42:37','2024-08-21 10:42:37'),(237,'KP46','','',NULL,'2024-08-21 10:42:37','2024-08-21 10:42:37'),(238,'KP23','','',NULL,'2024-08-21 10:42:37','2024-08-21 10:42:37'),(239,'KP11','','',NULL,'2024-08-21 10:42:38','2024-08-21 10:42:38'),(240,'KP28','','',NULL,'2024-08-21 10:42:38','2024-08-21 10:42:38'),(241,'KP22','','',NULL,'2024-08-21 10:42:38','2024-08-21 10:42:38'),(242,'KP13','','',NULL,'2024-08-21 10:42:38','2024-08-21 10:42:38'),(243,'KP29','','',NULL,'2024-08-21 10:42:38','2024-08-21 10:42:38'),(244,'KP15','','',NULL,'2024-08-21 10:42:38','2024-08-21 10:42:38'),(245,'KP27','','',NULL,'2024-08-21 10:42:38','2024-08-21 10:42:38'),(246,'KP16','','',NULL,'2024-08-21 10:42:38','2024-08-21 10:42:38'),(247,'KP26','','',NULL,'2024-08-21 10:42:38','2024-08-21 10:42:38'),(248,'KP18','','',NULL,'2024-08-21 10:42:38','2024-08-21 10:42:38'),(249,'KP17','','',NULL,'2024-08-21 10:42:38','2024-08-21 10:42:38'),(250,'KP21','','',NULL,'2024-08-21 10:42:38','2024-08-21 10:42:38'),(251,'KP24','','',NULL,'2024-08-21 10:42:38','2024-08-21 10:42:38'),(252,'KP12','','',NULL,'2024-08-21 10:42:38','2024-08-21 10:42:38'),(253,'KP25','','',NULL,'2024-08-21 10:42:38','2024-08-21 10:42:38'),(254,'KP14','','',NULL,'2024-08-21 10:42:38','2024-08-21 10:42:38'),(255,'KP19','','',NULL,'2024-08-21 10:42:38','2024-08-21 10:42:38'),(256,'KP20','','',NULL,'2024-08-21 10:42:38','2024-08-21 10:42:38');


