(2597,'ITCJ178','ខ្សែរក',0.00,143.07,1,'',NULL,57.0000,12,2,NULL,'2024-08-26 06:31:58','2024-08-26 06:31:58',1,'',0,1,0,'',NULL,2510.00,1,0),(2598,'ITCJ179','ខ្សែរក',0.00,140.56,1,'',NULL,56.0000,12,2,NULL,'2024-08-26 06:31:58','2024-08-26 06:31:58',1,'',0,1,0,'',NULL,2510.00,1,0),(2599,'ITCJ180','ខ្សែដៃ',0.00,735.43,1,'',NULL,293.0000,12,2,NULL,'2024-08-26 06:31:58','2024-08-26 06:31:58',1,'',0,1,0,'',NULL,2510.00,1,0),(2600,'ITCJ181','ខ្សែដៃ',0.00,148.09,1,'',NULL,59.0000,12,2,NULL,'2024-08-26 06:31:58','2024-08-26 06:31:58',1,'',0,1,0,'',NULL,2510.00,1,0),(2601,'ITCJ182','ខ្សែដៃ',0.00,353.91,1,'',NULL,141.0000,12,2,NULL,'2024-08-26 06:31:58','2024-08-26 06:31:58',1,'',0,1,0,'',NULL,2510.00,1,0),(2602,'ITCJ183','ខ្សែដៃ',0.00,406.62,1,'',NULL,162.0000,12,2,NULL,'2024-08-26 06:31:58','2024-08-26 06:31:58',1,'',0,1,0,'',NULL,2510.00,1,0),(2603,'ITCJ184','ខ្សែដៃ',0.00,409.13,1,'',NULL,163.0000,12,2,NULL,'2024-08-26 06:31:58','2024-08-26 06:31:58',1,'',0,1,0,'',NULL,2510.00,1,0),(2604,'ITCJ185','ខ្សែដៃ',0.00,421.68,1,'',NULL,168.0000,12,2,NULL,'2024-08-26 06:31:58','2024-08-26 06:31:58',1,'',0,1,0,'',NULL,2510.00,1,0),(2605,'ITCJ186','ខ្សែដៃ',0.00,333.83,1,'',NULL,133.0000,12,2,NULL,'2024-08-26 06:31:58','2024-08-26 06:31:58',1,'',0,1,0,'',NULL,2510.00,1,0),(2606,'ITCJ187','ខ្សែដៃ',0.00,245.98,1,'',NULL,98.0000,12,2,NULL,'2024-08-26 06:31:58','2024-08-26 06:31:58',1,'',0,1,0,'',NULL,2510.00,1,0),(2607,'ITCJ188','ខ្សែដៃ',0.00,449.29,1,'',NULL,179.0000,12,2,NULL,'2024-08-26 06:31:58','2024-08-26 06:31:58',1,'',0,1,0,'',NULL,2510.00,1,0),(2608,'ITCJ189','ខ្សែដៃ',0.00,356.42,1,'',NULL,142.0000,12,2,NULL,'2024-08-26 06:31:58','2024-08-26 06:31:58',1,'',0,1,0,'',NULL,2510.00,1,0),(2609,'ITCJ190','ខ្សែដៃ',0.00,180.72,1,'',NULL,72.0000,12,2,NULL,'2024-08-26 06:31:58','2024-08-26 06:31:58',1,'',0,1,0,'',NULL,2510.00,1,0),(2610,'ITCJ191','ខ្សែដៃ',0.00,594.87,1,'',NULL,237.0000,12,2,NULL,'2024-08-26 06:31:58','2024-08-26 06:31:58',1,'',0,1,0,'',NULL,2510.00,1,0),(2611,'ITCJ192','ខ្សែដៃ',0.00,486.94,1,'',NULL,194.0000,12,2,NULL,'2024-08-26 06:31:58','2024-08-26 06:31:58',1,'',0,1,0,'',NULL,2510.00,1,0),(2612,'ITCJ193','ខ្សែដៃ',0.00,306.22,1,'',NULL,122.0000,12,2,NULL,'2024-08-26 06:31:58','2024-08-26 06:31:58',1,'',0,1,0,'',NULL,2510.00,1,0),(2613,'ITCJ194','ខ្សែដៃ',0.00,637.54,1,'',NULL,254.0000,12,2,NULL,'2024-08-26 06:31:58','2024-08-26 06:31:58',1,'',0,1,0,'',NULL,2510.00,1,0),(2614,'ITCJ195','ខ្សែដៃ',0.00,225.90,1,'',NULL,90.0000,12,2,NULL,'2024-08-26 06:31:58','2024-08-26 06:31:58',1,'',0,1,0,'',NULL,2510.00,1,0),(2615,'ITCJ196','ខ្សែដៃ',0.00,602.40,1,'',NULL,240.0000,12,2,NULL,'2024-08-26 06:31:58','2024-08-26 06:31:58',1,'',0,1,0,'',NULL,2510.00,1,0),(2616,'ITCJ197','ខ្សែដៃ',0.00,343.87,1,'',NULL,137.0000,12,2,NULL,'2024-08-26 06:31:58','2024-08-26 06:31:58',1,'',0,1,0,'',NULL,2510.00,1,0),(2617,'ITCJ198','ខ្សែដៃ',0.00,454.31,1,'',NULL,181.0000,12,2,NULL,'2024-08-26 06:31:58','2024-08-26 06:31:58',1,'',0,1,0,'',NULL,2510.00,1,0),(2618,'ITCJ199','ខ្សែដៃ',0.00,481.92,1,'',NULL,192.0000,12,2,NULL,'2024-08-26 06:31:58','2024-08-26 06:31:58',1,'',0,1,0,'',NULL,2510.00,1,0),(2619,'ITCJ200','ខ្សែដៃ',0.00,466.86,1,'',NULL,186.0000,12,2,NULL,'2024-08-26 06:31:58','2024-08-26 06:31:58',1,'',0,1,0,'',NULL,2510.00,1,0),(2620,'ITCJ201','ខ្សែដៃ',0.00,828.30,1,'',NULL,330.0000,12,2,NULL,'2024-08-26 06:31:58','2024-08-26 06:31:58',1,'',0,1,0,'',NULL,2510.00,1,0),(2621,'ITCJ202','ខ្សែដៃ',0.00,451.80,1,'',NULL,180.0000,12,2,NULL,'2024-08-26 06:31:58','2024-08-26 06:31:58',1,'',0,1,0,'',NULL,2510.00,1,0),(2622,'ITCJ203','ខ្សែដៃ',0.00,961.33,1,'',NULL,383.0000,12,2,NULL,'2024-08-26 06:31:58','2024-08-26 06:31:58',1,'',0,1,0,'',NULL,2510.00,1,0),(2623,'ITCJ204','ខ្សែដៃ',0.00,248.49,1,'',NULL,99.0000,12,2,NULL,'2024-08-26 06:31:58','2024-08-26 06:31:58',1,'',0,1,0,'',NULL,2510.00,1,0),(2624,'ITCJ205','ខ្សែដៃ',0.00,941.25,1,'',NULL,375.0000,12,2,NULL,'2024-08-26 06:31:58','2024-08-26 06:31:58',1,'',0,1,0,'',NULL,2510.00,1,0),(2625,'ITCJ206','ខ្សែដៃ',0.00,286.00,1,'',NULL,114.0000,12,2,NULL,'2024-08-26 06:31:58','2024-08-26 06:31:58',1,'',0,1,0,'',NULL,2510.00,1,0),(2626,'ITCJ207','ខ្សែដៃ',0.00,961.33,1,'',NULL,383.0000,12,2,NULL,'2024-08-26 06:31:58','2024-08-26 06:31:58',1,'',0,1,0,'',NULL,2510.00,1,0),(2627,'ITCJ208','ខ្សែដៃ',0.00,301.20,1,'',NULL,120.0000,12,2,NULL,'2024-08-26 06:31:58','2024-08-26 06:31:58',1,'',0,1,0,'',NULL,2510.00,1,0),(2628,'ITCJ209','ខ្សែដៃ',0.00,627.50,1,'',NULL,250.0000,12,2,NULL,'2024-08-26 06:31:58','2024-08-26 06:31:58',1,'',0,1,0,'',NULL,2510.00,1,0),(2629,'ITCJ210','ខ្សែដៃ',0.00,356.42,1,'',NULL,142.0000,12,2,NULL,'2024-08-26 06:31:58','2024-08-26 06:31:58',1,'',0,1,0,'',NULL,2510.00,1,0),(2630,'ITCJ211','ខ្សែដៃ',0.00,466.45,1,'',NULL,186.0000,12,2,NULL,'2024-08-26 06:31:58','2024-08-26 06:31:58',1,'',0,1,0,'',NULL,2510.00,1,0),(2631,'ITCJ212','ខ្សែដៃ',0.00,1313.22,1,'',NULL,509.0000,12,2,NULL,'2024-08-26 06:31:58','2024-08-26 06:31:58',1,'',0,1,0,'',NULL,2580.00,1,0),(2632,'ITCJ213','បណ្តោង',0.00,144.21,1,'',NULL,57.0000,12,2,NULL,'2024-08-26 06:31:58','2024-08-26 06:31:58',1,'',0,1,0,'',NULL,2530.00,1,0),(2633,'ITCJ214','បណ្តោង',0.00,83.49,1,'',NULL,33.0000,12,2,NULL,'2024-08-26 06:31:58','2024-08-26 06:31:58',1,'',0,1,0,'',NULL,2530.00,1,0),(2634,'ITCJ215','បណ្តោង',0.00,103.73,1,'',NULL,41.0000,12,2,NULL,'2024-08-26 06:31:58','2024-08-26 06:31:58',1,'',0,1,0,'',NULL,2530.00,1,0),(2635,'ITCJ216','បណ្តោង',0.00,103.73,1,'',NULL,41.0000,12,2,NULL,'2024-08-26 06:31:58','2024-08-26 06:31:58',1,'',0,1,0,'',NULL,2530.00,1,0),(2636,'ITCJ217','បណ្តោង',0.00,78.43,1,'',NULL,31.0000,12,2,NULL,'2024-08-26 06:31:58','2024-08-26 06:31:58',1,'',0,1,0,'',NULL,2530.00,1,0),(2637,'ITCJ218','បណ្តោង',0.00,113.85,1,'',NULL,45.0000,12,2,NULL,'2024-08-26 06:31:58','2024-08-26 06:31:58',1,'',0,1,0,'',NULL,2530.00,1,0),(2638,'ITCJ219','បណ្តោង',0.00,48.07,1,'',NULL,19.0000,12,2,NULL,'2024-08-26 06:31:58','2024-08-26 06:31:58',1,'',0,1,0,'',NULL,2530.00,1,0),(2639,'ITCJ220','បណ្តោង',0.00,98.67,1,'',NULL,39.0000,12,2,NULL,'2024-08-26 06:31:58','2024-08-26 06:31:58',1,'',0,1,0,'',NULL,2530.00,1,0),(2640,'ITCJ221','បណ្តោង',0.00,164.45,1,'',NULL,65.0000,12,2,NULL,'2024-08-26 06:31:58','2024-08-26 06:31:58',1,'',0,1,0,'',NULL,2530.00,1,0),(2641,'ITCJ222','បណ្តោង',0.00,151.80,1,'',NULL,60.0000,12,2,NULL,'2024-08-26 06:31:58','2024-08-26 06:31:58',1,'',0,1,0,'',NULL,2530.00,1,0),(2642,'ITCJ223','បណ្តោង',0.00,55.66,1,'',NULL,22.0000,12,2,NULL,'2024-08-26 06:31:58','2024-08-26 06:31:58',1,'',0,1,0,'',NULL,2530.00,1,0),(2643,'ITCJ224','បណ្តោង',0.00,86.02,1,'',NULL,34.0000,12,2,NULL,'2024-08-26 06:31:58','2024-08-26 06:31:58',1,'',0,1,0,'',NULL,2530.00,1,0),(2644,'ITCJ225','បណ្តោង',0.00,123.97,1,'',NULL,49.0000,12,2,NULL,'2024-08-26 06:31:58','2024-08-26 06:31:58',1,'',0,1,0,'',NULL,2530.00,1,0),(2645,'ITCJ226','បណ្តោង',0.00,136.62,1,'',NULL,54.0000,12,2,NULL,'2024-08-26 06:31:58','2024-08-26 06:31:58',1,'',0,1,0,'',NULL,2530.00,1,0),(2646,'ITCJ227','បណ្តោង',0.00,91.08,1,'',NULL,36.0000,12,2,NULL,'2024-08-26 06:31:58','2024-08-26 06:31:58',1,'',0,1,0,'',NULL,2530.00,1,0),(2647,'ITCJ228','បណ្តោង',0.00,134.09,1,'',NULL,53.0000,12,2,NULL,'2024-08-26 06:31:58','2024-08-26 06:31:58',1,'',0,1,0,'',NULL,2530.00,1,0),(2648,'ITCJ229','បណ្តោង',0.00,68.31,1,'',NULL,27.0000,12,2,NULL,'2024-08-26 06:31:58','2024-08-26 06:31:58',1,'',0,1,0,'',NULL,2530.00,1,0),(2649,'ITCJ230','បណ្តោង',0.00,144.21,1,'',NULL,57.0000,12,2,NULL,'2024-08-26 06:31:58','2024-08-26 06:31:58',1,'',0,1,0,'',NULL,2530.00,1,0),(2650,'ITCJ231','បណ្តោង',0.00,70.84,1,'',NULL,28.0000,12,2,NULL,'2024-08-26 06:31:58','2024-08-26 06:31:58',1,'',0,1,0,'',NULL,2530.00,1,0),(2651,'ITCJ232','បណ្តោង',0.00,98.67,1,'',NULL,39.0000,12,2,NULL,'2024-08-26 06:31:58','2024-08-26 06:31:58',1,'',0,1,0,'',NULL,2530.00,1,0),(2652,'ITCJ233','បណ្តោង',0.00,118.91,1,'',NULL,47.0000,12,2,NULL,'2024-08-26 06:31:58','2024-08-26 06:31:58',1,'',0,1,0,'',NULL,2530.00,1,0),(2653,'ITCJ234','បណ្តោង',0.00,141.68,1,'',NULL,56.0000,12,2,NULL,'2024-08-26 06:31:58','2024-08-26 06:31:58',1,'',0,1,0,'',NULL,2530.00,1,0),(2654,'ITCJ235','បណ្តោង',0.00,116.38,1,'',NULL,46.0000,12,2,NULL,'2024-08-26 06:31:58','2024-08-26 06:31:58',1,'',0,1,0,'',NULL,2530.00,1,0),(2655,'ITCJ236','បណ្តោង',0.00,131.56,1,'',NULL,52.0000,12,2,NULL,'2024-08-26 06:31:58','2024-08-26 06:31:58',1,'',0,1,0,'',NULL,2530.00,1,0),(2656,'ITCJ237','បណ្តោង',0.00,103.73,1,'',NULL,41.0000,12,2,NULL,'2024-08-26 06:31:58','2024-08-26 06:31:58',1,'',0,1,0,'',NULL,2530.00,1,0),(2657,'ITCJ238','បណ្តោង',0.00,123.97,1,'',NULL,49.0000,12,2,NULL,'2024-08-26 06:31:58','2024-08-26 06:31:58',1,'',0,1,0,'',NULL,2530.00,1,0),(2658,'ITCJ239','បណ្តោង',0.00,113.85,1,'',NULL,45.0000,12,2,NULL,'2024-08-26 06:31:58','2024-08-26 06:31:58',1,'',0,1,0,'',NULL,2530.00,1,0),(2659,'ITCJ240','បណ្តោង',0.00,144.21,1,'',NULL,57.0000,12,2,NULL,'2024-08-26 06:31:58','2024-08-26 06:31:58',1,'',0,1,0,'',NULL,2530.00,1,0),(2660,'ITCJ241','បណ្តោង',0.00,134.09,1,'',NULL,53.0000,12,2,NULL,'2024-08-26 06:31:58','2024-08-26 06:31:58',1,'',0,1,0,'',NULL,2530.00,1,0),(2661,'ITCJ242','បណ្តោង',0.00,80.96,1,'',NULL,32.0000,12,2,NULL,'2024-08-26 06:31:58','2024-08-26 06:31:58',1,'',0,1,0,'',NULL,2530.00,1,0),(2662,'ITCJ243','បណ្តោង',0.00,98.67,1,'',NULL,39.0000,12,2,NULL,'2024-08-26 06:31:58','2024-08-26 06:31:58',1,'',0,1,0,'',NULL,2530.00,1,0),(2663,'ITCJ244','បណ្តោង',0.00,189.75,1,'',NULL,75.0000,12,2,NULL,'2024-08-26 06:31:58','2024-08-26 06:31:58',1,'',0,1,0,'',NULL,2530.00,1,0),(2664,'ITCJ245','បណ្តោង',0.00,83.49,1,'',NULL,33.0000,12,2,NULL,'2024-08-26 06:31:58','2024-08-26 06:31:58',1,'',0,1,0,'',NULL,2530.00,1,0),(2665,'ITCJ246','បណ្តោង',0.00,98.67,1,'',NULL,39.0000,12,2,NULL,'2024-08-26 06:31:58','2024-08-26 06:31:58',1,'',0,1,0,'',NULL,2530.00,1,0),(2666,'ITCJ247','បណ្តោង',0.00,131.56,1,'',NULL,52.0000,12,2,NULL,'2024-08-26 06:31:58','2024-08-26 06:31:58',1,'',0,1,0,'',NULL,2530.00,1,0),(2667,'ITCJ248','បណ្តោង',0.00,58.19,1,'',NULL,23.0000,12,2,NULL,'2024-08-26 06:31:58','2024-08-26 06:31:58',1,'',0,1,0,'',NULL,2530.00,1,0),(2668,'ITCJ249','ក្រវិល',0.00,83.49,1,'',NULL,33.0000,12,2,NULL,'2024-08-26 06:31:58','2024-08-26 06:31:58',1,'',0,1,0,'',NULL,2530.00,1,0),(2669,'ITCJ250','ក្រវិល',0.00,113.85,1,'',NULL,45.0000,12,2,NULL,'2024-08-26 06:31:58','2024-08-26 06:31:58',1,'',0,1,0,'',NULL,2530.00,1,0),(2670,'ITCJ251','ក្រវិល',0.00,192.28,1,'',NULL,76.0000,12,2,NULL,'2024-08-26 06:31:58','2024-08-26 06:31:58',1,'',0,1,0,'',NULL,2530.00,1,0),(2671,'ITCJ252','ក្រវិល',0.00,149.27,1,'',NULL,59.0000,12,2,NULL,'2024-08-26 06:31:58','2024-08-26 06:31:58',1,'',0,1,0,'',NULL,2530.00,1,0),(2672,'ITCJ253','ក្រវិល',0.00,78.43,1,'',NULL,31.0000,12,2,NULL,'2024-08-26 06:31:58','2024-08-26 06:31:58',1,'',0,1,0,'',NULL,2530.00,1,0),(2673,'ITCJ254','ក្រវិល',0.00,70.84,1,'',NULL,28.0000,12,2,NULL,'2024-08-26 06:31:58','2024-08-26 06:31:58',1,'',0,1,0,'',NULL,2530.00,1,0),(2674,'ITCJ255','ក្រវិល',0.00,93.61,1,'',NULL,37.0000,12,2,NULL,'2024-08-26 06:31:58','2024-08-26 06:31:58',1,'',0,1,0,'',NULL,2530.00,1,0),(2675,'ITCJ256','ក្រវិល',0.00,91.08,1,'',NULL,36.0000,12,2,NULL,'2024-08-26 06:31:58','2024-08-26 06:31:58',1,'',0,1,0,'',NULL,2530.00,1,0),(2676,'ITCJ257','ក្រវិល',0.00,75.90,1,'',NULL,30.0000,12,2,NULL,'2024-08-26 06:31:58','2024-08-26 06:31:58',1,'',0,1,0,'',NULL,2530.00,1,0),(2677,'ITCJ258','ក្រវិល',0.00,341.55,1,'',NULL,135.0000,12,2,NULL,'2024-08-26 06:31:58','2024-08-26 06:31:58',1,'',0,1,0,'',NULL,2530.00,1,0),(2678,'ITCJ259','ក្រវិល',0.00,75.90,1,'',NULL,30.0000,12,2,NULL,'2024-08-26 06:31:58','2024-08-26 06:31:58',1,'',0,1,0,'',NULL,2530.00,1,0),(2679,'ITCJ260','ក្រវិល',0.00,91.08,1,'',NULL,36.0000,12,2,NULL,'2024-08-26 06:31:58','2024-08-26 06:31:58',1,'',0,1,0,'',NULL,2530.00,1,0),(2680,'ITCJ261','ក្រវិល',0.00,129.03,1,'',NULL,51.0000,12,2,NULL,'2024-08-26 06:31:58','2024-08-26 06:31:58',1,'',0,1,0,'',NULL,2530.00,1,0),(2681,'ITCJ262','ក្រវិល',0.00,174.57,1,'',NULL,69.0000,12,2,NULL,'2024-08-26 06:31:58','2024-08-26 06:31:58',1,'',0,1,0,'',NULL,2530.00,1,0),(2682,'ITCJ263','ក្រវិល',0.00,141.68,1,'',NULL,56.0000,12,2,NULL,'2024-08-26 06:31:58','2024-08-26 06:31:58',1,'',0,1,0,'',NULL,2530.00,1,0),(2683,'ITCJ264','ក្រវិល',0.00,222.64,1,'',NULL,88.0000,12,2,NULL,'2024-08-26 06:31:58','2024-08-26 06:31:58',1,'',0,1,0,'',NULL,2530.00,1,0),(2684,'ITCJ265','ក្រវិល',0.00,80.96,1,'',NULL,32.0000,12,2,NULL,'2024-08-26 06:31:58','2024-08-26 06:31:58',1,'',0,1,0,'',NULL,2530.00,1,0),(2685,'ITCJ266','ក្រវិល',0.00,73.37,1,'',NULL,29.0000,12,2,NULL,'2024-08-26 06:31:58','2024-08-26 06:31:58',1,'',0,1,0,'',NULL,2530.00,1,0),(2686,'ITCJ267','ក្រវិល',0.00,123.97,1,'',NULL,49.0000,12,2,NULL,'2024-08-26 06:31:58','2024-08-26 06:31:58',1,'',0,1,0,'',NULL,2530.00,1,0),(2687,'ITCJ268','ក្រវិល',0.00,80.96,1,'',NULL,32.0000,12,2,NULL,'2024-08-26 06:31:58','2024-08-26 06:31:58',1,'',0,1,0,'',NULL,2530.00,1,0),(2688,'ITCJ269','ក្រវិល',0.00,83.49,1,'',NULL,33.0000,12,2,NULL,'2024-08-26 06:31:58','2024-08-26 06:31:58',1,'',0,1,0,'',NULL,2530.00,1,0),(2689,'ITCJ270','ក្រវិល',0.00,129.03,1,'',NULL,51.0000,12,2,NULL,'2024-08-26 06:31:58','2024-08-26 06:31:58',1,'',0,1,0,'',NULL,2530.00,1,0),(2690,'ITCJ271','ក្រវិល',0.00,78.43,1,'',NULL,31.0000,12,2,NULL,'2024-08-26 06:31:58','2024-08-26 06:31:58',1,'',0,1,0,'',NULL,2530.00,1,0),(2691,'ITCJ272','ក្រវិល',0.00,154.33,1,'',NULL,61.0000,12,2,NULL,'2024-08-26 06:31:58','2024-08-26 06:31:58',1,'',0,1,0,'',NULL,2530.00,1,0),(2692,'ITCJ273','ក្រវិល',0.00,255.53,1,'',NULL,101.0000,12,2,NULL,'2024-08-26 06:31:58','2024-08-26 06:31:58',1,'',0,1,0,'',NULL,2530.00,1,0),(2693,'ITCJ274','ក្រវិល',0.00,116.38,1,'',NULL,46.0000,12,2,NULL,'2024-08-26 06:31:58','2024-08-26 06:31:58',1,'',0,1,0,'',NULL,2530.00,1,0),(2694,'ITCJ275','ក្រវិល',0.00,88.55,1,'',NULL,35.0000,12,2,NULL,'2024-08-26 06:31:58','2024-08-26 06:31:58',1,'',0,1,0,'',NULL,2530.00,1,0),(2695,'ITCJ276','ក្រវិល',0.00,166.98,1,'',NULL,66.0000,12,2,NULL,'2024-08-26 06:31:58','2024-08-26 06:31:58',1,'',0,1,0,'',NULL,2530.00,1,0),(2696,'ITCJ277','ក្រវិល',0.00,96.14,1,'',NULL,38.0000,12,2,NULL,'2024-08-26 06:31:58','2024-08-26 06:31:58',1,'',0,1,0,'',NULL,2530.00,1,0),(2697,'ITCJ278','ក្រវិល',0.00,96.14,1,'',NULL,38.0000,12,2,NULL,'2024-08-26 06:31:58','2024-08-26 06:31:58',1,'',0,1,0,'',NULL,2530.00,1,0),(2698,'ITCJ279','ក្រវិល',0.00,121.44,1,'',NULL,48.0000,12,2,NULL,'2024-08-26 06:31:58','2024-08-26 06:31:58',1,'',0,1,0,'',NULL,2530.00,1,0),(2699,'ITCJ280','ក្រវិល',0.00,123.97,1,'',NULL,49.0000,12,2,NULL,'2024-08-26 06:31:58','2024-08-26 06:31:58',1,'',0,1,0,'',NULL,2530.00,1,0),(2700,'ITCJ281','ក្រវិល',0.00,96.14,1,'',NULL,38.0000,12,2,NULL,'2024-08-26 06:31:58','2024-08-26 06:31:58',1,'',0,1,0,'',NULL,2530.00,1,0),(2701,'ITCJ282','ក្រវិល',0.00,121.44,1,'',NULL,48.0000,12,2,NULL,'2024-08-26 06:31:58','2024-08-26 06:31:58',1,'',0,1,0,'',NULL,2530.00,1,0),(2702,'ITCJ283','ក្រវិល',0.00,129.03,1,'',NULL,51.0000,12,2,NULL,'2024-08-26 06:31:58','2024-08-26 06:31:58',1,'',0,1,0,'',NULL,2530.00,1,0),(2703,'ITCJ284','ក្រវិល',0.00,129.03,1,'',NULL,51.0000,12,2,NULL,'2024-08-26 06:31:58','2024-08-26 06:31:58',1,'',0,1,0,'',NULL,2530.00,1,0),(2704,'ITCJ285','ក្រវិល',0.00,258.06,1,'',NULL,102.0000,12,2,NULL,'2024-08-26 06:31:58','2024-08-26 06:31:58',1,'',0,1,0,'',NULL,2530.00,1,0),(2705,'ITCJ286','ក្រវិល',0.00,96.14,1,'',NULL,38.0000,12,2,NULL,'2024-08-26 06:31:58','2024-08-26 06:31:58',1,'',0,1,0,'',NULL,2530.00,1,0),(2706,'ITCJ287','ក្រវិល',0.00,91.08,1,'',NULL,36.0000,12,2,NULL,'2024-08-26 06:31:58','2024-08-26 06:31:58',1,'',0,1,0,'',NULL,2530.00,1,0),(2707,'ITCJ288','ក្រវិល',0.00,161.92,1,'',NULL,64.0000,12,2,NULL,'2024-08-26 06:31:58','2024-08-26 06:31:58',1,'',0,1,0,'',NULL,2530.00,1,0),(2708,'ITCJ289','ក្រវិល',0.00,93.61,1,'',NULL,37.0000,12,2,NULL,'2024-08-26 06:31:58','2024-08-26 06:31:58',1,'',0,1,0,'',NULL,2530.00,1,0),(2709,'ITCJ290','ក្រវិល',0.00,106.26,1,'',NULL,42.0000,12,2,NULL,'2024-08-26 06:31:58','2024-08-26 06:31:58',1,'',0,1,0,'',NULL,2530.00,1,0),(2710,'ITCJ291','ក្រវិល',0.00,123.97,1,'',NULL,49.0000,12,2,NULL,'2024-08-26 06:31:58','2024-08-26 06:31:58',1,'',0,1,0,'',NULL,2530.00,1,0),(2711,'ITCJ292','ក្រវិល',0.00,134.09,1,'',NULL,53.0000,12,2,NULL,'2024-08-26 06:31:58','2024-08-26 06:31:58',1,'',0,1,0,'',NULL,2530.00,1,0),(2712,'ITCJ293','ក្រវិល',0.00,116.38,1,'',NULL,46.0000,12,2,NULL,'2024-08-26 06:31:58','2024-08-26 06:31:58',1,'',0,1,0,'',NULL,2530.00,1,0),(2713,'ITCJ294','ក្រវិល',0.00,166.98,1,'',NULL,66.0000,12,2,NULL,'2024-08-26 06:31:58','2024-08-26 06:31:58',1,'',0,1,0,'',NULL,2530.00,1,0),(2714,'ITCJ295','ក្រវិល',0.00,108.79,1,'',NULL,43.0000,12,2,NULL,'2024-08-26 06:31:58','2024-08-26 06:31:58',1,'',0,1,0,'',NULL,2530.00,1,0),(2715,'ITCJ296','ក្រវិល',0.00,161.92,1,'',NULL,64.0000,12,2,NULL,'2024-08-26 06:31:58','2024-08-26 06:31:58',1,'',0,1,0,'',NULL,2530.00,1,0),(2716,'ITCJ297','ក្រវិល',0.00,174.57,1,'',NULL,69.0000,12,2,NULL,'2024-08-26 06:31:58','2024-08-26 06:31:58',1,'',0,1,0,'',NULL,2530.00,1,0),(2717,'ITCJ298','ក្រវិល',0.00,202.40,1,'',NULL,80.0000,12,2,NULL,'2024-08-26 06:31:58','2024-08-26 06:31:58',1,'',0,1,0,'',NULL,2530.00,1,0),(2718,'ITCJ299','ក្រវិល',0.00,75.90,1,'',NULL,30.0000,12,2,NULL,'2024-08-26 06:31:58','2024-08-26 06:31:58',1,'',0,1,0,'',NULL,2530.00,1,0),(2719,'ITCJ300','ក្រវិល',0.00,93.61,1,'',NULL,37.0000,12,2,NULL,'2024-08-26 06:31:58','2024-08-26 06:31:58',1,'',0,1,0,'',NULL,2530.00,1,0),(2720,'ITCJ301','ក្រវិល',0.00,93.61,1,'',NULL,37.0000,12,2,NULL,'2024-08-26 06:31:58','2024-08-26 06:31:58',1,'',0,1,0,'',NULL,2530.00,1,0),(2721,'ITCJ302','ក្រវិល',0.00,91.08,1,'',NULL,36.0000,12,2,NULL,'2024-08-26 06:31:58','2024-08-26 06:31:58',1,'',0,1,0,'',NULL,2530.00,1,0),(2722,'ITCJ303','ក្រវិល',0.00,75.90,1,'',NULL,30.0000,12,2,NULL,'2024-08-26 06:31:58','2024-08-26 06:31:58',1,'',0,1,0,'',NULL,2530.00,1,0),(2723,'ITCJ304','ក្រវិល',0.00,121.44,1,'',NULL,48.0000,12,2,NULL,'2024-08-26 06:31:58','2024-08-26 06:31:58',1,'',0,1,0,'',NULL,2530.00,1,0),(2724,'ITCJ305','ក្រវិល',0.00,225.17,1,'',NULL,89.0000,12,2,NULL,'2024-08-26 06:31:58','2024-08-26 06:31:58',1,'',0,1,0,'',NULL,2530.00,1,0),(2725,'ITCJ306','ក្រវិល',0.00,220.11,1,'',NULL,87.0000,12,2,NULL,'2024-08-26 06:31:58','2024-08-26 06:31:58',1,'',0,1,0,'',NULL,2530.00,1,0),(2726,'ITCJ307','ក្រវិល',0.00,151.80,1,'',NULL,60.0000,12,2,NULL,'2024-08-26 06:31:58','2024-08-26 06:31:58',1,'',0,1,0,'',NULL,2530.00,1,0),(2727,'ITCJ308','ក្រវិល',0.00,106.26,1,'',NULL,42.0000,12,2,NULL,'2024-08-26 06:31:58','2024-08-26 06:31:58',1,'',0,1,0,'',NULL,2530.00,1,0),(2728,'ITCJ309','ក្រវិល',0.00,156.86,1,'',NULL,62.0000,12,2,NULL,'2024-08-26 06:31:58','2024-08-26 06:31:58',1,'',0,1,0,'',NULL,2530.00,1,0),(2729,'ITCJ310','ក្រវិល',0.00,86.02,1,'',NULL,34.0000,12,2,NULL,'2024-08-26 06:31:58','2024-08-26 06:31:58',1,'',0,1,0,'',NULL,2530.00,1,0),(2730,'ITCJ311','ក្រវិល',0.00,129.03,1,'',NULL,51.0000,12,2,NULL,'2024-08-26 06:31:58','2024-08-26 06:31:58',1,'',0,1,0,'',NULL,2530.00,1,0),(2731,'ITCJ312','ក្រវិល',0.00,209.99,1,'',NULL,83.0000,12,2,NULL,'2024-08-26 06:31:58','2024-08-26 06:31:58',1,'',0,1,0,'',NULL,2530.00,1,0),(2732,'ITCJ313','ក្រវិល',0.00,217.58,1,'',NULL,86.0000,12,2,NULL,'2024-08-26 06:31:58','2024-08-26 06:31:58',1,'',0,1,0,'',NULL,2530.00,1,0),(2733,'ITCJ314','ក្រវិល',0.00,96.14,1,'',NULL,38.0000,12,2,NULL,'2024-08-26 06:31:58','2024-08-26 06:31:58',1,'',0,1,0,'',NULL,2530.00,1,0),(2734,'ITCJ315','ក្រវិល',0.00,237.82,1,'',NULL,94.0000,12,2,NULL,'2024-08-26 06:31:58','2024-08-26 06:31:58',1,'',0,1,0,'',NULL,2530.00,1,0),(2735,'ITCJ316','ក្រវិល',0.00,141.68,1,'',NULL,56.0000,12,2,NULL,'2024-08-26 06:31:58','2024-08-26 06:31:58',1,'',0,1,0,'',NULL,2530.00,1,0),(2736,'ITCJ317','ក្រវិល',0.00,169.51,1,'',NULL,67.0000,12,2,NULL,'2024-08-26 06:31:58','2024-08-26 06:31:58',1,'',0,1,0,'',NULL,2530.00,1,0),(2737,'ITCJ318','ក្រវិល',0.00,268.18,1,'',NULL,106.0000,12,2,NULL,'2024-08-26 06:31:58','2024-08-26 06:31:58',1,'',0,1,0,'',NULL,2530.00,1,0),(2738,'ITCJ319','ក្រវិល',0.00,298.54,1,'',NULL,118.0000,12,2,NULL,'2024-08-26 06:31:58','2024-08-26 06:31:58',1,'',0,1,0,'',NULL,2530.00,1,0),(2739,'ITCJ320','កងដៃ',0.00,323.84,1,'',NULL,128.0000,12,2,NULL,'2024-08-26 06:31:58','2024-08-26 06:31:58',1,'',0,1,0,'',NULL,2530.00,1,0),(2740,'ITCJ321','ក្រវិល',0.00,288.42,1,'',NULL,114.0000,12,2,NULL,'2024-08-26 06:31:58','2024-08-26 06:31:58',1,'',0,1,0,'',NULL,2530.00,1,0),(2741,'ITCJ322','ខ្សែដៃ',0.00,298.54,1,'',NULL,118.0000,12,2,NULL,'2024-08-26 06:31:58','2024-08-26 06:31:58',1,'',0,1,0,'',NULL,2530.00,1,0),(2742,'ITCJ323','ខ្សែដៃ',0.00,538.89,1,'',NULL,213.0000,12,2,NULL,'2024-08-26 06:31:58','2024-08-26 06:31:58',1,'',0,1,0,'',NULL,2530.00,1,0),(2743,'ITCJ324','ខ្សែដៃ',0.00,551.54,1,'',NULL,218.0000,12,2,NULL,'2024-08-26 06:31:58','2024-08-26 06:31:58',1,'',0,1,0,'',NULL,2530.00,1,0),(2744,'ITCJ325','ខ្សែដៃ',0.00,602.14,1,'',NULL,238.0000,12,2,NULL,'2024-08-26 06:31:58','2024-08-26 06:31:58',1,'',0,1,0,'',NULL,2530.00,1,0),(2745,'ITCJ326','កងដៃ',0.00,359.26,1,'',NULL,142.0000,12,2,NULL,'2024-08-26 06:31:58','2024-08-26 06:31:58',1,'',0,1,0,'',NULL,2530.00,1,0),(2746,'ITCJ327','កងដៃ',0.00,571.78,1,'',NULL,226.0000,12,2,NULL,'2024-08-26 06:31:58','2024-08-26 06:31:58',1,'',0,1,0,'',NULL,2530.00,1,0),(2747,'ITCJ328','កងដៃ',0.00,311.19,1,'',NULL,123.0000,12,2,NULL,'2024-08-26 06:31:58','2024-08-26 06:31:58',1,'',0,1,0,'',NULL,2530.00,1,0),(2748,'ITCJ329','កងដៃ',0.00,344.08,1,'',NULL,136.0000,12,2,NULL,'2024-08-26 06:31:58','2024-08-26 06:31:58',1,'',0,1,0,'',NULL,2530.00,1,0),(2749,'ITCJ330','កងដៃ',0.00,415.62,1,'',NULL,165.0000,12,2,NULL,'2024-08-26 06:31:58','2024-08-26 06:31:58',1,'',0,1,0,'',NULL,2530.00,1,0),(2750,'ITCJ331','ខ្សែក',0.00,90.36,1,'',NULL,36.0000,12,2,NULL,'2024-08-26 06:31:59','2024-08-26 06:31:59',1,'',0,1,0,'',NULL,2510.00,1,0),(2751,'ITCJ332','ខ្សែក',0.00,95.38,1,'',NULL,38.0000,12,2,NULL,'2024-08-26 06:31:59','2024-08-26 06:31:59',1,'',0,1,0,'',NULL,2510.00,1,0),(2752,'ITCJ333','ខ្សែក',0.00,92.87,1,'',NULL,37.0000,12,2,NULL,'2024-08-26 06:31:59','2024-08-26 06:31:59',1,'',0,1,0,'',NULL,2510.00,1,0),(2753,'ITCJ334','ខ្សែក',0.00,92.87,1,'',NULL,37.0000,12,2,NULL,'2024-08-26 06:31:59','2024-08-26 06:31:59',1,'',0,1,0,'',NULL,2510.00,1,0),(2754,'ITCJ335','ខ្សែក',0.00,95.38,1,'',NULL,38.0000,12,2,NULL,'2024-08-26 06:31:59','2024-08-26 06:31:59',1,'',0,1,0,'',NULL,2510.00,1,0),(2755,'ITCJ336','ខ្សែក',0.00,95.38,1,'',NULL,38.0000,12,2,NULL,'2024-08-26 06:31:59','2024-08-26 06:31:59',1,'',0,1,0,'',NULL,2510.00,1,0),(2756,'ITCJ337','ខ្សែក',0.00,281.12,1,'',NULL,112.0000,12,2,NULL,'2024-08-26 06:31:59','2024-08-26 06:31:59',1,'',0,1,0,'',NULL,2510.00,1,0),(2757,'ITCJ338','ខ្សែក',0.00,97.89,1,'',NULL,39.0000,12,2,NULL,'2024-08-26 06:31:59','2024-08-26 06:31:59',1,'',0,1,0,'',NULL,2510.00,1,0),(2758,'ITCJ339','ខ្សែក',0.00,281.12,1,'',NULL,112.0000,12,2,NULL,'2024-08-26 06:31:59','2024-08-26 06:31:59',1,'',0,1,0,'',NULL,2510.00,1,0),(2759,'ITCJ340','ខ្សែក',0.00,190.76,1,'',NULL,76.0000,12,2,NULL,'2024-08-26 06:31:59','2024-08-26 06:31:59',1,'',0,1,0,'',NULL,2510.00,1,0),(2760,'ITCJ341','ខ្សែក',0.00,155.62,1,'',NULL,62.0000,12,2,NULL,'2024-08-26 06:31:59','2024-08-26 06:31:59',1,'',0,1,0,'',NULL,2510.00,1,0),(2761,'ITCJ342','ខ្សែក',0.00,100.40,1,'',NULL,40.0000,12,2,NULL,'2024-08-26 06:31:59','2024-08-26 06:31:59',1,'',0,1,0,'',NULL,2510.00,1,0),(2762,'ITCJ343','ខ្សែក',0.00,163.15,1,'',NULL,65.0000,12,2,NULL,'2024-08-26 06:31:59','2024-08-26 06:31:59',1,'',0,1,0,'',NULL,2510.00,1,0),(2763,'ITCJ344','ខ្សែក',0.00,331.32,1,'',NULL,132.0000,12,2,NULL,'2024-08-26 06:31:59','2024-08-26 06:31:59',1,'',0,1,0,'',NULL,2510.00,1,0),(2764,'ITCJ345','ខ្សែក',0.00,195.78,1,'',NULL,78.0000,12,2,NULL,'2024-08-26 06:31:59','2024-08-26 06:31:59',1,'',0,1,0,'',NULL,2510.00,1,0),(2765,'ITCJ346','ខ្សែក',0.00,180.72,1,'',NULL,72.0000,12,2,NULL,'2024-08-26 06:31:59','2024-08-26 06:31:59',1,'',0,1,0,'',NULL,2510.00,1,0),(2766,'ITCJ347','ខ្សែក',0.00,461.84,1,'',NULL,184.0000,12,2,NULL,'2024-08-26 06:31:59','2024-08-26 06:31:59',1,'',0,1,0,'',NULL,2510.00,1,0),(2767,'ITCJ348','ខ្សែក',0.00,306.22,1,'',NULL,122.0000,12,2,NULL,'2024-08-26 06:31:59','2024-08-26 06:31:59',1,'',0,1,0,'',NULL,2510.00,1,0),(2768,'ITCJ349','ខ្សែក',0.00,414.15,1,'',NULL,165.0000,12,2,NULL,'2024-08-26 06:31:59','2024-08-26 06:31:59',1,'',0,1,0,'',NULL,2510.00,1,0),(2769,'ITCJ350','ខ្សែក',0.00,215.86,1,'',NULL,86.0000,12,2,NULL,'2024-08-26 06:31:59','2024-08-26 06:31:59',1,'',0,1,0,'',NULL,2510.00,1,0),(2770,'ITCJ351','ខ្សែក',0.00,321.28,1,'',NULL,128.0000,12,2,NULL,'2024-08-26 06:31:59','2024-08-26 06:31:59',1,'',0,1,0,'',NULL,2510.00,1,0),(2771,'ITCJ352','ខ្សែក',0.00,165.66,1,'',NULL,66.0000,12,2,NULL,'2024-08-26 06:31:59','2024-08-26 06:31:59',1,'',0,1,0,'',NULL,2510.00,1,0),(2772,'ITCJ353','ខ្សែក',0.00,293.67,1,'',NULL,117.0000,12,2,NULL,'2024-08-26 06:31:59','2024-08-26 06:31:59',1,'',0,1,0,'',NULL,2510.00,1,0),(2773,'ITCJ354','ខ្សែក',0.00,130.52,1,'',NULL,52.0000,12,2,NULL,'2024-08-26 06:31:59','2024-08-26 06:31:59',1,'',0,1,0,'',NULL,2510.00,1,0),(2774,'ITCJ355','ខ្សែក',0.00,173.19,1,'',NULL,69.0000,12,2,NULL,'2024-08-26 06:31:59','2024-08-26 06:31:59',1,'',0,1,0,'',NULL,2510.00,1,0),(2775,'ITCJ356','ខ្សែក',0.00,117.97,1,'',NULL,47.0000,12,2,NULL,'2024-08-26 06:31:59','2024-08-26 06:31:59',1,'',0,1,0,'',NULL,2510.00,1,0),(2776,'ITCJ357','ខ្សែក',0.00,180.72,1,'',NULL,72.0000,12,2,NULL,'2024-08-26 06:31:59','2024-08-26 06:31:59',1,'',0,1,0,'',NULL,2510.00,1,0),(2777,'ITCJ358','ខ្សែក',0.00,158.13,1,'',NULL,63.0000,12,2,NULL,'2024-08-26 06:31:59','2024-08-26 06:31:59',1,'',0,1,0,'',NULL,2510.00,1,0),(2778,'ITCJ359','ខ្សែក',0.00,384.03,1,'',NULL,153.0000,12,2,NULL,'2024-08-26 06:31:59','2024-08-26 06:31:59',1,'',0,1,0,'',NULL,2510.00,1,0),(2779,'ITCJ360','ខ្សែក',0.00,130.52,1,'',NULL,52.0000,12,2,NULL,'2024-08-26 06:31:59','2024-08-26 06:31:59',1,'',0,1,0,'',NULL,2510.00,1,0),(2780,'ITCJ361','ខ្សែក',0.00,175.70,1,'',NULL,70.0000,12,2,NULL,'2024-08-26 06:31:59','2024-08-26 06:31:59',1,'',0,1,0,'',NULL,2510.00,1,0),(2781,'ITCJ362','ខ្សែក',0.00,165.66,1,'',NULL,66.0000,12,2,NULL,'2024-08-26 06:31:59','2024-08-26 06:31:59',1,'',0,1,0,'',NULL,2510.00,1,0),(2782,'ITCJ363','ខ្សែក',0.00,180.72,1,'',NULL,72.0000,12,2,NULL,'2024-08-26 06:31:59','2024-08-26 06:31:59',1,'',0,1,0,'',NULL,2510.00,1,0),(2783,'ITCJ364','ខ្សែក',0.00,168.17,1,'',NULL,67.0000,12,2,NULL,'2024-08-26 06:31:59','2024-08-26 06:31:59',1,'',0,1,0,'',NULL,2510.00,1,0),(2784,'ITCJ365','ខ្សែក',0.00,173.19,1,'',NULL,69.0000,12,2,NULL,'2024-08-26 06:31:59','2024-08-26 06:31:59',1,'',0,1,0,'',NULL,2510.00,1,0),(2785,'ITCJ366','ខ្សែក',0.00,316.26,1,'',NULL,126.0000,12,2,NULL,'2024-08-26 06:31:59','2024-08-26 06:31:59',1,'',0,1,0,'',NULL,2510.00,1,0),(2786,'ITCJ367','ខ្សែក',0.00,343.87,1,'',NULL,137.0000,12,2,NULL,'2024-08-26 06:31:59','2024-08-26 06:31:59',1,'',0,1,0,'',NULL,2510.00,1,0),(2787,'ITCJ368','ខ្សែក',0.00,85.34,1,'',NULL,34.0000,12,2,NULL,'2024-08-26 06:31:59','2024-08-26 06:31:59',1,'',0,1,0,'',NULL,2510.00,1,0),(2788,'ITCJ369','ខ្សែក',0.00,168.17,1,'',NULL,67.0000,12,2,NULL,'2024-08-26 06:31:59','2024-08-26 06:31:59',1,'',0,1,0,'',NULL,2510.00,1,0),(2789,'ITCJ370','ខ្សែក',0.00,554.09,1,'',NULL,221.0000,12,2,NULL,'2024-08-26 06:31:59','2024-08-26 06:31:59',1,'',0,1,0,'',NULL,2510.00,1,0),(2790,'ITCJ371','ខ្សែក',0.00,614.95,1,'',NULL,245.0000,12,2,NULL,'2024-08-26 06:31:59','2024-08-26 06:31:59',1,'',0,1,0,'',NULL,2510.00,1,0),(2791,'ITCJ372','ខ្សែក',0.00,267.54,1,'',NULL,98.0000,12,2,NULL,'2024-08-26 06:31:59','2024-08-26 06:31:59',1,'',0,1,0,'',NULL,2730.00,1,0),(2792,'ITCJ373','ខ្សែក',0.00,171.99,1,'',NULL,63.0000,12,2,NULL,'2024-08-26 06:31:59','2024-08-26 06:31:59',1,'',0,1,0,'',NULL,2730.00,1,0),(2793,'ITCJ374','ខ្សែក',0.00,155.61,1,'',NULL,57.0000,12,2,NULL,'2024-08-26 06:31:59','2024-08-26 06:31:59',1,'',0,1,0,'',NULL,2730.00,1,0),(2794,'ITCJ375','ខ្សែក',0.00,431.34,1,'',NULL,158.0000,12,2,NULL,'2024-08-26 06:31:59','2024-08-26 06:31:59',1,'',0,1,0,'',NULL,2730.00,1,0),(2795,'ITCJ376','ខ្សែក',0.00,193.83,1,'',NULL,71.0000,12,2,NULL,'2024-08-26 06:31:59','2024-08-26 06:31:59',1,'',0,1,0,'',NULL,2730.00,1,0),(2796,'ITCJ377','ខ្សែក',0.00,193.83,1,'',NULL,71.0000,12,2,NULL,'2024-08-26 06:31:59','2024-08-26 06:31:59',1,'',0,1,0,'',NULL,2730.00,1,0),(2797,'ITCJ378','ខ្សែក',0.00,292.11,1,'',NULL,107.0000,12,2,NULL,'2024-08-26 06:31:59','2024-08-26 06:31:59',1,'',0,1,0,'',NULL,2730.00,1,0),(2798,'ITCJ379','ខ្សែក',0.00,273.00,1,'',NULL,100.0000,12,2,NULL,'2024-08-26 06:31:59','2024-08-26 06:31:59',1,'',0,1,0,'',NULL,2730.00,1,0),(2799,'ITCJ380','ខ្សែក',0.00,273.00,1,'',NULL,100.0000,12,2,NULL,'2024-08-26 06:31:59','2024-08-26 06:31:59',1,'',0,1,0,'',NULL,2730.00,1,0),(2800,'ITCJ381','ខ្សែក',0.00,193.83,1,'',NULL,71.0000,12,2,NULL,'2024-08-26 06:31:59','2024-08-26 06:31:59',1,'',0,1,0,'',NULL,2730.00,1,0),(2801,'ITCJ382','ខ្សែក',0.00,333.06,1,'',NULL,122.0000,12,2,NULL,'2024-08-26 06:31:59','2024-08-26 06:31:59',1,'',0,1,0,'',NULL,2730.00,1,0),(2802,'ITCJ383','ខ្សែក',0.00,207.48,1,'',NULL,76.0000,12,2,NULL,'2024-08-26 06:31:59','2024-08-26 06:31:59',1,'',0,1,0,'',NULL,2730.00,1,0),(2803,'ITCJ384','ខ្សែក',0.00,270.27,1,'',NULL,99.0000,12,2,NULL,'2024-08-26 06:31:59','2024-08-26 06:31:59',1,'',0,1,0,'',NULL,2730.00,1,0),(2804,'ITCJ385','ខ្សែក',0.00,139.23,1,'',NULL,51.0000,12,2,NULL,'2024-08-26 06:31:59','2024-08-26 06:31:59',1,'',0,1,0,'',NULL,2730.00,1,0),(2805,'ITCJ386','ខ្សែក',0.00,357.63,1,'',NULL,131.0000,12,2,NULL,'2024-08-26 06:31:59','2024-08-26 06:31:59',1,'',0,1,0,'',NULL,2730.00,1,0),(2806,'ITCJ387','ខ្សែក',0.00,657.93,1,'',NULL,241.0000,12,2,NULL,'2024-08-26 06:31:59','2024-08-26 06:31:59',1,'',0,1,0,'',NULL,2730.00,1,0),(2807,'ITCJ388','ខ្សែក',0.00,234.78,1,'',NULL,86.0000,12,2,NULL,'2024-08-26 06:31:59','2024-08-26 06:31:59',1,'',0,1,0,'',NULL,2730.00,1,0),(2808,'ITCJ389','ខ្សែក',0.00,330.33,1,'',NULL,121.0000,12,2,NULL,'2024-08-26 06:31:59','2024-08-26 06:31:59',1,'',0,1,0,'',NULL,2730.00,1,0),(2809,'ITCJ390','ខ្សែក',0.00,286.65,1,'',NULL,105.0000,12,2,NULL,'2024-08-26 06:31:59','2024-08-26 06:31:59',1,'',0,1,0,'',NULL,2730.00,1,0),(2810,'ITCJ391','ខ្សែក',0.00,341.25,1,'',NULL,125.0000,12,2,NULL,'2024-08-26 06:31:59','2024-08-26 06:31:59',1,'',0,1,0,'',NULL,2730.00,1,0),(2811,'ITCJ392','ខ្សែក',0.00,333.06,1,'',NULL,122.0000,12,2,NULL,'2024-08-26 06:31:59','2024-08-26 06:31:59',1,'',0,1,0,'',NULL,2730.00,1,0),(2812,'ITCJ393','ខ្សែក',0.00,166.53,1,'',NULL,61.0000,12,2,NULL,'2024-08-26 06:31:59','2024-08-26 06:31:59',1,'',0,1,0,'',NULL,2730.00,1,0),(2813,'ITCJ394','ខ្សែក',0.00,275.73,1,'',NULL,101.0000,12,2,NULL,'2024-08-26 06:31:59','2024-08-26 06:31:59',1,'',0,1,0,'',NULL,2730.00,1,0),(2814,'ITCJ395','ខ្សែក',0.00,275.73,1,'',NULL,101.0000,12,2,NULL,'2024-08-26 06:31:59','2024-08-26 06:31:59',1,'',0,1,0,'',NULL,2730.00,1,0),(2815,'ITCJ396','ខ្សែក',0.00,193.83,1,'',NULL,71.0000,12,2,NULL,'2024-08-26 06:31:59','2024-08-26 06:31:59',1,'',0,1,0,'',NULL,2730.00,1,0),(2816,'ITCJ397','ខ្សែក',0.00,232.05,1,'',NULL,85.0000,12,2,NULL,'2024-08-26 06:31:59','2024-08-26 06:31:59',1,'',0,1,0,'',NULL,2730.00,1,0),(2817,'ITCJ398','ខ្សែក',0.00,483.21,1,'',NULL,177.0000,12,2,NULL,'2024-08-26 06:31:59','2024-08-26 06:31:59',1,'',0,1,0,'',NULL,2730.00,1,0),(2818,'ITCJ399','ខ្សែក',0.00,193.83,1,'',NULL,71.0000,12,2,NULL,'2024-08-26 06:31:59','2024-08-26 06:31:59',1,'',0,1,0,'',NULL,2730.00,1,0),(2819,'ITCJ400','ខ្សែក',0.00,338.52,1,'',NULL,124.0000,12,2,NULL,'2024-08-26 06:31:59','2024-08-26 06:31:59',1,'',0,1,0,'',NULL,2730.00,1,0),(2820,'ITCJ401','ខ្សែក',0.00,319.41,1,'',NULL,117.0000,12,2,NULL,'2024-08-26 06:31:59','2024-08-26 06:31:59',1,'',0,1,0,'',NULL,2730.00,1,0),(2821,'ITCJ402','ខ្សែក',0.00,242.97,1,'',NULL,89.0000,12,2,NULL,'2024-08-26 06:31:59','2024-08-26 06:31:59',1,'',0,1,0,'',NULL,2730.00,1,0),(2822,'ITCJ403','ខ្សែក',0.00,368.55,1,'',NULL,135.0000,12,2,NULL,'2024-08-26 06:31:59','2024-08-26 06:31:59',1,'',0,1,0,'',NULL,2730.00,1,0),(2823,'ITCJ404','ខ្សែក',0.00,237.51,1,'',NULL,87.0000,12,2,NULL,'2024-08-26 06:31:59','2024-08-26 06:31:59',1,'',0,1,0,'',NULL,2730.00,1,0),(2824,'ITCJ405','ខ្សែក',0.00,335.79,1,'',NULL,123.0000,12,2,NULL,'2024-08-26 06:31:59','2024-08-26 06:31:59',1,'',0,1,0,'',NULL,2730.00,1,0),(2825,'ITCJ406','ខ្សែក',0.00,136.50,1,'',NULL,50.0000,12,2,NULL,'2024-08-26 06:31:59','2024-08-26 06:31:59',1,'',0,1,0,'',NULL,2730.00,1,0),(2826,'ITCJ407','ខ្សែក',0.00,182.91,1,'',NULL,67.0000,12,2,NULL,'2024-08-26 06:31:59','2024-08-26 06:31:59',1,'',0,1,0,'',NULL,2730.00,1,0),(2827,'ITCJ408','ខ្សែក',0.00,338.52,1,'',NULL,124.0000,12,2,NULL,'2024-08-26 06:31:59','2024-08-26 06:31:59',1,'',0,1,0,'',NULL,2730.00,1,0),(2828,'ITCJ409','ខ្សែក',0.00,283.92,1,'',NULL,104.0000,12,2,NULL,'2024-08-26 06:31:59','2024-08-26 06:31:59',1,'',0,1,0,'',NULL,2730.00,1,0),(2829,'ITCJ410','ខ្សែក',0.00,237.51,1,'',NULL,87.0000,12,2,NULL,'2024-08-26 06:31:59','2024-08-26 06:31:59',1,'',0,1,0,'',NULL,2730.00,1,0),(2830,'ITCJ411','ខ្សែក',0.00,232.05,1,'',NULL,85.0000,12,2,NULL,'2024-08-26 06:31:59','2024-08-26 06:31:59',1,'',0,1,0,'',NULL,2730.00,1,0),(2831,'ITCJ412','ខ្សែក',0.00,330.33,1,'',NULL,121.0000,12,2,NULL,'2024-08-26 06:31:59','2024-08-26 06:31:59',1,'',0,1,0,'',NULL,2730.00,1,0),(2832,'ITCJ413','ខ្សែក',0.00,357.63,1,'',NULL,131.0000,12,2,NULL,'2024-08-26 06:31:59','2024-08-26 06:31:59',1,'',0,1,0,'',NULL,2730.00,1,0),(2833,'ITCJ414','ខ្សែក',0.00,365.82,1,'',NULL,134.0000,12,2,NULL,'2024-08-26 06:31:59','2024-08-26 06:31:59',1,'',0,1,0,'',NULL,2730.00,1,0),(2834,'ITCJ415','ខ្សែក',0.00,199.29,1,'',NULL,73.0000,12,2,NULL,'2024-08-26 06:31:59','2024-08-26 06:31:59',1,'',0,1,0,'',NULL,2730.00,1,0),(2835,'ITCJ416','ខ្សែក',0.00,171.99,1,'',NULL,63.0000,12,2,NULL,'2024-08-26 06:31:59','2024-08-26 06:31:59',1,'',0,1,0,'',NULL,2730.00,1,0),(2836,'ITCJ417','ខ្សែក',0.00,109.20,1,'',NULL,40.0000,12,2,NULL,'2024-08-26 06:31:59','2024-08-26 06:31:59',1,'',0,1,0,'',NULL,2730.00,1,0),(2837,'ITCJ418','ខ្សែក',0.00,281.19,1,'',NULL,103.0000,12,2,NULL,'2024-08-26 06:31:59','2024-08-26 06:31:59',1,'',0,1,0,'',NULL,2730.00,1,0),(2838,'ITCJ419','ខ្សែក',0.00,278.46,1,'',NULL,102.0000,12,2,NULL,'2024-08-26 06:31:59','2024-08-26 06:31:59',1,'',0,1,0,'',NULL,2730.00,1,0),(2839,'ITCJ420','ខ្សែក',0.00,330.33,1,'',NULL,121.0000,12,2,NULL,'2024-08-26 06:31:59','2024-08-26 06:31:59',1,'',0,1,0,'',NULL,2730.00,1,0),(2840,'ITCJ421','ខ្សែក',0.00,341.25,1,'',NULL,125.0000,12,2,NULL,'2024-08-26 06:31:59','2024-08-26 06:31:59',1,'',0,1,0,'',NULL,2730.00,1,0),(2841,'ITCJ422','ខ្សែក',0.00,122.85,1,'',NULL,45.0000,12,2,NULL,'2024-08-26 06:31:59','2024-08-26 06:31:59',1,'',0,1,0,'',NULL,2730.00,1,0),(2842,'ITCJ423','ខ្សែក',0.00,275.73,1,'',NULL,101.0000,12,2,NULL,'2024-08-26 06:31:59','2024-08-26 06:31:59',1,'',0,1,0,'',NULL,2730.00,1,0),(2843,'ITCJ424','ខ្សែក',0.00,371.28,1,'',NULL,136.0000,12,2,NULL,'2024-08-26 06:31:59','2024-08-26 06:31:59',1,'',0,1,0,'',NULL,2730.00,1,0),(2844,'ITCJ425','ខ្សែក',0.00,133.77,1,'',NULL,49.0000,12,2,NULL,'2024-08-26 06:31:59','2024-08-26 06:31:59',1,'',0,1,0,'',NULL,2730.00,1,0),(2845,'ITCJ426','ខ្សែក',0.00,180.18,1,'',NULL,66.0000,12,2,NULL,'2024-08-26 06:31:59','2024-08-26 06:31:59',1,'',0,1,0,'',NULL,2730.00,1,0),(2846,'ITCJ427','ខ្សែក',0.00,234.78,1,'',NULL,86.0000,12,2,NULL,'2024-08-26 06:31:59','2024-08-26 06:31:59',1,'',0,1,0,'',NULL,2730.00,1,0),(2847,'ITCJ428','ខ្សែក',0.00,264.81,1,'',NULL,97.0000,12,2,NULL,'2024-08-26 06:31:59','2024-08-26 06:31:59',1,'',0,1,0,'',NULL,2730.00,1,0),(2848,'ITCJ429','ខ្សែក',0.00,507.78,1,'',NULL,186.0000,12,2,NULL,'2024-08-26 06:31:59','2024-08-26 06:31:59',1,'',0,1,0,'',NULL,2730.00,1,0),(2849,'ITCJ430','ខ្សែក',0.00,313.95,1,'',NULL,115.0000,12,2,NULL,'2024-08-26 06:31:59','2024-08-26 06:31:59',1,'',0,1,0,'',NULL,2730.00,1,0),(2850,'ITCJ431','ខ្សែក',0.00,300.30,1,'',NULL,110.0000,12,2,NULL,'2024-08-26 06:31:59','2024-08-26 06:31:59',1,'',0,1,0,'',NULL,2730.00,1,0),(2851,'ITCJ432','ខ្សែក',0.00,374.01,1,'',NULL,137.0000,12,2,NULL,'2024-08-26 06:31:59','2024-08-26 06:31:59',1,'',0,1,0,'',NULL,2730.00,1,0),(2852,'ITCJ433','ខ្សែក',0.00,330.33,1,'',NULL,121.0000,12,2,NULL,'2024-08-26 06:31:59','2024-08-26 06:31:59',1,'',0,1,0,'',NULL,2730.00,1,0),(2853,'ITCJ434','ខ្សែក',0.00,125.58,1,'',NULL,46.0000,12,2,NULL,'2024-08-26 06:31:59','2024-08-26 06:31:59',1,'',0,1,0,'',NULL,2730.00,1,0),(2854,'ITCJ435','ខ្សែក',0.00,267.54,1,'',NULL,98.0000,12,2,NULL,'2024-08-26 06:31:59','2024-08-26 06:31:59',1,'',0,1,0,'',NULL,2730.00,1,0),(2855,'ITCJ436','ខ្សែក',0.00,210.21,1,'',NULL,77.0000,12,2,NULL,'2024-08-26 06:31:59','2024-08-26 06:31:59',1,'',0,1,0,'',NULL,2730.00,1,0),(2856,'ITCJ437','ខ្សែក',0.00,423.15,1,'',NULL,155.0000,12,2,NULL,'2024-08-26 06:31:59','2024-08-26 06:31:59',1,'',0,1,0,'',NULL,2730.00,1,0),(2857,'ITCJ438','ខ្សែក',0.00,283.92,1,'',NULL,104.0000,12,2,NULL,'2024-08-26 06:31:59','2024-08-26 06:31:59',1,'',0,1,0,'',NULL,2730.00,1,0),(2858,'ITCJ439','ខ្សែក',0.00,278.46,1,'',NULL,102.0000,12,2,NULL,'2024-08-26 06:31:59','2024-08-26 06:31:59',1,'',0,1,0,'',NULL,2730.00,1,0),(2859,'ITCJ440','ខ្សែក',0.00,346.71,1,'',NULL,127.0000,12,2,NULL,'2024-08-26 06:31:59','2024-08-26 06:31:59',1,'',0,1,0,'',NULL,2730.00,1,0),(2860,'ITCJ441','ខ្សែក',0.00,267.54,1,'',NULL,98.0000,12,2,NULL,'2024-08-26 06:31:59','2024-08-26 06:31:59',1,'',0,1,0,'',NULL,2730.00,1,0),(2861,'ITCJ442','ខ្សែក',0.00,196.56,1,'',NULL,72.0000,12,2,NULL,'2024-08-26 06:31:59','2024-08-26 06:31:59',1,'',0,1,0,'',NULL,2730.00,1,0),(2862,'ITCJ443','ខ្សែក',0.00,136.50,1,'',NULL,50.0000,12,2,NULL,'2024-08-26 06:31:59','2024-08-26 06:31:59',1,'',0,1,0,'',NULL,2730.00,1,0),(2863,'ITCJ444','ខ្សែក',0.00,202.02,1,'',NULL,74.0000,12,2,NULL,'2024-08-26 06:31:59','2024-08-26 06:31:59',1,'',0,1,0,'',NULL,2730.00,1,0),(2864,'ITCJ445','ខ្សែក',0.00,106.47,1,'',NULL,39.0000,12,2,NULL,'2024-08-26 06:31:59','2024-08-26 06:31:59',1,'',0,1,0,'',NULL,2730.00,1,0),(2865,'ITCJ446','ខ្សែក',0.00,139.23,1,'',NULL,51.0000,12,2,NULL,'2024-08-26 06:31:59','2024-08-26 06:31:59',1,'',0,1,0,'',NULL,2730.00,1,0),(2866,'ITCJ447','ខ្សែក',0.00,335.79,1,'',NULL,123.0000,12,2,NULL,'2024-08-26 06:31:59','2024-08-26 06:31:59',1,'',0,1,0,'',NULL,2730.00,1,0),(2867,'ITCJ448','ខ្សែក',0.00,316.68,1,'',NULL,116.0000,12,2,NULL,'2024-08-26 06:31:59','2024-08-26 06:31:59',1,'',0,1,0,'',NULL,2730.00,1,0),(2868,'ITCJ449','ខ្សែក',0.00,210.21,1,'',NULL,77.0000,12,2,NULL,'2024-08-26 06:31:59','2024-08-26 06:31:59',1,'',0,1,0,'',NULL,2730.00,1,0),(2869,'ITCJ450','ខ្សែក',0.00,210.21,1,'',NULL,77.0000,12,2,NULL,'2024-08-26 06:31:59','2024-08-26 06:31:59',1,'',0,1,0,'',NULL,2730.00,1,0),(2870,'ITCJ451','ខ្សែក',0.00,322.14,1,'',NULL,118.0000,12,2,NULL,'2024-08-26 06:31:59','2024-08-26 06:31:59',1,'',0,1,0,'',NULL,2730.00,1,0),(2871,'ITCJ452','ខ្សែក',0.00,371.28,1,'',NULL,136.0000,12,2,NULL,'2024-08-26 06:31:59','2024-08-26 06:31:59',1,'',0,1,0,'',NULL,2730.00,1,0),(2872,'ITCJ453','ខ្សែក',0.00,300.30,1,'',NULL,110.0000,12,2,NULL,'2024-08-26 06:31:59','2024-08-26 06:31:59',1,'',0,1,0,'',NULL,2730.00,1,0),(2873,'ITCJ454','ខ្សែក',0.00,521.06,1,'',NULL,191.0000,12,2,NULL,'2024-08-26 06:31:59','2024-08-26 06:31:59',1,'',0,1,0,'',NULL,2730.00,1,0),(2874,'ITCJ455','ខ្សែក',0.00,335.79,1,'',NULL,123.0000,12,2,NULL,'2024-08-26 06:31:59','2024-08-26 06:31:59',1,'',0,1,0,'',NULL,2730.00,1,0),(2875,'ITCJ456','ខ្សែក',0.00,199.29,1,'',NULL,73.0000,12,2,NULL,'2024-08-26 06:31:59','2024-08-26 06:31:59',1,'',0,1,0,'',NULL,2730.00,1,0),(2876,'ITCJ457','ខ្សែក',0.00,270.27,1,'',NULL,99.0000,12,2,NULL,'2024-08-26 06:31:59','2024-08-26 06:31:59',1,'',0,1,0,'',NULL,2730.00,1,0),(2877,'ITCJ458','ខ្សែក',0.00,374.01,1,'',NULL,137.0000,12,2,NULL,'2024-08-26 06:31:59','2024-08-26 06:31:59',1,'',0,1,0,'',NULL,2730.00,1,0),(2878,'ITCJ459','ខ្សែក',0.00,2219.49,1,'',NULL,813.0000,12,2,NULL,'2024-08-26 06:31:59','2024-08-26 06:31:59',1,'',0,1,0,'',NULL,2730.00,1,0),(2879,'ITCJ460','ខ្សែក',0.00,1127.49,1,'',NULL,413.0000,12,2,NULL,'2024-08-26 06:31:59','2024-08-26 06:31:59',1,'',0,1,0,'',NULL,2730.00,1,0),(2880,'ITCJ461','ខ្សែក',0.00,633.36,1,'',NULL,232.0000,12,2,NULL,'2024-08-26 06:31:59','2024-08-26 06:31:59',1,'',0,1,0,'',NULL,2730.00,1,0),(2881,'ITCJ462','ខ្សែក',0.00,537.81,1,'',NULL,197.0000,12,2,NULL,'2024-08-26 06:31:59','2024-08-26 06:31:59',1,'',0,1,0,'',NULL,2730.00,1,0),(2882,'ITCJ463','ខ្សែក',0.00,1769.04,1,'',NULL,648.0000,12,2,NULL,'2024-08-26 06:31:59','2024-08-26 06:31:59',1,'',0,1,0,'',NULL,2730.00,1,0),(2883,'ITCJ464','ខ្សែក',0.00,797.16,1,'',NULL,292.0000,12,2,NULL,'2024-08-26 06:31:59','2024-08-26 06:31:59',1,'',0,1,0,'',NULL,2730.00,1,0),(2884,'ITCJ465','ខ្សែក',0.00,592.41,1,'',NULL,217.0000,12,2,NULL,'2024-08-26 06:31:59','2024-08-26 06:31:59',1,'',0,1,0,'',NULL,2730.00,1,0),(2885,'ITCJ466','ខ្សែក',0.00,627.90,1,'',NULL,230.0000,12,2,NULL,'2024-08-26 06:31:59','2024-08-26 06:31:59',1,'',0,1,0,'',NULL,2730.00,1,0),(2886,'ITCJ467','ខ្សែក',0.00,799.89,1,'',NULL,293.0000,12,2,NULL,'2024-08-26 06:31:59','2024-08-26 06:31:59',1,'',0,1,0,'',NULL,2730.00,1,0),(2887,'ITCJ468','ខ្សែក',0.00,305.76,1,'',NULL,112.0000,12,2,NULL,'2024-08-26 06:31:59','2024-08-26 06:31:59',1,'',0,1,0,'',NULL,2730.00,1,0),(2888,'ITCJ469','ខ្សែក',0.00,606.06,1,'',NULL,222.0000,12,2,NULL,'2024-08-26 06:31:59','2024-08-26 06:31:59',1,'',0,1,0,'',NULL,2730.00,1,0),(2889,'ITCJ470','ខ្សែក',0.00,1569.75,1,'',NULL,575.0000,12,2,NULL,'2024-08-26 06:31:59','2024-08-26 06:31:59',1,'',0,1,0,'',NULL,2730.00,1,0),(2890,'ITCJ471','ខ្សែក',0.00,1534.26,1,'',NULL,562.0000,12,2,NULL,'2024-08-26 06:31:59','2024-08-26 06:31:59',1,'',0,1,0,'',NULL,2730.00,1,0),(2891,'ITCJ472','ខ្សែក',0.00,515.97,1,'',NULL,189.0000,12,2,NULL,'2024-08-26 06:31:59','2024-08-26 06:31:59',1,'',0,1,0,'',NULL,2730.00,1,0),(2892,'ITCJ473','ខ្សែក',0.00,1446.90,1,'',NULL,530.0000,12,2,NULL,'2024-08-26 06:31:59','2024-08-26 06:31:59',1,'',0,1,0,'',NULL,2730.00,1,0),(2893,'ITCJ474','ខ្សែក',0.00,578.76,1,'',NULL,212.0000,12,2,NULL,'2024-08-26 06:31:59','2024-08-26 06:31:59',1,'',0,1,0,'',NULL,2730.00,1,0),(2894,'ITCJ475','ខ្សែក',0.00,1509.69,1,'',NULL,553.0000,12,2,NULL,'2024-08-26 06:31:59','2024-08-26 06:31:59',1,'',0,1,0,'',NULL,2730.00,1,0),(2895,'ITCJ476','ខ្សែក',0.00,627.90,1,'',NULL,230.0000,12,2,NULL,'2024-08-26 06:31:59','2024-08-26 06:31:59',1,'',0,1,0,'',NULL,2730.00,1,0),(2896,'ITCJ477','ខ្សែក',0.00,753.48,1,'',NULL,276.0000,12,2,NULL,'2024-08-26 06:31:59','2024-08-26 06:31:59',1,'',0,1,0,'',NULL,2730.00,1,0),(2897,'ITCJ478','ខ្សែក',0.00,584.22,1,'',NULL,214.0000,12,2,NULL,'2024-08-26 06:31:59','2024-08-26 06:31:59',1,'',0,1,0,'',NULL,2730.00,1,0),(2898,'ITCJ479','ខ្សែក',0.00,595.14,1,'',NULL,218.0000,12,2,NULL,'2024-08-26 06:31:59','2024-08-26 06:31:59',1,'',0,1,0,'',NULL,2730.00,1,0),(2899,'ITCJ480','ខ្សែក',0.00,543.04,1,'',NULL,199.0000,12,2,NULL,'2024-08-26 06:31:59','2024-08-26 06:31:59',1,'',0,1,0,'',NULL,2730.00,1,0),(2900,'ITCJ481','ខ្សែក',0.00,797.16,1,'',NULL,292.0000,12,2,NULL,'2024-08-26 06:31:59','2024-08-26 06:31:59',1,'',0,1,0,'',NULL,2730.00,1,0),(2901,'ITCJ482','ខ្សែក',0.00,540.54,1,'',NULL,198.0000,12,2,NULL,'2024-08-26 06:31:59','2024-08-26 06:31:59',1,'',0,1,0,'',NULL,2730.00,1,0),(2902,'ITCJ483','ខ្សែក',0.00,1029.21,1,'',NULL,377.0000,12,2,NULL,'2024-08-26 06:31:59','2024-08-26 06:31:59',1,'',0,1,0,'',NULL,2730.00,1,0),(2903,'ITCJ484','ខ្សែក',0.00,783.51,1,'',NULL,287.0000,12,2,NULL,'2024-08-26 06:31:59','2024-08-26 06:31:59',1,'',0,1,0,'',NULL,2730.00,1,0),(2904,'ITCJ485','ខ្សែក',0.00,2113.02,1,'',NULL,774.0000,12,2,NULL,'2024-08-26 06:31:59','2024-08-26 06:31:59',1,'',0,1,0,'',NULL,2730.00,1,0),(2905,'ITCJ486','ខ្សែក',0.00,764.40,1,'',NULL,280.0000,12,2,NULL,'2024-08-26 06:31:59','2024-08-26 06:31:59',1,'',0,1,0,'',NULL,2730.00,1,0),(2906,'ITCJ487','ខ្សែក',0.00,316.68,1,'',NULL,116.0000,12,2,NULL,'2024-08-26 06:31:59','2024-08-26 06:31:59',1,'',0,1,0,'',NULL,2730.00,1,0),(2907,'ITCJ488','ក្រវិល',0.00,220.00,1,'',NULL,80.0000,12,2,NULL,'2024-08-26 06:32:00','2024-08-26 06:32:00',1,'',0,1,0,'',NULL,2750.00,1,0),(2908,'ITCJ489','ចិញ្ចៀន',0.00,63.25,1,'',NULL,23.0000,12,2,NULL,'2024-08-26 06:32:00','2024-08-26 06:32:00',1,'',0,1,0,'',NULL,2750.00,1,0),(2909,'ITCJ490','ចិញ្ចៀន',0.00,156.75,1,'',NULL,57.0000,12,2,NULL,'2024-08-26 06:32:00','2024-08-26 06:32:00',1,'',0,1,0,'',NULL,2750.00,1,0),(2910,'ITCJ491','ចិញ្ចៀន',0.00,222.75,1,'',NULL,81.0000,12,2,NULL,'2024-08-26 06:32:00','2024-08-26 06:32:00',1,'',0,1,0,'',NULL,2750.00,1,0),(2911,'ITCJ492','ចិញ្ចៀន',0.00,173.25,1,'',NULL,63.0000,12,2,NULL,'2024-08-26 06:32:00','2024-08-26 06:32:00',1,'',0,1,0,'',NULL,2750.00,1,0),(2912,'ITCJ493','ចិញ្ចៀន',0.00,118.25,1,'',NULL,43.0000,12,2,NULL,'2024-08-26 06:32:00','2024-08-26 06:32:00',1,'',0,1,0,'',NULL,2750.00,1,0),(2913,'ITCJ494','ចិញ្ចៀន',0.00,145.75,1,'',NULL,53.0000,12,2,NULL,'2024-08-26 06:32:00','2024-08-26 06:32:00',1,'',0,1,0,'',NULL,2750.00,1,0),(2914,'ITCJ495','ចិញ្ចៀន',0.00,173.25,1,'',NULL,63.0000,12,2,NULL,'2024-08-26 06:32:00','2024-08-26 06:32:00',1,'',0,1,0,'',NULL,2750.00,1,0),(2915,'ITCJ496','ចិញ្ចៀន',0.00,137.50,1,'',NULL,50.0000,12,2,NULL,'2024-08-26 06:32:00','2024-08-26 06:32:00',1,'',0,1,0,'',NULL,2750.00,1,0),(2916,'ITCJ497','ចិញ្ចៀន',0.00,159.50,1,'',NULL,58.0000,12,2,NULL,'2024-08-26 06:32:00','2024-08-26 06:32:00',1,'',0,1,0,'',NULL,2750.00,1,0),(2917,'ITCJ498','ចិញ្ចៀន',0.00,112.75,1,'',NULL,41.0000,12,2,NULL,'2024-08-26 06:32:00','2024-08-26 06:32:00',1,'',0,1,0,'',NULL,2750.00,1,0),(2918,'ITCJ499','ចិញ្ចៀន',0.00,118.25,1,'',NULL,43.0000,12,2,NULL,'2024-08-26 06:32:00','2024-08-26 06:32:00',1,'',0,1,0,'',NULL,2750.00,1,0),(2919,'ITCJ500','ចិញ្ចៀន',0.00,145.75,1,'',NULL,53.0000,12,2,NULL,'2024-08-26 06:32:00','2024-08-26 06:32:00',1,'',0,1,0,'',NULL,2750.00,1,0),(2920,'ITCJ501','ក្រវិល',0.00,79.75,1,'',NULL,29.0000,12,2,NULL,'2024-08-26 06:32:00','2024-08-26 06:32:00',1,'',0,1,0,'',NULL,2750.00,1,0),(2921,'ITCJ502','ក្រវិល',0.00,74.25,1,'',NULL,27.0000,12,2,NULL,'2024-08-26 06:32:00','2024-08-26 06:32:00',1,'',0,1,0,'',NULL,2750.00,1,0),(2922,'ITCJ503','ក្រវិល',0.00,107.25,1,'',NULL,39.0000,12,2,NULL,'2024-08-26 06:32:00','2024-08-26 06:32:00',1,'',0,1,0,'',NULL,2750.00,1,0),(2923,'ITCJ504','ចិញ្ចៀន',0.00,200.75,1,'',NULL,73.0000,12,2,NULL,'2024-08-26 06:32:00','2024-08-26 06:32:00',1,'',0,1,0,'',NULL,2750.00,1,0),(2924,'ITCJ505','ចិញ្ចៀន',0.00,151.25,1,'',NULL,55.0000,12,2,NULL,'2024-08-26 06:32:00','2024-08-26 06:32:00',1,'',0,1,0,'',NULL,2750.00,1,0),(2925,'ITCJ506','ចិញ្ចៀន',0.00,277.75,1,'',NULL,101.0000,12,2,NULL,'2024-08-26 06:32:00','2024-08-26 06:32:00',1,'',0,1,0,'',NULL,2750.00,1,0),(2926,'ITCJ507','ចិញ្ចៀន',0.00,154.00,1,'',NULL,56.0000,12,2,NULL,'2024-08-26 06:32:00','2024-08-26 06:32:00',1,'',0,1,0,'',NULL,2750.00,1,0),(2927,'ITCJ508','ក្រវិល',0.00,214.50,1,'',NULL,78.0000,12,2,NULL,'2024-08-26 06:32:00','2024-08-26 06:32:00',1,'',0,1,0,'',NULL,2750.00,1,0),(2928,'ITCJ509','ក្រវិល',0.00,63.25,1,'',NULL,23.0000,12,2,NULL,'2024-08-26 06:32:00','2024-08-26 06:32:00',1,'',0,1,0,'',NULL,2750.00,1,0),(2929,'ITCJ510','ចិញ្ចៀន',0.00,159.50,1,'',NULL,58.0000,12,2,NULL,'2024-08-26 06:32:00','2024-08-26 06:32:00',1,'',0,1,0,'',NULL,2750.00,1,0),(2930,'ITCJ511','ចិញ្ចៀន',0.00,104.50,1,'',NULL,38.0000,12,2,NULL,'2024-08-26 06:32:00','2024-08-26 06:32:00',1,'',0,1,0,'',NULL,2750.00,1,0),(2931,'ITCJ512','ក្រវិល',0.00,60.50,1,'',NULL,22.0000,12,2,NULL,'2024-08-26 06:32:00','2024-08-26 06:32:00',1,'',0,1,0,'',NULL,2750.00,1,0),(2932,'ITCJ513','ក្រវិល',0.00,85.25,1,'',NULL,31.0000,12,2,NULL,'2024-08-26 06:32:00','2024-08-26 06:32:00',1,'',0,1,0,'',NULL,2750.00,1,0),(2933,'ITCJ514','ចិញ្ចៀន',0.00,145.75,1,'',NULL,53.0000,12,2,NULL,'2024-08-26 06:32:00','2024-08-26 06:32:00',1,'',0,1,0,'',NULL,2750.00,1,0),(2934,'ITCJ515','ចិញ្ចៀន',0.00,96.25,1,'',NULL,35.0000,12,2,NULL,'2024-08-26 06:32:00','2024-08-26 06:32:00',1,'',0,1,0,'',NULL,2750.00,1,0),(2935,'ITCJ516','ក្រវិល',0.00,121.00,1,'',NULL,44.0000,12,2,NULL,'2024-08-26 06:32:00','2024-08-26 06:32:00',1,'',0,1,0,'',NULL,2750.00,1,0),(2936,'ITCJ517','ចិញ្ចៀន',0.00,173.25,1,'',NULL,63.0000,12,2,NULL,'2024-08-26 06:32:00','2024-08-26 06:32:00',1,'',0,1,0,'',NULL,2750.00,1,0),(2937,'ITCJ518','ចិញ្ចៀន',0.00,156.75,1,'',NULL,57.0000,12,2,NULL,'2024-08-26 06:32:00','2024-08-26 06:32:00',1,'',0,1,0,'',NULL,2750.00,1,0),(2938,'ITCJ519','បណ្តោងខ្សែក',0.00,203.50,1,'',NULL,74.0000,12,2,NULL,'2024-08-26 06:32:00','2024-08-26 06:32:00',1,'',0,1,0,'',NULL,2750.00,1,0),(2939,'ITCJ520','ក្រវិល',0.00,112.75,1,'',NULL,41.0000,12,2,NULL,'2024-08-26 06:32:00','2024-08-26 06:32:00',1,'',0,1,0,'',NULL,2750.00,1,0),(2940,'ITCJ521','ក្រវិល',0.00,63.25,1,'',NULL,23.0000,12,2,NULL,'2024-08-26 06:32:00','2024-08-26 06:32:00',1,'',0,1,0,'',NULL,2750.00,1,0),(2941,'ITCJ522','ក្រវិល',0.00,101.75,1,'',NULL,37.0000,12,2,NULL,'2024-08-26 06:32:00','2024-08-26 06:32:00',1,'',0,1,0,'',NULL,2750.00,1,0),(2942,'ITCJ523','ក្រវិល',0.00,115.50,1,'',NULL,42.0000,12,2,NULL,'2024-08-26 06:32:00','2024-08-26 06:32:00',1,'',0,1,0,'',NULL,2750.00,1,0),(2943,'ITCJ524','ក្រវិល',0.00,134.75,1,'',NULL,49.0000,12,2,NULL,'2024-08-26 06:32:00','2024-08-26 06:32:00',1,'',0,1,0,'',NULL,2750.00,1,0),(2944,'ITCJ525','ក្រវិល',0.00,187.00,1,'',NULL,68.0000,12,2,NULL,'2024-08-26 06:32:00','2024-08-26 06:32:00',1,'',0,1,0,'',NULL,2750.00,1,0),(2945,'ITCJ526','ក្រវិល',0.00,181.50,1,'',NULL,66.0000,12,2,NULL,'2024-08-26 06:32:00','2024-08-26 06:32:00',1,'',0,1,0,'',NULL,2750.00,1,0),(2946,'ITCJ527','ក្រវិល',0.00,129.25,1,'',NULL,47.0000,12,2,NULL,'2024-08-26 06:32:00','2024-08-26 06:32:00',1,'',0,1,0,'',NULL,2750.00,1,0),(2947,'ITCJ528','ក្រវិល',0.00,132.00,1,'',NULL,48.0000,12,2,NULL,'2024-08-26 06:32:00','2024-08-26 06:32:00',1,'',0,1,0,'',NULL,2750.00,1,0),(2948,'ITCJ529','ក្រវិល',0.00,118.25,1,'',NULL,43.0000,12,2,NULL,'2024-08-26 06:32:00','2024-08-26 06:32:00',1,'',0,1,0,'',NULL,2750.00,1,0),(2949,'ITCJ530','ក្រវិល',0.00,118.25,1,'',NULL,43.0000,12,2,NULL,'2024-08-26 06:32:00','2024-08-26 06:32:00',1,'',0,1,0,'',NULL,2750.00,1,0),(2950,'ITCJ531','ចិញ្ចៀន',0.00,159.50,1,'',NULL,58.0000,12,2,NULL,'2024-08-26 06:32:00','2024-08-26 06:32:00',1,'',0,1,0,'',NULL,2750.00,1,0),(2951,'ITCJ532','ចិញ្ចៀន',0.00,99.00,1,'',NULL,36.0000,12,2,NULL,'2024-08-26 06:32:00','2024-08-26 06:32:00',1,'',0,1,0,'',NULL,2750.00,1,0),(2952,'ITCJ533','ក្រវិល',0.00,187.00,1,'',NULL,68.0000,12,2,NULL,'2024-08-26 06:32:00','2024-08-26 06:32:00',1,'',0,1,0,'',NULL,2750.00,1,0),(2953,'ITCJ534','កងដៃ',0.00,618.75,1,'',NULL,225.0000,12,2,NULL,'2024-08-26 06:32:00','2024-08-26 06:32:00',1,'',0,1,0,'',NULL,2750.00,1,0),(2954,'ITCJ535','ក្រវិល',0.00,52.25,1,'',NULL,19.0000,12,2,NULL,'2024-08-26 06:32:00','2024-08-26 06:32:00',1,'',0,1,0,'',NULL,2750.00,1,0),(2955,'ITCJ536','ចិញ្ចៀន',0.00,162.25,1,'',NULL,59.0000,12,2,NULL,'2024-08-26 06:32:00','2024-08-26 06:32:00',1,'',0,1,0,'',NULL,2750.00,1,0),(2956,'ITCJ537','ចិញ្ចៀន',0.00,134.75,1,'',NULL,49.0000,12,2,NULL,'2024-08-26 06:32:00','2024-08-26 06:32:00',1,'',0,1,0,'',NULL,2750.00,1,0),(2957,'ITCJ538','ក្រវិល',0.00,178.75,1,'',NULL,65.0000,12,2,NULL,'2024-08-26 06:32:00','2024-08-26 06:32:00',1,'',0,1,0,'',NULL,2750.00,1,0),(2958,'ITCJ539','ចិញ្ចៀន',0.00,165.00,1,'',NULL,60.0000,12,2,NULL,'2024-08-26 06:32:00','2024-08-26 06:32:00',1,'',0,1,0,'',NULL,2750.00,1,0),(2959,'ITCJ540','ចិញ្ចៀន',0.00,132.00,1,'',NULL,48.0000,12,2,NULL,'2024-08-26 06:32:00','2024-08-26 06:32:00',1,'',0,1,0,'',NULL,2750.00,1,0),(2960,'ITCJ541','ចិញ្ចៀន',0.00,115.50,1,'',NULL,42.0000,12,2,NULL,'2024-08-26 06:32:00','2024-08-26 06:32:00',1,'',0,1,0,'',NULL,2750.00,1,0),(2961,'ITCJ542','កងដៃ',0.00,618.00,1,'',NULL,225.0000,12,2,NULL,'2024-08-26 06:32:00','2024-08-26 06:32:00',1,'',0,1,0,'',NULL,2750.00,1,0),(2962,'ITCJ543','កងដៃ',0.00,572.00,1,'',NULL,208.0000,12,2,NULL,'2024-08-26 06:32:00','2024-08-26 06:32:00',1,'',0,1,0,'',NULL,2750.00,1,0),(2963,'ITCJ544','ខ្សែក',0.00,1116.57,1,'',NULL,409.0000,12,2,NULL,'2024-08-26 06:32:00','2024-08-26 06:32:00',1,'',0,1,0,'',NULL,2730.00,1,0),(2964,'ITCJ545','ខ្សែក',0.00,903.63,1,'',NULL,331.0000,12,2,NULL,'2024-08-26 06:32:00','2024-08-26 06:32:00',1,'',0,1,0,'',NULL,2730.00,1,0),(2965,'ITCJ546','ខ្សែក',0.00,1075.62,1,'',NULL,394.0000,12,2,NULL,'2024-08-26 06:32:00','2024-08-26 06:32:00',1,'',0,1,0,'',NULL,2730.00,1,0),(2966,'ITCJ547','ខ្សែក',0.00,548.73,1,'',NULL,201.0000,12,2,NULL,'2024-08-26 06:32:00','2024-08-26 06:32:00',1,'',0,1,0,'',NULL,2730.00,1,0),(2967,'ITCJ548','ខ្សែក',0.00,873.60,1,'',NULL,320.0000,12,2,NULL,'2024-08-26 06:32:00','2024-08-26 06:32:00',1,'',0,1,0,'',NULL,2730.00,1,0),(2968,'ITCJ549','ខ្សែក',0.00,950.04,1,'',NULL,348.0000,12,2,NULL,'2024-08-26 06:32:00','2024-08-26 06:32:00',1,'',0,1,0,'',NULL,2730.00,1,0),(2969,'ITCJ550','ខ្សែក',0.00,977.34,1,'',NULL,358.0000,12,2,NULL,'2024-08-26 06:32:00','2024-08-26 06:32:00',1,'',0,1,0,'',NULL,2730.00,1,0),(2970,'ITCJ551','ខ្សែក',0.00,887.25,1,'',NULL,325.0000,12,2,NULL,'2024-08-26 06:32:00','2024-08-26 06:32:00',1,'',0,1,0,'',NULL,2730.00,1,0),(2971,'ITCJ552','ខ្សែក',0.00,712.53,1,'',NULL,261.0000,12,2,NULL,'2024-08-26 06:32:00','2024-08-26 06:32:00',1,'',0,1,0,'',NULL,2730.00,1,0),(2972,'ITCJ553','ខ្សែក',0.00,838.11,1,'',NULL,307.0000,12,2,NULL,'2024-08-26 06:32:00','2024-08-26 06:32:00',1,'',0,1,0,'',NULL,2730.00,1,0),(2973,'ITCJ554','ខ្សែក',0.00,483.21,1,'',NULL,177.0000,12,2,NULL,'2024-08-26 06:32:00','2024-08-26 06:32:00',1,'',0,1,0,'',NULL,2730.00,1,0),(2974,'ITCJ555','ខ្សែក',0.00,330.33,1,'',NULL,121.0000,12,2,NULL,'2024-08-26 06:32:00','2024-08-26 06:32:00',1,'',0,1,0,'',NULL,2730.00,1,0),(2975,'ITCJ556','ខ្សែក',0.00,567.84,1,'',NULL,208.0000,12,2,NULL,'2024-08-26 06:32:00','2024-08-26 06:32:00',1,'',0,1,0,'',NULL,2730.00,1,0),(2976,'ITCJ557','ខ្សែក',0.00,813.54,1,'',NULL,298.0000,12,2,NULL,'2024-08-26 06:32:00','2024-08-26 06:32:00',1,'',0,1,0,'',NULL,2730.00,1,0),(2977,'ITCJ558','ខ្សែក',0.00,786.24,1,'',NULL,288.0000,12,2,NULL,'2024-08-26 06:32:00','2024-08-26 06:32:00',1,'',0,1,0,'',NULL,2730.00,1,0),(2978,'ITCJ559','ខ្សែក',0.00,316.68,1,'',NULL,116.0000,12,2,NULL,'2024-08-26 06:32:00','2024-08-26 06:32:00',1,'',0,1,0,'',NULL,2730.00,1,0),(2979,'ITCJ560','ខ្សែក',0.00,996.45,1,'',NULL,365.0000,12,2,NULL,'2024-08-26 06:32:00','2024-08-26 06:32:00',1,'',0,1,0,'',NULL,2730.00,1,0),(2980,'ITCJ561','ខ្សែក',0.00,204.75,1,'',NULL,75.0000,12,2,NULL,'2024-08-26 06:32:00','2024-08-26 06:32:00',1,'',0,1,0,'',NULL,2730.00,1,0),(2981,'ITCJ562','ខ្សែក',0.00,843.57,1,'',NULL,309.0000,12,2,NULL,'2024-08-26 06:32:00','2024-08-26 06:32:00',1,'',0,1,0,'',NULL,2730.00,1,0),(2982,'ITCJ563','ខ្សែក',0.00,712.53,1,'',NULL,261.0000,12,2,NULL,'2024-08-26 06:32:00','2024-08-26 06:32:00',1,'',0,1,0,'',NULL,2730.00,1,0),(2983,'ITCJ564','ខ្សែក',0.00,625.17,1,'',NULL,229.0000,12,2,NULL,'2024-08-26 06:32:00','2024-08-26 06:32:00',1,'',0,1,0,'',NULL,2730.00,1,0),(2984,'ITCJ565','ខ្សែក',0.00,1004.64,1,'',NULL,368.0000,12,2,NULL,'2024-08-26 06:32:00','2024-08-26 06:32:00',1,'',0,1,0,'',NULL,2730.00,1,0),(2985,'ITCJ566','ខ្សែក',0.00,207.48,1,'',NULL,76.0000,12,2,NULL,'2024-08-26 06:32:00','2024-08-26 06:32:00',1,'',0,1,0,'',NULL,2730.00,1,0),(2986,'ITCJ567','ខ្សែក',0.00,163.80,1,'',NULL,60.0000,12,2,NULL,'2024-08-26 06:32:00','2024-08-26 06:32:00',1,'',0,1,0,'',NULL,2730.00,1,0),(2987,'ITCJ568','ខ្សែក',0.00,300.30,1,'',NULL,110.0000,12,2,NULL,'2024-08-26 06:32:00','2024-08-26 06:32:00',1,'',0,1,0,'',NULL,2730.00,1,0),(2988,'ITCJ569','ខ្សែក',0.00,147.42,1,'',NULL,54.0000,12,2,NULL,'2024-08-26 06:32:00','2024-08-26 06:32:00',1,'',0,1,0,'',NULL,2730.00,1,0),(2989,'ITCJ570','ខ្សែក',0.00,330.33,1,'',NULL,121.0000,12,2,NULL,'2024-08-26 06:32:00','2024-08-26 06:32:00',1,'',0,1,0,'',NULL,2730.00,1,0),(2990,'ITCJ571','ខ្សែក',0.00,668.85,1,'',NULL,245.0000,12,2,NULL,'2024-08-26 06:32:00','2024-08-26 06:32:00',1,'',0,1,0,'',NULL,2730.00,1,0),(2991,'ITCJ572','ខ្សែក',0.00,182.91,1,'',NULL,67.0000,12,2,NULL,'2024-08-26 06:32:00','2024-08-26 06:32:00',1,'',0,1,0,'',NULL,2730.00,1,0),(2992,'ITCJ573','ខ្សែក',0.00,174.72,1,'',NULL,64.0000,12,2,NULL,'2024-08-26 06:32:00','2024-08-26 06:32:00',1,'',0,1,0,'',NULL,2730.00,1,0),(2993,'ITCJ574','ខ្សែក',0.00,799.89,1,'',NULL,293.0000,12,2,NULL,'2024-08-26 06:32:00','2024-08-26 06:32:00',1,'',0,1,0,'',NULL,2730.00,1,0),(2994,'ITCJ575','ខ្សែក',0.00,210.21,1,'',NULL,77.0000,12,2,NULL,'2024-08-26 06:32:00','2024-08-26 06:32:00',1,'',0,1,0,'',NULL,2730.00,1,0),(2995,'ITCJ576','ខ្សែក',0.00,783.51,1,'',NULL,287.0000,12,2,NULL,'2024-08-26 06:32:00','2024-08-26 06:32:00',1,'',0,1,0,'',NULL,2730.00,1,0),(2996,'ITCJ577','ខ្សែក',0.00,270.27,1,'',NULL,99.0000,12,2,NULL,'2024-08-26 06:32:00','2024-08-26 06:32:00',1,'',0,1,0,'',NULL,2730.00,1,0),(2997,'ITCJ578','ខ្សែក',0.00,207.48,1,'',NULL,76.0000,12,2,NULL,'2024-08-26 06:32:00','2024-08-26 06:32:00',1,'',0,1,0,'',NULL,2730.00,1,0),(2998,'ITCJ579','ខ្សែក',0.00,1015.56,1,'',NULL,372.0000,12,2,NULL,'2024-08-26 06:32:00','2024-08-26 06:32:00',1,'',0,1,0,'',NULL,2730.00,1,0),(2999,'ITCJ580','ខ្សែក',0.00,354.90,1,'',NULL,130.0000,12,2,NULL,'2024-08-26 06:32:00','2024-08-26 06:32:00',1,'',0,1,0,'',NULL,2730.00,1,0),(3000,'ITCJ581','ខ្សែក',0.00,180.18,1,'',NULL,66.0000,12,2,NULL,'2024-08-26 06:32:00','2024-08-26 06:32:00',1,'',0,1,0,'',NULL,2730.00,1,0),(3001,'ITCJ582','ខ្សែក',0.00,207.48,1,'',NULL,76.0000,12,2,NULL,'2024-08-26 06:32:00','2024-08-26 06:32:00',1,'',0,1,0,'',NULL,2730.00,1,0),(3002,'ITCJ583','ខ្សែក',0.00,169.26,1,'',NULL,62.0000,12,2,NULL,'2024-08-26 06:32:00','2024-08-26 06:32:00',1,'',0,1,0,'',NULL,2730.00,1,0),(3003,'ITCJ584','ខ្សែក',0.00,207.18,1,'',NULL,76.0000,12,2,NULL,'2024-08-26 06:32:00','2024-08-26 06:32:00',1,'',0,1,0,'',NULL,2730.00,1,0),(3004,'ITCJ585','ខ្សែក',0.00,376.74,1,'',NULL,138.0000,12,2,NULL,'2024-08-26 06:32:00','2024-08-26 06:32:00',1,'',0,1,0,'',NULL,2730.00,1,0),(3005,'ITCJ586','ខ្សែក',0.00,106.47,1,'',NULL,39.0000,12,2,NULL,'2024-08-26 06:32:00','2024-08-26 06:32:00',1,'',0,1,0,'',NULL,2730.00,1,0),(3006,'ITCJ587','ខ្សែក',0.00,275.73,1,'',NULL,101.0000,12,2,NULL,'2024-08-26 06:32:00','2024-08-26 06:32:00',1,'',0,1,0,'',NULL,2730.00,1,0),(3007,'ITCJ588','ខ្សែក',0.00,204.75,1,'',NULL,75.0000,12,2,NULL,'2024-08-26 06:32:00','2024-08-26 06:32:00',1,'',0,1,0,'',NULL,2730.00,1,0),(3008,'ITCJ589','ខ្សែក',0.00,87.36,1,'',NULL,32.0000,12,2,NULL,'2024-08-26 06:32:00','2024-08-26 06:32:00',1,'',0,1,0,'',NULL,2730.00,1,0),(3009,'ITCJ590','ខ្សែក',0.00,122.85,1,'',NULL,45.0000,12,2,NULL,'2024-08-26 06:32:00','2024-08-26 06:32:00',1,'',0,1,0,'',NULL,2730.00,1,0),(3010,'ITCJ591','ខ្សែក',0.00,368.55,1,'',NULL,135.0000,12,2,NULL,'2024-08-26 06:32:00','2024-08-26 06:32:00',1,'',0,1,0,'',NULL,2730.00,1,0),(3011,'ITCJ592','ខ្សែជើង',0.00,1220.31,1,'',NULL,447.0000,12,2,NULL,'2024-08-26 06:32:00','2024-08-26 06:32:00',1,'',0,1,0,'',NULL,2730.00,1,0),(3012,'ITCJ593','ខ្សែក',0.00,578.76,1,'',NULL,212.0000,12,2,NULL,'2024-08-26 06:32:00','2024-08-26 06:32:00',1,'',0,1,0,'',NULL,2730.00,1,0),(3013,'ITCJ594','ខ្សែក',0.00,513.24,1,'',NULL,188.0000,12,2,NULL,'2024-08-26 06:32:00','2024-08-26 06:32:00',1,'',0,1,0,'',NULL,2730.00,1,0),(3014,'ITCJ595','ខ្សែក',0.00,824.46,1,'',NULL,302.0000,12,2,NULL,'2024-08-26 06:32:00','2024-08-26 06:32:00',1,'',0,1,0,'',NULL,2730.00,1,0),(3015,'ITCJ596','ខ្សែដៃ',0.00,343.98,1,'',NULL,126.0000,12,2,NULL,'2024-08-26 06:32:00','2024-08-26 06:32:00',1,'',0,1,0,'',NULL,2730.00,1,0),(3016,'ITCJ597','ខ្សែដៃ',0.00,361.73,1,'',NULL,132.5000,12,2,NULL,'2024-08-26 06:32:00','2024-08-26 06:32:00',1,'',0,1,0,'',NULL,2730.00,1,0),(3017,'ITCJ598','ខ្សែដៃ',0.00,372.64,1,'',NULL,136.5000,12,2,NULL,'2024-08-26 06:32:00','2024-08-26 06:32:00',1,'',0,1,0,'',NULL,2730.00,1,0),(3018,'ITCJ599','ខ្សែដៃ',0.00,491.40,1,'',NULL,180.0000,12,2,NULL,'2024-08-26 06:32:00','2024-08-26 06:32:00',1,'',0,1,0,'',NULL,2730.00,1,0),(3019,'ITCJ600','ខ្សែដៃ',0.00,368.55,1,'',NULL,135.0000,12,2,NULL,'2024-08-26 06:32:00','2024-08-26 06:32:00',1,'',0,1,0,'',NULL,2730.00,1,0),(3020,'ITCJ601','ខ្សែដៃ',0.00,341.25,1,'',NULL,125.0000,12,2,NULL,'2024-08-26 06:32:00','2024-08-26 06:32:00',1,'',0,1,0,'',NULL,2730.00,1,0),(3021,'ITCJ602','ខ្សែក',0.00,633.36,1,'',NULL,232.0000,12,2,NULL,'2024-08-26 06:32:00','2024-08-26 06:32:00',1,'',0,1,0,'',NULL,2730.00,1,0),(3022,'ITCJ603','ខ្សែដៃ',0.00,371.28,1,'',NULL,136.0000,12,2,NULL,'2024-08-26 06:32:00','2024-08-26 06:32:00',1,'',0,1,0,'',NULL,2730.00,1,0),(3023,'ITCJ604','ខ្សែក',0.00,237.51,1,'',NULL,87.0000,12,2,NULL,'2024-08-26 06:32:00','2024-08-26 06:32:00',1,'',0,1,0,'',NULL,2730.00,1,0),(3024,'ITCJ605','ខ្សែក',0.00,625.17,1,'',NULL,229.0000,12,2,NULL,'2024-08-26 06:32:00','2024-08-26 06:32:00',1,'',0,1,0,'',NULL,2730.00,1,0),(3025,'ITCJ606','ខ្សែក',0.00,330.33,1,'',NULL,121.0000,12,2,NULL,'2024-08-26 06:32:00','2024-08-26 06:32:00',1,'',0,1,0,'',NULL,2730.00,1,0),(3026,'ITCJ607','ខ្សែក',0.00,444.99,1,'',NULL,163.0000,12,2,NULL,'2024-08-26 06:32:00','2024-08-26 06:32:00',1,'',0,1,0,'',NULL,2730.00,1,0),(3027,'ITCJ608','ខ្សែក',0.00,278.46,1,'',NULL,102.0000,12,2,NULL,'2024-08-26 06:32:00','2024-08-26 06:32:00',1,'',0,1,0,'',NULL,2730.00,1,0),(3028,'ITCJ609','ខ្សែក',0.00,434.07,1,'',NULL,159.0000,12,2,NULL,'2024-08-26 06:32:00','2024-08-26 06:32:00',1,'',0,1,0,'',NULL,2730.00,1,0),(3029,'ITCJ610','ខ្សែក',0.00,352.17,1,'',NULL,129.0000,12,2,NULL,'2024-08-26 06:32:00','2024-08-26 06:32:00',1,'',0,1,0,'',NULL,2730.00,1,0),(3030,'ITCJ611','ខ្សែក',0.00,226.59,1,'',NULL,83.0000,12,2,NULL,'2024-08-26 06:32:00','2024-08-26 06:32:00',1,'',0,1,0,'',NULL,2730.00,1,0),(3031,'ITCJ612','ខ្សែក',0.00,499.59,1,'',NULL,183.0000,12,2,NULL,'2024-08-26 06:32:00','2024-08-26 06:32:00',1,'',0,1,0,'',NULL,2730.00,1,0),(3032,'ITCJ613','ខ្សែក',0.00,412.23,1,'',NULL,151.0000,12,2,NULL,'2024-08-26 06:32:00','2024-08-26 06:32:00',1,'',0,1,0,'',NULL,2730.00,1,0),(3033,'ITCJ614','ខ្សែក',0.00,111.93,1,'',NULL,41.0000,12,2,NULL,'2024-08-26 06:32:00','2024-08-26 06:32:00',1,'',0,1,0,'',NULL,2730.00,1,0),(3034,'ITCJ615','ខ្សែក',0.00,259.35,1,'',NULL,95.0000,12,2,NULL,'2024-08-26 06:32:00','2024-08-26 06:32:00',1,'',0,1,0,'',NULL,2730.00,1,0),(3035,'ITCJ616','ខ្សែក',0.00,335.79,1,'',NULL,123.0000,12,2,NULL,'2024-08-26 06:32:00','2024-08-26 06:32:00',1,'',0,1,0,'',NULL,2730.00,1,0),(3036,'ITCJ617','ខ្សែក',0.00,379.47,1,'',NULL,139.0000,12,2,NULL,'2024-08-26 06:32:00','2024-08-26 06:32:00',1,'',0,1,0,'',NULL,2730.00,1,0),(3037,'ITCJ618','ខ្សែក',0.00,603.33,1,'',NULL,221.0000,12,2,NULL,'2024-08-26 06:32:00','2024-08-26 06:32:00',1,'',0,1,0,'',NULL,2730.00,1,0),(3038,'ITCJ619','ខ្សែក',0.00,573.30,1,'',NULL,210.0000,12,2,NULL,'2024-08-26 06:32:00','2024-08-26 06:32:00',1,'',0,1,0,'',NULL,2730.00,1,0),(3039,'ITCJ620','ខ្សែក',0.00,879.06,1,'',NULL,322.0000,12,2,NULL,'2024-08-26 06:32:00','2024-08-26 06:32:00',1,'',0,1,0,'',NULL,2730.00,1,0),(3040,'ITCJ621','ខ្សែក',0.00,606.06,1,'',NULL,222.0000,12,2,NULL,'2024-08-26 06:32:00','2024-08-26 06:32:00',1,'',0,1,0,'',NULL,2730.00,1,0),(3041,'ITCJ622','ខ្សែក',0.00,925.47,1,'',NULL,339.0000,12,2,NULL,'2024-08-26 06:32:00','2024-08-26 06:32:00',1,'',0,1,0,'',NULL,2730.00,1,0),(3042,'ITCJ623','ខ្សែក',0.00,204.75,1,'',NULL,75.0000,12,2,NULL,'2024-08-26 06:32:00','2024-08-26 06:32:00',1,'',0,1,0,'',NULL,2730.00,1,0),(3043,'ITCJ624','ខ្សែក',0.00,218.40,1,'',NULL,80.0000,12,2,NULL,'2024-08-26 06:32:00','2024-08-26 06:32:00',1,'',0,1,0,'',NULL,2730.00,1,0),(3044,'ITCJ625','ខ្សែក',0.00,286.65,1,'',NULL,105.0000,12,2,NULL,'2024-08-26 06:32:00','2024-08-26 06:32:00',1,'',0,1,0,'',NULL,2730.00,1,0),(3045,'ITCJ626','ខ្សែក',0.00,409.50,1,'',NULL,150.0000,12,2,NULL,'2024-08-26 06:32:00','2024-08-26 06:32:00',1,'',0,1,0,'',NULL,2730.00,1,0),(3046,'ITCJ627','ខ្សែក',0.00,633.36,1,'',NULL,232.0000,12,2,NULL,'2024-08-26 06:32:00','2024-08-26 06:32:00',1,'',0,1,0,'',NULL,2730.00,1,0),(3047,'ITCJ628','ខ្សែក',0.00,581.49,1,'',NULL,213.0000,12,2,NULL,'2024-08-26 06:32:00','2024-08-26 06:32:00',1,'',0,1,0,'',NULL,2730.00,1,0),(3048,'ITCJ629','ខ្សែក',0.00,576.03,1,'',NULL,211.0000,12,2,NULL,'2024-08-26 06:32:00','2024-08-26 06:32:00',1,'',0,1,0,'',NULL,2730.00,1,0),(3049,'ITCJ630','ខ្សែក',0.00,226.59,1,'',NULL,83.0000,12,2,NULL,'2024-08-26 06:32:00','2024-08-26 06:32:00',1,'',0,1,0,'',NULL,2730.00,1,0),(3050,'ITCJ631','ខ្សែក',0.00,1329.51,1,'',NULL,487.0000,12,2,NULL,'2024-08-26 06:32:00','2024-08-26 06:32:00',1,'',0,1,0,'',NULL,2730.00,1,0),(3051,'ITCJ632','ខ្សែក',0.00,548.73,1,'',NULL,201.0000,12,2,NULL,'2024-08-26 06:32:00','2024-08-26 06:32:00',1,'',0,1,0,'',NULL,2730.00,1,0),(3052,'ITCJ633','ខ្សែក',0.00,742.56,1,'',NULL,272.0000,12,2,NULL,'2024-08-26 06:32:00','2024-08-26 06:32:00',1,'',0,1,0,'',NULL,2730.00,1,0),(3053,'ITCJ634','ខ្សែក',0.00,232.05,1,'',NULL,85.0000,12,2,NULL,'2024-08-26 06:32:00','2024-08-26 06:32:00',1,'',0,1,0,'',NULL,2730.00,1,0),(3054,'ITCJ635','ខ្សែក+បណ្តោង',0.00,450.45,1,'',NULL,165.0000,12,2,NULL,'2024-08-26 06:32:00','2024-08-26 06:32:00',1,'',0,1,0,'',NULL,2730.00,1,0),(3055,'ITCJ636','ខ្សែក+បណ្តោង',0.00,203.38,1,'',NULL,74.5000,12,2,NULL,'2024-08-26 06:32:00','2024-08-26 06:32:00',1,'',0,1,0,'',NULL,2730.00,1,0),(3056,'ITCJ637','ខ្សែក+បណ្តោង',0.00,218.40,1,'',NULL,80.0000,12,2,NULL,'2024-08-26 06:32:00','2024-08-26 06:32:00',1,'',0,1,0,'',NULL,2730.00,1,0),(3057,'ITCJ638','ខ្សែក+បណ្តោង',0.00,262.08,1,'',NULL,96.0000,12,2,NULL,'2024-08-26 06:32:00','2024-08-26 06:32:00',1,'',0,1,0,'',NULL,2730.00,1,0),(3058,'ITCJ639','ខ្សែក+បណ្តោង',0.00,191.10,1,'',NULL,70.0000,12,2,NULL,'2024-08-26 06:32:00','2024-08-26 06:32:00',1,'',0,1,0,'',NULL,2730.00,1,0),(3059,'ITCJ640','ខ្សែក+បណ្តោង',0.00,274.37,1,'',NULL,100.5000,12,2,NULL,'2024-08-26 06:32:00','2024-08-26 06:32:00',1,'',0,1,0,'',NULL,2730.00,1,0),(3060,'ITCJ641','ខ្សែក+បណ្តោង',0.00,248.43,1,'',NULL,91.0000,12,2,NULL,'2024-08-26 06:32:00','2024-08-26 06:32:00',1,'',0,1,0,'',NULL,2730.00,1,0),(3061,'ITCJ642','ខ្សែក+បណ្តោង',0.00,203.38,1,'',NULL,74.5000,12,2,NULL,'2024-08-26 06:32:00','2024-08-26 06:32:00',1,'',0,1,0,'',NULL,2730.00,1,0),(3062,'ITCJ643','ខ្សែក+បណ្តោង',0.00,429.98,1,'',NULL,157.5000,12,2,NULL,'2024-08-26 06:32:00','2024-08-26 06:32:00',1,'',0,1,0,'',NULL,2730.00,1,0),(3063,'ITCJ644','ខ្សែក+បណ្តោង',0.00,304.39,1,'',NULL,111.5000,12,2,NULL,'2024-08-26 06:32:00','2024-08-26 06:32:00',1,'',0,1,0,'',NULL,2730.00,1,0),(3064,'ITCJ645','ខ្សែក+បណ្តោង',0.00,266.18,1,'',NULL,97.5000,12,2,NULL,'2024-08-26 06:32:01','2024-08-26 06:32:01',1,'',0,1,0,'',NULL,2730.00,1,0),(3065,'ITCJ646','ខ្សែក+បណ្តោង',0.00,481.85,1,'',NULL,176.5000,12,2,NULL,'2024-08-26 06:32:01','2024-08-26 06:32:01',1,'',0,1,0,'',NULL,2730.00,1,0),(3066,'ITCJ647','ខ្សែដៃ',0.00,90.09,1,'',NULL,33.0000,12,2,NULL,'2024-08-26 06:32:01','2024-08-26 06:32:01',1,'',0,1,0,'',NULL,2730.00,1,0),(3067,'ITCJ648','ខ្សែក',0.00,101.01,1,'',NULL,37.0000,12,2,NULL,'2024-08-26 06:32:01','2024-08-26 06:32:01',1,'',0,1,0,'',NULL,2730.00,1,0),(3068,'ITCJ649','ខ្សែជើង',0.00,159.71,1,'',NULL,58.5000,12,2,NULL,'2024-08-26 06:32:01','2024-08-26 06:32:01',1,'',0,1,0,'',NULL,2730.00,1,0),(3069,'ITCJ650','ខ្សែក',0.00,236.15,1,'',NULL,86.5000,12,2,NULL,'2024-08-26 06:32:01','2024-08-26 06:32:01',1,'',0,1,0,'',NULL,2730.00,1,0),(3070,'ITCJ651','ខ្សែដៃ',0.00,120.12,1,'',NULL,44.0000,12,2,NULL,'2024-08-26 06:32:01','2024-08-26 06:32:01',1,'',0,1,0,'',NULL,2730.00,1,0),(3071,'ITCJ652','ខ្សែក',0.00,226.59,1,'',NULL,83.0000,12,2,NULL,'2024-08-26 06:32:01','2024-08-26 06:32:01',1,'',0,1,0,'',NULL,2730.00,1,0),(3072,'ITCJ653','ខ្សែក+បណ្តោង',0.00,262.08,1,'',NULL,96.0000,12,2,NULL,'2024-08-26 06:32:01','2024-08-26 06:32:01',1,'',0,1,0,'',NULL,2730.00,1,0),(3073,'ITCJ654','ខ្សែក+បណ្តោង',0.00,252.53,1,'',NULL,92.5000,12,2,NULL,'2024-08-26 06:32:01','2024-08-26 06:32:01',1,'',0,1,0,'',NULL,2730.00,1,0),(3074,'ITCJ655','ខ្សែក+បណ្តោង',0.00,364.45,1,'',NULL,133.5000,12,2,NULL,'2024-08-26 06:32:01','2024-08-26 06:32:01',1,'',0,1,0,'',NULL,2730.00,1,0),(3075,'ITCJ656','ខ្សែក+បណ្តោង',0.00,305.76,1,'',NULL,112.0000,12,2,NULL,'2024-08-26 06:32:01','2024-08-26 06:32:01',1,'',0,1,0,'',NULL,2730.00,1,0),(3076,'ITCJ657','ខ្សែក',0.00,425.88,1,'',NULL,156.0000,12,2,NULL,'2024-08-26 06:32:01','2024-08-26 06:32:01',1,'',0,1,0,'',NULL,2730.00,1,0),(3077,'ITCJ658','ខ្សែក+បណ្តោង',0.00,247.06,1,'',NULL,90.5000,12,2,NULL,'2024-08-26 06:32:01','2024-08-26 06:32:01',1,'',0,1,0,'',NULL,2730.00,1,0),(3078,'ITCJ659','ខ្សែក+បណ្តោង',0.00,197.93,1,'',NULL,72.5000,12,2,NULL,'2024-08-26 06:32:01','2024-08-26 06:32:01',1,'',0,1,0,'',NULL,2730.00,1,0),(3079,'ITCJ660','ខ្សែក+បណ្តោង',0.00,253.89,1,'',NULL,93.0000,12,2,NULL,'2024-08-26 06:32:01','2024-08-26 06:32:01',1,'',0,1,0,'',NULL,2730.00,1,0),(3080,'ITCJ661','ខ្សែជើង',0.00,146.06,1,'',NULL,53.5000,12,2,NULL,'2024-08-26 06:32:01','2024-08-26 06:32:01',1,'',0,1,0,'',NULL,2730.00,1,0),(3081,'ITCJ662','ខ្សែជើង',0.00,248.43,1,'',NULL,91.0000,12,2,NULL,'2024-08-26 06:32:01','2024-08-26 06:32:01',1,'',0,1,0,'',NULL,2730.00,1,0),(3082,'ITCJ663','ខ្សែក+បណ្តោង',0.00,296.20,1,'',NULL,108.5000,12,2,NULL,'2024-08-26 06:32:01','2024-08-26 06:32:01',1,'',0,1,0,'',NULL,2730.00,1,0),(3083,'ITCJ664','ខ្សែក+បណ្តោង',0.00,480.48,1,'',NULL,176.0000,12,2,NULL,'2024-08-26 06:32:01','2024-08-26 06:32:01',1,'',0,1,0,'',NULL,2730.00,1,0),(3084,'ITCJ665','ខ្សែក+បណ្តោង',0.00,368.55,1,'',NULL,135.0000,12,2,NULL,'2024-08-26 06:32:01','2024-08-26 06:32:01',1,'',0,1,0,'',NULL,2730.00,1,0),(3085,'ITCJ666','ខ្សែក+បណ្តោង',0.00,207.48,1,'',NULL,76.0000,12,2,NULL,'2024-08-26 06:32:01','2024-08-26 06:32:01',1,'',0,1,0,'',NULL,2730.00,1,0),(3086,'ITCJ667','ខ្សែក',0.00,120.12,1,'',NULL,44.0000,12,2,NULL,'2024-08-26 06:32:01','2024-08-26 06:32:01',1,'',0,1,0,'',NULL,2730.00,1,0),(3087,'ITCJ668','ខ្សែជើង',0.00,122.85,1,'',NULL,45.0000,12,2,NULL,'2024-08-26 06:32:01','2024-08-26 06:32:01',1,'',0,1,0,'',NULL,2730.00,1,0),(3088,'ITCJ669','ខ្សែក',0.00,200.66,1,'',NULL,73.5000,12,2,NULL,'2024-08-26 06:32:01','2024-08-26 06:32:01',1,'',0,1,0,'',NULL,2730.00,1,0),(3089,'ITCJ670','ខ្សែក+បណ្តោង',0.00,241.60,1,'',NULL,88.5000,12,2,NULL,'2024-08-26 06:32:01','2024-08-26 06:32:01',1,'',0,1,0,'',NULL,2730.00,1,0),(3090,'ITCJ671','ខ្សែជើង',0.00,128.31,1,'',NULL,47.0000,12,2,NULL,'2024-08-26 06:32:01','2024-08-26 06:32:01',1,'',0,1,0,'',NULL,2730.00,1,0),(3091,'ITCJ672','ខ្សែក+បណ្តោង',0.00,225.22,1,'',NULL,82.5000,12,2,NULL,'2024-08-26 06:32:01','2024-08-26 06:32:01',1,'',0,1,0,'',NULL,2730.00,1,0),(3092,'ITCJ673','ខ្សែជើង',0.00,143.32,1,'',NULL,52.5000,12,2,NULL,'2024-08-26 06:32:01','2024-08-26 06:32:01',1,'',0,1,0,'',NULL,2730.00,1,0),(3093,'ITCJ674','ខ្សែក+បណ្តោង',0.00,267.54,1,'',NULL,98.0000,12,2,NULL,'2024-08-26 06:32:01','2024-08-26 06:32:01',1,'',0,1,0,'',NULL,2730.00,1,0),(3094,'ITCJ675','ខ្សែក',0.00,316.68,1,'',NULL,116.0000,12,2,NULL,'2024-08-26 06:32:01','2024-08-26 06:32:01',1,'',0,1,0,'',NULL,2730.00,1,0),(3095,'ITCJ676','ខ្សែក+បណ្តោង',0.00,252.53,1,'',NULL,92.5000,12,2,NULL,'2024-08-26 06:32:01','2024-08-26 06:32:01',1,'',0,1,0,'',NULL,2730.00,1,0),(3096,'ITCJ677','ខ្សែក+បណ្តោង',0.00,341.25,1,'',NULL,125.0000,12,2,NULL,'2024-08-26 06:32:01','2024-08-26 06:32:01',1,'',0,1,0,'',NULL,2730.00,1,0),(3097,'ITCJ678','ខ្សែជើង',0.00,154.25,1,'',NULL,56.5000,12,2,NULL,'2024-08-26 06:32:01','2024-08-26 06:32:01',1,'',0,1,0,'',NULL,2730.00,1,0),(3098,'ITCJ679','ខ្សែក',0.00,278.46,1,'',NULL,102.0000,12,2,NULL,'2024-08-26 06:32:01','2024-08-26 06:32:01',1,'',0,1,0,'',NULL,2730.00,1,0),(3099,'ITCJ680','ខ្សែក',0.00,286.65,1,'',NULL,105.0000,12,2,NULL,'2024-08-26 06:32:01','2024-08-26 06:32:01',1,'',0,1,0,'',NULL,2730.00,1,0),(3100,'ITCJ681','ខ្សែក',0.00,226.59,1,'',NULL,83.0000,12,2,NULL,'2024-08-26 06:32:01','2024-08-26 06:32:01',1,'',0,1,0,'',NULL,2730.00,1,0),(3101,'ITCJ682','ខ្សែក',0.00,259.35,1,'',NULL,95.0000,12,2,NULL,'2024-08-26 06:32:01','2024-08-26 06:32:01',1,'',0,1,0,'',NULL,2730.00,1,0),(3102,'ITCJ683','ខ្សែជើង',0.00,161.07,1,'',NULL,59.0000,12,2,NULL,'2024-08-26 06:32:01','2024-08-26 06:32:01',1,'',0,1,0,'',NULL,2730.00,1,0),(3103,'ITCJ684','ខ្សែក',0.00,248.43,1,'',NULL,91.0000,12,2,NULL,'2024-08-26 06:32:01','2024-08-26 06:32:01',1,'',0,1,0,'',NULL,2730.00,1,0),(3104,'ITCJ685','ខ្សែជើង',0.00,249.79,1,'',NULL,91.5000,12,2,NULL,'2024-08-26 06:32:01','2024-08-26 06:32:01',1,'',0,1,0,'',NULL,2730.00,1,0),(3105,'ITCJ686','ខ្សែក',0.00,431.34,1,'',NULL,158.0000,12,2,NULL,'2024-08-26 06:32:01','2024-08-26 06:32:01',1,'',0,1,0,'',NULL,2730.00,1,0),(3106,'ITCJ687','ខ្សែដៃ',0.00,139.23,1,'',NULL,51.0000,12,2,NULL,'2024-08-26 06:32:01','2024-08-26 06:32:01',1,'',0,1,0,'',NULL,2730.00,1,0),(3107,'ITCJ688','ខ្សែក',0.00,124.22,1,'',NULL,45.5000,12,2,NULL,'2024-08-26 06:32:01','2024-08-26 06:32:01',1,'',0,1,0,'',NULL,2730.00,1,0),(3108,'ITCJ689','ខ្សែក+បណ្តោង',0.00,225.22,1,'',NULL,82.5000,12,2,NULL,'2024-08-26 06:32:01','2024-08-26 06:32:01',1,'',0,1,0,'',NULL,2730.00,1,0),(3109,'ITCJ690','ខ្សែក+បណ្តោង',0.00,286.65,1,'',NULL,105.0000,12,2,NULL,'2024-08-26 06:32:01','2024-08-26 06:32:01',1,'',0,1,0,'',NULL,2730.00,1,0),(3110,'ITCJ691','ខ្សែក+បណ្តោង',0.00,207.48,1,'',NULL,76.0000,12,2,NULL,'2024-08-26 06:32:01','2024-08-26 06:32:01',1,'',0,1,0,'',NULL,2730.00,1,0),(3111,'ITCJ692','ខ្សែក',0.00,132.41,1,'',NULL,48.5000,12,2,NULL,'2024-08-26 06:32:01','2024-08-26 06:32:01',1,'',0,1,0,'',NULL,2730.00,1,0),(3112,'ITCJ693','ខ្សែក',0.00,211.03,1,'',NULL,77.5000,12,2,NULL,'2024-08-26 06:32:01','2024-08-26 06:32:01',1,'',0,1,0,'',NULL,2730.00,1,0),(3113,'ITCJ694','ខ្សែក',0.00,266.18,1,'',NULL,97.5000,12,2,NULL,'2024-08-26 06:32:01','2024-08-26 06:32:01',1,'',0,1,0,'',NULL,2730.00,1,0),(3114,'ITCJ695','ខ្សែក+បណ្តោង',0.00,509.14,1,'',NULL,186.5000,12,2,NULL,'2024-08-26 06:32:01','2024-08-26 06:32:01',1,'',0,1,0,'',NULL,2730.00,1,0),(3115,'DCJK24001','ក្រវិល',8840.80,6123.00,1,'',NULL,85.0000,1,2,NULL,'2024-08-26 06:40:27','2024-08-26 06:40:27',1,'5.6L:2P\n1.5L:32P',180.24,1,150.2,'0.75',NULL,3004.00,8,1),(3116,'DCJK24002','ចិញ្ចៀន',1310.95,930.00,1,'',NULL,51.0000,1,2,NULL,'2024-08-26 06:40:27','2024-08-26 06:40:27',1,'2.02L:27P',180.24,1,150.2,'0.7',NULL,3004.00,8,1),(3117,'DCJK24003','ចិញ្ចៀន',1072.17,756.00,1,'',NULL,75.0000,1,2,NULL,'2024-08-26 06:40:27','2024-08-26 06:40:27',1,'1.55L:40P',150.2,1,120.16,'0.7',NULL,3004.00,8,1),(3118,'DCJK24004','ក្រវិល',2899.12,2017.00,1,'',NULL,42.0000,1,2,NULL,'2024-08-26 06:40:27','2024-08-26 06:40:27',1,'4.6L:2P',105.14,1,90.12,'0.7',NULL,3004.00,8,1),(3119,'DCJK24005','ក្រវិល',1641.97,1150.00,1,'',NULL,29.0000,1,2,NULL,'2024-08-26 06:40:27','2024-08-26 06:40:27',1,'4.1L:2P',105.14,1,90.12,'0.7',NULL,3004.00,8,1),(3120,'DCJK24006','ក្រវិល',906.33,638.00,1,'',NULL,30.0000,1,2,NULL,'2024-08-26 06:40:27','2024-08-26 06:40:27',1,'3.6L:2P',90.12,1,75.1,'0.7',NULL,3004.00,8,1),(3121,'DCJK24007','ខ្សែក',4317.51,3076.00,1,'',NULL,370.0000,1,2,NULL,'2024-08-26 06:40:27','2024-08-26 06:40:27',1,'1.7L:7P\n1.55L:125P\n1.2L:26P',510.68,1,450.6,'0.75',NULL,3004.00,8,1),(3122,'DCJK24008','ក្រវិល',527.38,372.00,1,'',NULL,21.0000,1,2,NULL,'2024-08-26 06:40:27','2024-08-26 06:40:27',1,'3.1L:2P',75.1,1,60.08,'0.7',NULL,3004.00,257,1),(3123,'DCJK24009','ក្រវិល',527.38,372.00,1,'',NULL,21.0000,1,2,NULL,'2024-08-26 06:40:27','2024-08-26 06:40:27',1,'3.1L:2P',75.1,1,60.08,'0.7',NULL,3004.00,258,1),(3124,'DCJK24010','ក្រវិល',509.98,360.00,1,'',NULL,20.0000,1,2,NULL,'2024-08-26 06:40:27','2024-08-26 06:40:27',1,'3.1L:2P',75.1,1,60.08,'0.5',NULL,3004.00,259,1),(3125,'DCJK24011','ក្រវិល',509.98,360.00,1,'',NULL,20.0000,1,2,NULL,'2024-08-26 06:40:27','2024-08-26 06:40:27',1,'3.1L:2P',75.1,1,60.08,'0.5',NULL,3004.00,260,1),(3126,'DCJK24012','ចិញ្ចៀន',1310.95,930.00,1,'',NULL,51.0000,1,2,NULL,'2024-08-26 06:40:27','2024-08-26 06:40:27',1,'2.02L:27P',180.24,1,150.2,'0.7',NULL,3004.00,8,1),(3127,'DCJK24013','ចិញ្ចៀន',1067.82,753.00,1,'',NULL,73.0000,1,2,NULL,'2024-08-26 06:40:27','2024-08-26 06:40:27',1,'1.55L:40P',150.2,1,120.16,'0.7',NULL,3004.00,8,1),(3128,'DCJK24014','ចិញ្ចៀន',917.08,649.00,1,'',NULL,36.0000,1,2,NULL,'2024-08-26 06:40:27','2024-08-26 06:40:27',1,'1.6L:35P',149.8,1,119.84,'0.7',NULL,2996.00,261,1),(3129,'DCJK24015','ចិញ្ចៀន',917.08,649.00,1,'',NULL,36.0000,1,2,NULL,'2024-08-26 06:40:27','2024-08-26 06:40:27',1,'1.6L:35P',149.8,1,119.84,'0.7',NULL,2996.00,262,1),(3130,'DCJK24016','ចិញ្ចៀន',1847.55,1300.00,1,'',NULL,171.0000,1,2,NULL,'2024-08-26 06:40:27','2024-08-26 06:40:27',1,'2.55L:16',179.76,1,149.8,'0.5',NULL,2996.00,8,1),(3131,'DCJK24017','ចិញ្ចៀន',1068.90,763.00,1,'',NULL,133.0000,1,2,NULL,'2024-08-26 06:40:27','2024-08-26 06:40:27',1,'2.05L:16P',179.76,1,149.8,'0.5',NULL,2996.00,8,1),(3132,'DCJK24018','ខ្សែក',2357.67,1689.00,1,'',NULL,244.0000,1,2,NULL,'2024-08-26 06:40:27','2024-08-26 06:40:27',1,'1.2L:80P\n1.5L:26P',299.6,1,269.64,'0.75',NULL,2996.00,8,1),(3133,'DCJ70858','ខ្សែដៃម៉ូត',5845.55,4139.00,1,'<p>លក់ចេញ</p>',NULL,229.0000,1,2,NULL,'2024-08-26 06:40:27','2024-08-26 06:45:51',1,'<p>1.2L:27P 1.5L:6P 1.8L:30P 2.6L:41P</p>',540,1,480,'0.7','',3000.00,1,1),(3134,'GCJ0113','ខ្សែក',0.00,3040.00,1,'',NULL,1012.0000,2,2,NULL,'2024-08-26 06:46:14','2024-08-26 06:46:14',1,'',120.16,1,0,'',NULL,3004.00,8,0),(3135,'GCJ0114','ខ្សែដៃ',0.00,2366.00,1,'',NULL,750.0000,2,2,NULL,'2024-08-26 06:46:14','2024-08-26 06:46:14',1,'',149.8,1,119.84,'',NULL,2996.00,8,0),(3136,'GCJ0115','ខ្សែក',0.00,4613.00,1,'',NULL,1450.0000,2,2,NULL,'2024-08-26 06:46:14','2024-08-26 06:46:14',1,'',299.6,1,269.64,'',NULL,2996.00,8,0),(3137,'GCJ0116','ខ្សែក',0.00,6288.00,1,'',NULL,1949.0000,2,2,NULL,'2024-08-26 06:46:14','2024-08-26 06:46:14',1,'',509.32,1,449.4,'',NULL,2996.00,8,0),(3138,'GCJ0117','ខ្សែក',0.00,1183.00,1,'',NULL,370.0000,2,2,NULL,'2024-08-26 06:46:14','2024-08-26 06:46:14',1,'',89.88,1,74.9,'',NULL,2996.00,8,0),(3139,'GCJ0118','ខ្សែក',0.00,3511.00,1,'',NULL,1089.0000,2,2,NULL,'2024-08-26 06:46:14','2024-08-26 06:46:14',1,'',270.36,1,240.32,'',NULL,3004.00,8,0),(3140,'GCJ0119','ក្រវិល',0.00,841.00,1,'',NULL,256.0000,2,2,NULL,'2024-08-26 06:46:14','2024-08-26 06:46:14',1,'',89.88,1,74.9,'',NULL,2996.00,8,0),(3141,'PCJ750029','ខ្សែក',0.00,2192.00,1,'',NULL,973.0000,15,2,NULL,'2024-08-26 06:46:31','2024-08-26 06:46:31',1,'',150.2,1,0,'',NULL,3004.00,8,0),(3142,'PCJ750030','ខ្សែក',0.00,624.00,1,'',NULL,277.0000,15,2,NULL,'2024-08-26 06:46:31','2024-08-26 06:46:31',1,'',120.16,1,0,'',NULL,3004.00,8,0),(3143,'PCJ500207','បន្តោង',0.00,491.00,1,'',NULL,289.0000,10,2,NULL,'2024-08-26 06:46:31','2024-08-26 06:46:31',1,'',74.9,1,59.92,'',NULL,2996.00,8,0),(3144,'PCJ500208','បន្តោង',0.00,212.00,1,'',NULL,103.0000,10,2,NULL,'2024-08-26 06:46:31','2024-08-26 06:46:31',1,'',74.9,1,59.92,'',NULL,2996.00,8,0),(3145,'PCJ500209','កងដៃ',0.00,1947.00,1,'',NULL,1120.0000,10,2,NULL,'2024-08-26 06:46:31','2024-08-26 06:46:31',1,'',299.6,1,269.64,'',NULL,2996.00,8,0),(3146,'PCJ500210','កងដៃ',0.00,979.00,1,'',NULL,495.0000,10,2,NULL,'2024-08-26 06:46:31','2024-08-26 06:46:31',1,'',269.64,1,239.68,'',NULL,2996.00,8,0),(3147,'PCJ500211','កងដៃ',0.00,1108.00,1,'',NULL,620.0000,10,2,NULL,'2024-08-26 06:46:31','2024-08-26 06:46:31',1,'',209.72,1,179.76,'',NULL,2996.00,8,0),(3148,'PCJ500212','ក្រវិល',0.00,212.00,1,'',NULL,93.0000,10,2,NULL,'2024-08-26 06:46:31','2024-08-26 06:46:31',1,'',89.88,1,74.9,'',NULL,2996.00,8,0),(3149,'PCJ500213','ចិញ្ចៀន',0.00,223.00,1,'',NULL,119.0000,10,2,NULL,'2024-08-26 06:46:31','2024-08-26 06:46:31',1,'',59.92,1,44.94,'',NULL,2996.00,263,0),(3150,'PCJ500214','ចិញ្ចៀន',0.00,194.00,1,'',NULL,100.0000,10,2,NULL,'2024-08-26 06:46:31','2024-08-26 06:46:31',1,'',59.92,1,44.94,'',NULL,2996.00,264,0);

--
-- Table structure for table `products_readies`
--

CREATE TABLE `products_readies` (
  `id` bigint unsigned NOT NULL AUTO_INCREMENT,
  `part_number` varchar(255) CHARACTER SET utf8mb4 COLLATE utf8mb4_unicode_ci DEFAULT NULL,
  `name` varchar(255) CHARACTER SET utf8mb4 COLLATE utf8mb4_unicode_ci DEFAULT NULL,
  `price` double(16,2) NOT NULL DEFAULT '0.00',
  `cost` double(16,2) NOT NULL DEFAULT '0.00',
  `is_active` tinyint(1) NOT NULL DEFAULT '1',
  `description` varchar(191) CHARACTER SET utf8mb4 COLLATE utf8mb4_unicode_ci DEFAULT NULL,
  `image` varchar(191) CHARACTER SET utf8mb4 COLLATE utf8mb4_unicode_ci DEFAULT NULL,
  `weight` double(16,4) NOT NULL,
  `product_category_id` bigint unsigned DEFAULT NULL,
  `user_id` bigint unsigned DEFAULT NULL,
  `grn` varchar(191) CHARACTER SET utf8mb4 COLLATE utf8mb4_unicode_ci DEFAULT NULL,
  `qty` int NOT NULL DEFAULT '0',
  `diamond_size` varchar(191) CHARACTER SET utf8mb4 COLLATE utf8mb4_unicode_ci DEFAULT NULL,
  `invoice` bigint DEFAULT NULL,
  `wages` double NOT NULL,
  `for_sale` tinyint(1) NOT NULL DEFAULT '1',
  `deleted_at` timestamp NULL DEFAULT NULL,
  `created_at` timestamp NULL DEFAULT NULL,
  `updated_at` timestamp NULL DEFAULT NULL,
  PRIMARY KEY (`id`)
) ENGINE=InnoDB DEFAULT CHARSET=utf8mb4 COLLATE=utf8mb4_unicode_ci;

--
-- Dumping data for table `products_readies`
--


--
-- Table structure for table `qty_histories`
--

CREATE TABLE `qty_histories` (
  `id` bigint unsigned NOT NULL AUTO_INCREMENT,
  `qty` int NOT NULL DEFAULT '0',
  `qty_before_transaction` int NOT NULL DEFAULT '0',
  `qty_after_transaction` int NOT NULL DEFAULT '0',
  `product_id` bigint unsigned DEFAULT NULL,
  `user_id` bigint unsigned DEFAULT NULL,
  `note` varchar(191) CHARACTER SET utf8mb4 COLLATE utf8mb4_unicode_ci DEFAULT NULL,
  `deleted_at` timestamp NULL DEFAULT NULL,
  `created_at` timestamp NULL DEFAULT NULL,
  `updated_at` timestamp NULL DEFAULT NULL,
  `grn` varchar(191) CHARACTER SET utf8mb4 COLLATE utf8mb4_unicode_ci DEFAULT NULL,
  `product_category_id` int DEFAULT NULL,
  PRIMARY KEY (`id`)
) ENGINE=InnoDB AUTO_INCREMENT=18 DEFAULT CHARSET=utf8mb4 COLLATE=utf8mb4_unicode_ci;

--
-- Dumping data for table `qty_histories`
--


--
-- Table structure for table `role_has_permissions`
--

CREATE TABLE `role_has_permissions` (
  `permission_id` bigint unsigned NOT NULL,
  `role_id` bigint unsigned NOT NULL,
  PRIMARY KEY (`permission_id`,`role_id`),
  KEY `role_has_permissions_role_id_foreign` (`role_id`),
  CONSTRAINT `role_has_permissions_permission_id_foreign` FOREIGN KEY (`permission_id`) REFERENCES `permissions` (`id`) ON DELETE CASCADE,
  CONSTRAINT `role_has_permissions_role_id_foreign` FOREIGN KEY (`role_id`) REFERENCES `roles` (`id`) ON DELETE CASCADE
) ENGINE=InnoDB DEFAULT CHARSET=utf8mb4 COLLATE=utf8mb4_unicode_ci;

--
-- Dumping data for table `role_has_permissions`
--

INSERT INTO `role_has_permissions` VALUES (1,1),(2,1),(3,1),(4,1),(5,1),(6,1),(7,1),(8,1),(9,1),(10,1),(11,1),(12,1),(13,1),(14,1),(15,1),(16,1),(17,1),(18,1),(19,1),(20,1),(21,1),(22,1),(23,1),(24,1),(25,1),(26,1),(27,1),(28,1),(29,1),(30,1),(31,1),(32,1),(33,1),(34,1),(35,1),(36,1),(37,1),(1,2),(2,2),(3,2),(4,2),(5,2),(6,2),(7,2),(8,2),(9,2),(10,2),(11,2),(12,2),(13,2),(14,2),(15,2),(16,2),(17,2),(18,2),(19,2),(20,2),(21,2),(22,2),(23,2),(24,2),(25,2),(26,2),(27,2),(28,2),(29,2),(30,2),(31,2),(32,2),(33,2),(34,2),(35,2),(36,2),(37,2),(17,3);

--
-- Table structure for table `roles`
--

CREATE TABLE `roles` (
  `id` bigint unsigned NOT NULL AUTO_INCREMENT,
  `name` varchar(255) CHARACTER SET utf8mb4 COLLATE utf8mb4_unicode_ci NOT NULL,
  `guard_name` varchar(255) CHARACTER SET utf8mb4 COLLATE utf8mb4_unicode_ci NOT NULL,
  `created_at` timestamp NULL DEFAULT NULL,
  `updated_at` timestamp NULL DEFAULT NULL,
  PRIMARY KEY (`id`),
  UNIQUE KEY `roles_name_guard_name_unique` (`name`,`guard_name`)
) ENGINE=InnoDB AUTO_INCREMENT=4 DEFAULT CHARSET=utf8mb4 COLLATE=utf8mb4_unicode_ci;

--
-- Dumping data for table `roles`
--

INSERT INTO `roles` VALUES (1,'Admin','web','2024-04-10 10:45:40','2024-04-10 10:45:40'),(2,'Supervisor','web','2024-04-10 10:45:40','2024-04-10 10:45:40'),(3,'Staff','web','2024-04-10 10:45:40','2024-04-10 10:45:40');

--
-- Table structure for table `sales`
--

CREATE TABLE `sales` (
  `id` bigint unsigned NOT NULL AUTO_INCREMENT,
  `product_id` bigint unsigned DEFAULT NULL,
  `part_number` varchar(255) CHARACTER SET utf8mb4 COLLATE utf8mb4_unicode_ci DEFAULT NULL,
  `name` varchar(255) CHARACTER SET utf8mb4 COLLATE utf8mb4_unicode_ci DEFAULT NULL,
  `cost` double(16,2) NOT NULL,
  `description` varchar(191) CHARACTER SET utf8mb4 COLLATE utf8mb4_unicode_ci DEFAULT NULL,
  `image` varchar(191) CHARACTER SET utf8mb4 COLLATE utf8mb4_unicode_ci DEFAULT NULL,
  `weight` double(16,4) NOT NULL,
  `product_category_id` bigint unsigned DEFAULT NULL,
  `user_id` bigint unsigned DEFAULT NULL,
  `deleted_at` timestamp NULL DEFAULT NULL,
  `created_at` timestamp NULL DEFAULT NULL,
  `updated_at` timestamp NULL DEFAULT NULL,
  `wages` double NOT NULL,
  `invoice_no` int NOT NULL,
  `grn` varchar(191) CHARACTER SET utf8mb4 COLLATE utf8mb4_unicode_ci DEFAULT NULL,
  `qty` int NOT NULL DEFAULT '1',
  `diamond_size` text CHARACTER SET utf8mb4 COLLATE utf8mb4_unicode_ci NOT NULL,
  `usd_amount` double DEFAULT NULL,
  `khr_amount` double DEFAULT NULL,
  `thb_amount` double DEFAULT NULL,
  `sales_price` double DEFAULT NULL,
  `member_id` bigint unsigned DEFAULT NULL,
  `discount` double(16,2) NOT NULL DEFAULT '0.00',
  `already_buy_back` tinyint(1) NOT NULL DEFAULT '0',
  `date_buy_back` timestamp NULL DEFAULT NULL,
  `buy_back_price` double(16,2) DEFAULT NULL,
  `buy_back_note` varchar(191) CHARACTER SET utf8mb4 COLLATE utf8mb4_unicode_ci DEFAULT NULL,
  `buy_by_user` varchar(191) CHARACTER SET utf8mb4 COLLATE utf8mb4_unicode_ci DEFAULT NULL,
  `to_usd_exchange_rate` double(16,2) DEFAULT NULL,
  `original_wages` double(16,2) DEFAULT NULL,
  `weight_description` varchar(191) CHARACTER SET utf8mb4 COLLATE utf8mb4_unicode_ci DEFAULT NULL,
  `selling_cost` double(16,2) NOT NULL DEFAULT '0.00',
  `selling_rate` double(16,2) NOT NULL DEFAULT '0.00',
  `fixed_price` tinyint(1) NOT NULL DEFAULT '0',
  PRIMARY KEY (`id`)
) ENGINE=MyISAM DEFAULT CHARSET=utf8mb4 COLLATE=utf8mb4_unicode_ci;

--
-- Dumping data for table `sales`
--


--
-- Table structure for table `sell_product_attributes`
--

CREATE TABLE `sell_product_attributes` (
  `id` bigint unsigned NOT NULL AUTO_INCREMENT,
  `name` varchar(191) CHARACTER SET utf8mb4 COLLATE utf8mb4_unicode_ci NOT NULL,
  `qty` varchar(191) CHARACTER SET utf8mb4 COLLATE utf8mb4_unicode_ci NOT NULL DEFAULT '1',
  `cost` double(16,2) NOT NULL DEFAULT '0.00',
  `price` double(16,2) NOT NULL DEFAULT '0.00',
  `sell_id` bigint unsigned NOT NULL,
  `deleted_at` timestamp NULL DEFAULT NULL,
  `created_at` timestamp NULL DEFAULT NULL,
  `updated_at` timestamp NULL DEFAULT NULL,
  PRIMARY KEY (`id`)
) ENGINE=InnoDB DEFAULT CHARSET=utf8mb4 COLLATE=utf8mb4_unicode_ci;

--
-- Dumping data for table `sell_product_attributes`
--


--
-- Table structure for table `settings`
--

CREATE TABLE `settings` (
  `id` bigint unsigned NOT NULL AUTO_INCREMENT,
  `shop_name` varchar(255) CHARACTER SET utf8mb4 COLLATE utf8mb4_unicode_ci DEFAULT NULL,
  `address` text CHARACTER SET utf8mb4 COLLATE utf8mb4_unicode_ci,
  `phone` varchar(255) CHARACTER SET utf8mb4 COLLATE utf8mb4_unicode_ci DEFAULT NULL,
  `logo` varchar(255) CHARACTER SET utf8mb4 COLLATE utf8mb4_unicode_ci NOT NULL,
  `fav_icon` varchar(255) CHARACTER SET utf8mb4 COLLATE utf8mb4_unicode_ci DEFAULT NULL,
  `is_active` int NOT NULL DEFAULT '1',
  `deleted_at` timestamp NULL DEFAULT NULL,
  `created_at` timestamp NULL DEFAULT NULL,
  `updated_at` timestamp NULL DEFAULT NULL,
  PRIMARY KEY (`id`)
) ENGINE=InnoDB AUTO_INCREMENT=2 DEFAULT CHARSET=utf8mb4 COLLATE=utf8mb4_unicode_ci;

--
-- Dumping data for table `settings`
--

INSERT INTO `settings` VALUES (1,'Crown Jewelry','អគារស៊ីសាន់ម៉ល ភូមិក្បាលស្ពាន១ សង្កាត់ប៉ោយប៉ែត ក្រុងប៉ោយប៉ែត, ខេត្តបន្ទាយមានជ័យ','031​ 555 5​02 2 / ​071 ​555 598 6 / 067 779 696','logo.png','fav.ico',1,NULL,'2024-04-10 10:45:35','2024-08-18 10:58:31');

--
-- Table structure for table `suppliers`
--

CREATE TABLE `suppliers` (
  `id` bigint unsigned NOT NULL AUTO_INCREMENT,
  `name` varchar(191) CHARACTER SET utf8mb4 COLLATE utf8mb4_unicode_ci NOT NULL,
  `phone` varchar(191) CHARACTER SET utf8mb4 COLLATE utf8mb4_unicode_ci DEFAULT NULL,
  `note` text CHARACTER SET utf8mb4 COLLATE utf8mb4_unicode_ci,
  `deleted_at` timestamp NULL DEFAULT NULL,
  `created_at` timestamp NULL DEFAULT NULL,
  `updated_at` timestamp NULL DEFAULT NULL,
  PRIMARY KEY (`id`)
) ENGINE=MyISAM AUTO_INCREMENT=265 DEFAULT CHARSET=utf8mb4 COLLATE=utf8mb4_unicode_ci;

--
-- Dumping data for table `suppliers`
--

INSERT INTO `suppliers` VALUES (1,'MOM','','',NULL,'2024-08-26 06:30:04','2024-08-26 06:30:04'),(2,'KDD5','','',NULL,'2024-08-26 06:30:09','2024-08-26 06:30:09'),(3,'KDD6','','',NULL,'2024-08-26 06:30:09','2024-08-26 06:30:09'),(4,'KDD3','','',NULL,'2024-08-26 06:30:09','2024-08-26 06:30:09'),(5,'KDD4','','',NULL,'2024-08-26 06:30:09','2024-08-26 06:30:09'),(6,'KDD2','','',NULL,'2024-08-26 06:30:09','2024-08-26 06:30:09'),(7,'KDD1','','',NULL,'2024-08-26 06:30:09','2024-08-26 06:30:09'),(8,'KIM','','',NULL,'2024-08-26 06:30:09','2024-08-26 06:30:09'),(9,'KGG1','','',NULL,'2024-08-26 06:30:34','2024-08-26 06:30:34'),(10,'KGG2','','',NULL,'2024-08-26 06:30:34','2024-08-26 06:30:34'),(11,'KGG3','','',NULL,'2024-08-26 06:30:34','2024-08-26 06:30:34'),(12,'KGG20','','',NULL,'2024-08-26 06:30:34','2024-08-26 06:30:34'),(13,'KGG21','','',NULL,'2024-08-26 06:30:34','2024-08-26 06:30:34'),(14,'KGG22','','',NULL,'2024-08-26 06:30:34','2024-08-26 06:30:34'),(15,'KGG23','','',NULL,'2024-08-26 06:30:34','2024-08-26 06:30:34'),(16,'KGG24','','',NULL,'2024-08-26 06:30:34','2024-08-26 06:30:34'),(17,'KGG25','','',NULL,'2024-08-26 06:30:34','2024-08-26 06:30:34'),(18,'KGG26','','',NULL,'2024-08-26 06:30:34','2024-08-26 06:30:34'),(19,'KGG27','','',NULL,'2024-08-26 06:30:34','2024-08-26 06:30:34'),(20,'KGG28','','',NULL,'2024-08-26 06:30:34','2024-08-26 06:30:34'),(21,'KGG29','','',NULL,'2024-08-26 06:30:34','2024-08-26 06:30:34'),(22,'KGG30','','',NULL,'2024-08-26 06:30:34','2024-08-26 06:30:34'),(23,'KGG33','','',NULL,'2024-08-26 06:30:34','2024-08-26 06:30:34'),(24,'KGG32','','',NULL,'2024-08-26 06:30:34','2024-08-26 06:30:34'),(25,'KGG31','','',NULL,'2024-08-26 06:30:34','2024-08-26 06:30:34'),(26,'KGG34','','',NULL,'2024-08-26 06:30:34','2024-08-26 06:30:34'),(27,'KGG35','','',NULL,'2024-08-26 06:30:34','2024-08-26 06:30:34'),(28,'KGG36','','',NULL,'2024-08-26 06:30:34','2024-08-26 06:30:34'),(29,'KGG4','','',NULL,'2024-08-26 06:30:34','2024-08-26 06:30:34'),(30,'KGG5','','',NULL,'2024-08-26 06:30:34','2024-08-26 06:30:34'),(31,'KGG6','','',NULL,'2024-08-26 06:30:34','2024-08-26 06:30:34'),(32,'KGG7','','',NULL,'2024-08-26 06:30:34','2024-08-26 06:30:34'),(33,'KGG8','','',NULL,'2024-08-26 06:30:34','2024-08-26 06:30:34'),(34,'KGG9','','',NULL,'2024-08-26 06:30:34','2024-08-26 06:30:34'),(35,'KGG10','','',NULL,'2024-08-26 06:30:34','2024-08-26 06:30:34'),(36,'KGG11','','',NULL,'2024-08-26 06:30:34','2024-08-26 06:30:34'),(37,'KGG41','','',NULL,'2024-08-26 06:30:34','2024-08-26 06:30:34'),(38,'KGG42','','',NULL,'2024-08-26 06:30:34','2024-08-26 06:30:34'),(39,'KGG43','','',NULL,'2024-08-26 06:30:34','2024-08-26 06:30:34'),(40,'KGG44','','',NULL,'2024-08-26 06:30:34','2024-08-26 06:30:34'),(41,'KGG18','','',NULL,'2024-08-26 06:30:34','2024-08-26 06:30:34'),(42,'KGG19','','',NULL,'2024-08-26 06:30:34','2024-08-26 06:30:34'),(43,'KGG37','','',NULL,'2024-08-26 06:30:34','2024-08-26 06:30:34'),(44,'KGG38','','',NULL,'2024-08-26 06:30:34','2024-08-26 06:30:34'),(45,'KGG39','','',NULL,'2024-08-26 06:30:34','2024-08-26 06:30:34'),(46,'KGG40','','',NULL,'2024-08-26 06:30:34','2024-08-26 06:30:34'),(47,'KGG12','','',NULL,'2024-08-26 06:30:34','2024-08-26 06:30:34'),(48,'KGG13','','',NULL,'2024-08-26 06:30:34','2024-08-26 06:30:34'),(49,'KGG14','','',NULL,'2024-08-26 06:30:34','2024-08-26 06:30:34'),(50,'KGG15','','',NULL,'2024-08-26 06:30:34','2024-08-26 06:30:34'),(51,'KGG16','','',NULL,'2024-08-26 06:30:34','2024-08-26 06:30:34'),(52,'KGG17','','',NULL,'2024-08-26 06:30:34','2024-08-26 06:30:34'),(53,'KGG45','','',NULL,'2024-08-26 06:30:34','2024-08-26 06:30:34'),(54,'KGG46','','',NULL,'2024-08-26 06:30:34','2024-08-26 06:30:34'),(55,'KGG47','','',NULL,'2024-08-26 06:30:34','2024-08-26 06:30:34'),(56,'KGG48','','',NULL,'2024-08-26 06:30:34','2024-08-26 06:30:34'),(57,'KGG49','','',NULL,'2024-08-26 06:30:34','2024-08-26 06:30:34'),(58,'KGG50','','',NULL,'2024-08-26 06:30:34','2024-08-26 06:30:34'),(59,'KGG51','','',NULL,'2024-08-26 06:30:34','2024-08-26 06:30:34'),(60,'KGG52','','',NULL,'2024-08-26 06:30:34','2024-08-26 06:30:34'),(61,'KGG53','','',NULL,'2024-08-26 06:30:34','2024-08-26 06:30:34'),(62,'KGG54','','',NULL,'2024-08-26 06:30:34','2024-08-26 06:30:34'),(63,'KGG55','','',NULL,'2024-08-26 06:30:34','2024-08-26 06:30:34'),(64,'KGG56','','',NULL,'2024-08-26 06:30:34','2024-08-26 06:30:34'),(65,'KGG57','','',NULL,'2024-08-26 06:30:34','2024-08-26 06:30:34'),(66,'KGG58','','',NULL,'2024-08-26 06:30:34','2024-08-26 06:30:34'),(67,'KGG59','','',NULL,'2024-08-26 06:30:34','2024-08-26 06:30:34'),(68,'KGG60','','',NULL,'2024-08-26 06:30:34','2024-08-26 06:30:34'),(69,'KGG61','','',NULL,'2024-08-26 06:30:34','2024-08-26 06:30:34'),(70,'KGG62','','',NULL,'2024-08-26 06:30:34','2024-08-26 06:30:34'),(71,'KGG63','','',NULL,'2024-08-26 06:30:34','2024-08-26 06:30:34'),(72,'KGG64','','',NULL,'2024-08-26 06:30:34','2024-08-26 06:30:34'),(73,'KGG65','','',NULL,'2024-08-26 06:30:34','2024-08-26 06:30:34'),(74,'KGG66','','',NULL,'2024-08-26 06:30:34','2024-08-26 06:30:34'),(75,'KGG67','','',NULL,'2024-08-26 06:30:34','2024-08-26 06:30:34'),(76,'KGG68','','',NULL,'2024-08-26 06:30:34','2024-08-26 06:30:34'),(77,'KGG69','','',NULL,'2024-08-26 06:30:35','2024-08-26 06:30:35'),(78,'KGG70','','',NULL,'2024-08-26 06:30:35','2024-08-26 06:30:35'),(79,'KGG71','','',NULL,'2024-08-26 06:30:35','2024-08-26 06:30:35'),(80,'KGG72','','',NULL,'2024-08-26 06:30:35','2024-08-26 06:30:35'),(81,'KGG73','','',NULL,'2024-08-26 06:30:35','2024-08-26 06:30:35'),(82,'Somen','','',NULL,'2024-08-26 06:30:52','2024-08-26 06:30:52'),(83,'KP158','','',NULL,'2024-08-26 06:31:24','2024-08-26 06:31:24'),(84,'KP159','','',NULL,'2024-08-26 06:31:24','2024-08-26 06:31:24'),(85,'K31.1','','',NULL,'2024-08-26 06:31:24','2024-08-26 06:31:24'),(86,'K31','','',NULL,'2024-08-26 06:31:24','2024-08-26 06:31:24'),(87,'KP55','','',NULL,'2024-08-26 06:31:24','2024-08-26 06:31:24'),(88,'KP56','','',NULL,'2024-08-26 06:31:24','2024-08-26 06:31:24'),(89,'KP162','','',NULL,'2024-08-26 06:31:24','2024-08-26 06:31:24'),(90,'KP163','','',NULL,'2024-08-26 06:31:24','2024-08-26 06:31:24'),(91,'KP164','','',NULL,'2024-08-26 06:31:24','2024-08-26 06:31:24'),(92,'KP161','','',NULL,'2024-08-26 06:31:24','2024-08-26 06:31:24'),(93,'KP160','','',NULL,'2024-08-26 06:31:24','2024-08-26 06:31:24'),(94,'KP3','','',NULL,'2024-08-26 06:31:24','2024-08-26 06:31:24'),(95,'KP4','','',NULL,'2024-08-26 06:31:24','2024-08-26 06:31:24'),(96,'KP30','','',NULL,'2024-08-26 06:31:25','2024-08-26 06:31:25'),(97,'KP31','','',NULL,'2024-08-26 06:31:25','2024-08-26 06:31:25'),(98,'KP5','','',NULL,'2024-08-26 06:31:25','2024-08-26 06:31:25'),(99,'KP6','','',NULL,'2024-08-26 06:31:25','2024-08-26 06:31:25'),(100,'KP7','','',NULL,'2024-08-26 06:31:25','2024-08-26 06:31:25'),(101,'KP8','','',NULL,'2024-08-26 06:31:25','2024-08-26 06:31:25'),(102,'KP9','','',NULL,'2024-08-26 06:31:25','2024-08-26 06:31:25'),(103,'KP10','','',NULL,'2024-08-26 06:31:25','2024-08-26 06:31:25'),(104,'KP165','','',NULL,'2024-08-26 06:31:25','2024-08-26 06:31:25'),(105,'KP166','','',NULL,'2024-08-26 06:31:25','2024-08-26 06:31:25'),(106,'KP167','','',NULL,'2024-08-26 06:31:25','2024-08-26 06:31:25'),(107,'KP57','','',NULL,'2024-08-26 06:31:25','2024-08-26 06:31:25'),(108,'KP58','','',NULL,'2024-08-26 06:31:25','2024-08-26 06:31:25'),(109,'KP1','','',NULL,'2024-08-26 06:31:25','2024-08-26 06:31:25'),(110,'KP2','','',NULL,'2024-08-26 06:31:25','2024-08-26 06:31:25'),(111,'KP168','','',NULL,'2024-08-26 06:31:25','2024-08-26 06:31:25'),(112,'KP169','','',NULL,'2024-08-26 06:31:25','2024-08-26 06:31:25'),(113,'KP170','','',NULL,'2024-08-26 06:31:25','2024-08-26 06:31:25'),(114,'KP171','','',NULL,'2024-08-26 06:31:25','2024-08-26 06:31:25'),(115,'KP172','','',NULL,'2024-08-26 06:31:25','2024-08-26 06:31:25'),(116,'KP150','','',NULL,'2024-08-26 06:31:39','2024-08-26 06:31:39'),(117,'KP153','','',NULL,'2024-08-26 06:31:39','2024-08-26 06:31:39'),(118,'KP154','','',NULL,'2024-08-26 06:31:39','2024-08-26 06:31:39'),(119,'KP149','','',NULL,'2024-08-26 06:31:39','2024-08-26 06:31:39'),(120,'KP155','','',NULL,'2024-08-26 06:31:39','2024-08-26 06:31:39'),(121,'KP157','','',NULL,'2024-08-26 06:31:39','2024-08-26 06:31:39'),(122,'KP151','','',NULL,'2024-08-26 06:31:39','2024-08-26 06:31:39'),(123,'KP152','','',NULL,'2024-08-26 06:31:39','2024-08-26 06:31:39'),(124,'KP156','','',NULL,'2024-08-26 06:31:39','2024-08-26 06:31:39'),(125,'KP97','','',NULL,'2024-08-26 06:31:39','2024-08-26 06:31:39'),(126,'KP94','','',NULL,'2024-08-26 06:31:39','2024-08-26 06:31:39'),(127,'KP92','','',NULL,'2024-08-26 06:31:39','2024-08-26 06:31:39'),(128,'KP93','','',NULL,'2024-08-26 06:31:39','2024-08-26 06:31:39'),(129,'KP95','','',NULL,'2024-08-26 06:31:39','2024-08-26 06:31:39'),(130,'KP91','','',NULL,'2024-08-26 06:31:39','2024-08-26 06:31:39'),(131,'KP98','','',NULL,'2024-08-26 06:31:39','2024-08-26 06:31:39'),(132,'KP96','','',NULL,'2024-08-26 06:31:39','2024-08-26 06:31:39'),(133,'KP68','','',NULL,'2024-08-26 06:31:39','2024-08-26 06:31:39'),(134,'KP59','','',NULL,'2024-08-26 06:31:39','2024-08-26 06:31:39'),(135,'KP62','','',NULL,'2024-08-26 06:31:39','2024-08-26 06:31:39'),(136,'KP60','','',NULL,'2024-08-26 06:31:39','2024-08-26 06:31:39'),(137,'KP66','','',NULL,'2024-08-26 06:31:39','2024-08-26 06:31:39'),(138,'KP65','','',NULL,'2024-08-26 06:31:39','2024-08-26 06:31:39'),(139,'KP61','','',NULL,'2024-08-26 06:31:39','2024-08-26 06:31:39'),(140,'KP67','','',NULL,'2024-08-26 06:31:39','2024-08-26 06:31:39'),(141,'KP64','','',NULL,'2024-08-26 06:31:39','2024-08-26 06:31:39'),(142,'KP63','','',NULL,'2024-08-26 06:31:39','2024-08-26 06:31:39'),(143,'KP79','','',NULL,'2024-08-26 06:31:39','2024-08-26 06:31:39'),(144,'KP86','','',NULL,'2024-08-26 06:31:39','2024-08-26 06:31:39'),(145,'KP89','','',NULL,'2024-08-26 06:31:39','2024-08-26 06:31:39'),(146,'KP87','','',NULL,'2024-08-26 06:31:39','2024-08-26 06:31:39'),(147,'KP90','','',NULL,'2024-08-26 06:31:39','2024-08-26 06:31:39'),(148,'KP80','','',NULL,'2024-08-26 06:31:39','2024-08-26 06:31:39'),(149,'KP81','','',NULL,'2024-08-26 06:31:39','2024-08-26 06:31:39'),(150,'KP82','','',NULL,'2024-08-26 06:31:39','2024-08-26 06:31:39'),(151,'KP83','','',NULL,'2024-08-26 06:31:39','2024-08-26 06:31:39'),(152,'KP84','','',NULL,'2024-08-26 06:31:39','2024-08-26 06:31:39'),(153,'KP88','','',NULL,'2024-08-26 06:31:39','2024-08-26 06:31:39'),(154,'KP85','','',NULL,'2024-08-26 06:31:39','2024-08-26 06:31:39'),(155,'KP78','','',NULL,'2024-08-26 06:31:39','2024-08-26 06:31:39'),(156,'KP74','','',NULL,'2024-08-26 06:31:39','2024-08-26 06:31:39'),(157,'KP70','','',NULL,'2024-08-26 06:31:39','2024-08-26 06:31:39'),(158,'KP71','','',NULL,'2024-08-26 06:31:39','2024-08-26 06:31:39'),(159,'KP77','','',NULL,'2024-08-26 06:31:39','2024-08-26 06:31:39'),(160,'KP72','','',NULL,'2024-08-26 06:31:39','2024-08-26 06:31:39'),(161,'KP73','','',NULL,'2024-08-26 06:31:39','2024-08-26 06:31:39'),(162,'KP76','','',NULL,'2024-08-26 06:31:39','2024-08-26 06:31:39'),(163,'KP75','','',NULL,'2024-08-26 06:31:39','2024-08-26 06:31:39'),(164,'KP69','','',NULL,'2024-08-26 06:31:39','2024-08-26 06:31:39'),(165,'KP128','','',NULL,'2024-08-26 06:31:39','2024-08-26 06:31:39'),(166,'KP147','','',NULL,'2024-08-26 06:31:39','2024-08-26 06:31:39'),(167,'KP101','','',NULL,'2024-08-26 06:31:39','2024-08-26 06:31:39'),(168,'KP127','','',NULL,'2024-08-26 06:31:39','2024-08-26 06:31:39'),(169,'KP145','','',NULL,'2024-08-26 06:31:39','2024-08-26 06:31:39'),(170,'KP143','','',NULL,'2024-08-26 06:31:39','2024-08-26 06:31:39'),(171,'KP103','','',NULL,'2024-08-26 06:31:39','2024-08-26 06:31:39'),(172,'KP112','','',NULL,'2024-08-26 06:31:39','2024-08-26 06:31:39'),(173,'KP99','','',NULL,'2024-08-26 06:31:39','2024-08-26 06:31:39'),(174,'KP131','','',NULL,'2024-08-26 06:31:39','2024-08-26 06:31:39'),(175,'KP134','','',NULL,'2024-08-26 06:31:39','2024-08-26 06:31:39'),(176,'KP100','','',NULL,'2024-08-26 06:31:39','2024-08-26 06:31:39'),(177,'KP104','','',NULL,'2024-08-26 06:31:39','2024-08-26 06:31:39'),(178,'KP113','','',NULL,'2024-08-26 06:31:39','2024-08-26 06:31:39'),(179,'KP108','','',NULL,'2024-08-26 06:31:39','2024-08-26 06:31:39'),(180,'KP129','','',NULL,'2024-08-26 06:31:39','2024-08-26 06:31:39'),(181,'KP133','','',NULL,'2024-08-26 06:31:39','2024-08-26 06:31:39'),(182,'KP124','','',NULL,'2024-08-26 06:31:39','2024-08-26 06:31:39'),(183,'KP123','','',NULL,'2024-08-26 06:31:39','2024-08-26 06:31:39'),(184,'KP120','','',NULL,'2024-08-26 06:31:39','2024-08-26 06:31:39'),(185,'KP102','','',NULL,'2024-08-26 06:31:39','2024-08-26 06:31:39'),(186,'KP135','','',NULL,'2024-08-26 06:31:39','2024-08-26 06:31:39'),(187,'KP139','','',NULL,'2024-08-26 06:31:39','2024-08-26 06:31:39'),(188,'KP110','','',NULL,'2024-08-26 06:31:39','2024-08-26 06:31:39'),(189,'KP115','','',NULL,'2024-08-26 06:31:39','2024-08-26 06:31:39'),(190,'KP106','','',NULL,'2024-08-26 06:31:39','2024-08-26 06:31:39'),(191,'KP105','','',NULL,'2024-08-26 06:31:39','2024-08-26 06:31:39'),(192,'KP107','','',NULL,'2024-08-26 06:31:39','2024-08-26 06:31:39'),(193,'KP140','','',NULL,'2024-08-26 06:31:39','2024-08-26 06:31:39'),(194,'KP146','','',NULL,'2024-08-26 06:31:39','2024-08-26 06:31:39'),(195,'KP118','','',NULL,'2024-08-26 06:31:39','2024-08-26 06:31:39'),(196,'KP138','','',NULL,'2024-08-26 06:31:39','2024-08-26 06:31:39'),(197,'KP109','','',NULL,'2024-08-26 06:31:39','2024-08-26 06:31:39'),(198,'KP148','','',NULL,'2024-08-26 06:31:39','2024-08-26 06:31:39'),(199,'KP121','','',NULL,'2024-08-26 06:31:39','2024-08-26 06:31:39'),(200,'KP116','','',NULL,'2024-08-26 06:31:39','2024-08-26 06:31:39'),(201,'KP126','','',NULL,'2024-08-26 06:31:39','2024-08-26 06:31:39'),(202,'KP114','','',NULL,'2024-08-26 06:31:39','2024-08-26 06:31:39'),(203,'KP132','','',NULL,'2024-08-26 06:31:39','2024-08-26 06:31:39'),(204,'KP144','','',NULL,'2024-08-26 06:31:39','2024-08-26 06:31:39'),(205,'KP125','','',NULL,'2024-08-26 06:31:39','2024-08-26 06:31:39'),(206,'KP141','','',NULL,'2024-08-26 06:31:39','2024-08-26 06:31:39'),(207,'KP136','','',NULL,'2024-08-26 06:31:39','2024-08-26 06:31:39'),(208,'KP130','','',NULL,'2024-08-26 06:31:39','2024-08-26 06:31:39'),(209,'KP122','','',NULL,'2024-08-26 06:31:39','2024-08-26 06:31:39'),(210,'KP111','','',NULL,'2024-08-26 06:31:39','2024-08-26 06:31:39'),(211,'KP142','','',NULL,'2024-08-26 06:31:39','2024-08-26 06:31:39'),(212,'KP117','','',NULL,'2024-08-26 06:31:39','2024-08-26 06:31:39'),(213,'KP119','','',NULL,'2024-08-26 06:31:39','2024-08-26 06:31:39'),(214,'KP137','','',NULL,'2024-08-26 06:31:39','2024-08-26 06:31:39'),(215,'KP37','','',NULL,'2024-08-26 06:31:39','2024-08-26 06:31:39'),(216,'KP54','','',NULL,'2024-08-26 06:31:39','2024-08-26 06:31:39'),(217,'KP52','','',NULL,'2024-08-26 06:31:39','2024-08-26 06:31:39'),(218,'KP50','','',NULL,'2024-08-26 06:31:39','2024-08-26 06:31:39'),(219,'KP42','','',NULL,'2024-08-26 06:31:39','2024-08-26 06:31:39'),(220,'KP51','','',NULL,'2024-08-26 06:31:39','2024-08-26 06:31:39'),(221,'KP41','','',NULL,'2024-08-26 06:31:39','2024-08-26 06:31:39'),(222,'KP49','','',NULL,'2024-08-26 06:31:39','2024-08-26 06:31:39'),(223,'KP47','','',NULL,'2024-08-26 06:31:39','2024-08-26 06:31:39'),(224,'KP35','','',NULL,'2024-08-26 06:31:39','2024-08-26 06:31:39'),(225,'KP48','','',NULL,'2024-08-26 06:31:39','2024-08-26 06:31:39'),(226,'KP40','','',NULL,'2024-08-26 06:31:39','2024-08-26 06:31:39'),(227,'KP34','','',NULL,'2024-08-26 06:31:39','2024-08-26 06:31:39'),(228,'KP39','','',NULL,'2024-08-26 06:31:39','2024-08-26 06:31:39'),(229,'KP38','','',NULL,'2024-08-26 06:31:39','2024-08-26 06:31:39'),(230,'KP44','','',NULL,'2024-08-26 06:31:39','2024-08-26 06:31:39'),(231,'KP45','','',NULL,'2024-08-26 06:31:39','2024-08-26 06:31:39'),(232,'KP32','','',NULL,'2024-08-26 06:31:40','2024-08-26 06:31:40'),(233,'KP33','','',NULL,'2024-08-26 06:31:40','2024-08-26 06:31:40'),(234,'KP53','','',NULL,'2024-08-26 06:31:40','2024-08-26 06:31:40'),(235,'KP43','','',NULL,'2024-08-26 06:31:40','2024-08-26 06:31:40'),(236,'KP36','','',NULL,'2024-08-26 06:31:40','2024-08-26 06:31:40'),(237,'KP46','','',NULL,'2024-08-26 06:31:40','2024-08-26 06:31:40'),(238,'KP23','','',NULL,'2024-08-26 06:31:40','2024-08-26 06:31:40'),(239,'KP11','','',NULL,'2024-08-26 06:31:40','2024-08-26 06:31:40'),(240,'KP28','','',NULL,'2024-08-26 06:31:40','2024-08-26 06:31:40'),(241,'KP22','','',NULL,'2024-08-26 06:31:40','2024-08-26 06:31:40'),(242,'KP13','','',NULL,'2024-08-26 06:31:40','2024-08-26 06:31:40'),(243,'KP29','','',NULL,'2024-08-26 06:31:40','2024-08-26 06:31:40'),(244,'KP15','','',NULL,'2024-08-26 06:31:40','2024-08-26 06:31:40'),(245,'KP27','','',NULL,'2024-08-26 06:31:40','2024-08-26 06:31:40'),(246,'KP16','','',NULL,'2024-08-26 06:31:40','2024-08-26 06:31:40'),(247,'KP26','','',NULL,'2024-08-26 06:31:40','2024-08-26 06:31:40'),(248,'KP18','','',NULL,'2024-08-26 06:31:40','2024-08-26 06:31:40'),(249,'KP17','','',NULL,'2024-08-26 06:31:40','2024-08-26 06:31:40'),(250,'KP21','','',NULL,'2024-08-26 06:31:40','2024-08-26 06:31:40'),(251,'KP24','','',NULL,'2024-08-26 06:31:40','2024-08-26 06:31:40'),(252,'KP12','','',NULL,'2024-08-26 06:31:40','2024-08-26 06:31:40'),(253,'KP25','','',NULL,'2024-08-26 06:31:40','2024-08-26 06:31:40'),(254,'KP14','','',NULL,'2024-08-26 06:31:40','2024-08-26 06:31:40'),(255,'KP19','','',NULL,'2024-08-26 06:31:40','2024-08-26 06:31:40'),(256,'KP20','','',NULL,'2024-08-26 06:31:40','2024-08-26 06:31:40'),(257,'KDD7','','',NULL,'2024-08-26 06:40:27','2024-08-26 06:40:27'),(258,'KDD8','','',NULL,'2024-08-26 06:40:27','2024-08-26 06:40:27'),(259,'KDD9','','',NULL,'2024-08-26 06:40:27','2024-08-26 06:40:27'),(260,'KDD10','','',NULL,'2024-08-26 06:40:27','2024-08-26 06:40:27'),(261,'KDD11','','',NULL,'2024-08-26 06:40:27','2024-08-26 06:40:27'),(262,'KDD12','','',NULL,'2024-08-26 06:40:27','2024-08-26 06:40:27'),(263,'KDD13','','',NULL,'2024-08-26 06:46:31','2024-08-26 06:46:31'),(264,'KDD14','','',NULL,'2024-08-26 06:46:31','2024-08-26 06:46:31');


