--
-- Host: localhost    Database: posttoday_buzz
-- ------------------------------------------------------


--
-- Table structure for table `advertises`
--

CREATE TABLE `advertises` (
  `id` bigint unsigned NOT NULL AUTO_INCREMENT,
  `name` varchar(255) CHARACTER SET utf8mb4 COLLATE utf8mb4_unicode_ci NOT NULL,
  `feature_image` varchar(255) CHARACTER SET utf8mb4 COLLATE utf8mb4_unicode_ci NOT NULL,
  `url` varchar(255) CHARACTER SET utf8mb4 COLLATE utf8mb4_unicode_ci NOT NULL,
  `order` varchar(255) CHARACTER SET utf8mb4 COLLATE utf8mb4_unicode_ci NOT NULL,
  `deleted_at` timestamp NULL DEFAULT NULL,
  `created_at` timestamp NULL DEFAULT NULL,
  `updated_at` timestamp NULL DEFAULT NULL,
  PRIMARY KEY (`id`)
) ENGINE=InnoDB DEFAULT CHARSET=utf8mb4 COLLATE=utf8mb4_unicode_ci;

--
-- Dumping data for table `advertises`
--


--
-- Table structure for table `categories`
--

CREATE TABLE `categories` (
  `id` bigint unsigned NOT NULL AUTO_INCREMENT,
  `name` varchar(255) CHARACTER SET utf8mb4 COLLATE utf8mb4_unicode_ci NOT NULL,
  `feature` tinyint(1) DEFAULT NULL,
  `order` bigint unsigned DEFAULT NULL,
  `slug_category` varchar(255) CHARACTER SET utf8mb4 COLLATE utf8mb4_unicode_ci NOT NULL,
  `deleted_at` timestamp NULL DEFAULT NULL,
  `created_at` timestamp NULL DEFAULT NULL,
  `updated_at` timestamp NULL DEFAULT NULL,
  `is_active` tinyint(1) NOT NULL DEFAULT '1',
  PRIMARY KEY (`id`)
) ENGINE=InnoDB AUTO_INCREMENT=10 DEFAULT CHARSET=utf8mb4 COLLATE=utf8mb4_unicode_ci;

--
-- Dumping data for table `categories`
--

INSERT INTO `categories` VALUES (1,'កម្សាន្ត',NULL,2,'entertainment',NULL,'2024-02-26 09:19:26','2024-07-03 16:19:44',1),(2,'បច្ចេកវិទ្យា',NULL,4,'technology',NULL,'2024-02-26 09:21:59','2024-07-03 17:11:16',1),(3,'ជីវិតនិងសង្គម',NULL,1,'life-social',NULL,'2024-02-26 09:23:31','2024-07-03 11:00:13',1),(4,'កីឡា',NULL,7,'sport',NULL,'2024-02-26 09:24:27','2024-07-03 17:12:43',1),(6,'ចំណេះដឹងទូទៅ',NULL,3,'general-knowladege',NULL,'2024-03-22 15:05:00','2024-07-03 16:19:52',1),(7,'ព័ត៌មានសុខភាព',NULL,5,'healthy',NULL,'2024-07-02 22:26:13','2024-07-03 17:11:35',1),(8,'សេដ្ឋកិច្ច',NULL,6,'economic',NULL,'2024-07-03 10:39:55','2024-07-23 14:07:42',1),(9,'ពីនេះពីនោះ',NULL,6,'ពីនេះពីនោះ',NULL,'2024-07-03 16:23:27','2024-07-14 17:06:11',0);

--
-- Table structure for table `failed_jobs`
--

CREATE TABLE `failed_jobs` (
  `id` bigint unsigned NOT NULL AUTO_INCREMENT,
  `uuid` varchar(255) CHARACTER SET utf8mb4 COLLATE utf8mb4_unicode_ci NOT NULL,
  `connection` text CHARACTER SET utf8mb4 COLLATE utf8mb4_unicode_ci NOT NULL,
  `queue` text CHARACTER SET utf8mb4 COLLATE utf8mb4_unicode_ci NOT NULL,
  `payload` longtext CHARACTER SET utf8mb4 COLLATE utf8mb4_unicode_ci NOT NULL,
  `exception` longtext CHARACTER SET utf8mb4 COLLATE utf8mb4_unicode_ci NOT NULL,
  `failed_at` timestamp NOT NULL DEFAULT CURRENT_TIMESTAMP,
  PRIMARY KEY (`id`),
  UNIQUE KEY `failed_jobs_uuid_unique` (`uuid`)
) ENGINE=InnoDB DEFAULT CHARSET=utf8mb4 COLLATE=utf8mb4_unicode_ci;

--
-- Dumping data for table `failed_jobs`
--


--
-- Table structure for table `migrations`
--

CREATE TABLE `migrations` (
  `id` int unsigned NOT NULL AUTO_INCREMENT,
  `migration` varchar(255) CHARACTER SET utf8mb4 COLLATE utf8mb4_unicode_ci NOT NULL,
  `batch` int NOT NULL,
  PRIMARY KEY (`id`)
) ENGINE=InnoDB AUTO_INCREMENT=12 DEFAULT CHARSET=utf8mb4 COLLATE=utf8mb4_unicode_ci;

--
-- Dumping data for table `migrations`
--

INSERT INTO `migrations` VALUES (1,'2014_10_12_000000_create_users_table',1),(2,'2014_10_12_100000_create_password_resets_table',1),(3,'2019_08_19_000000_create_failed_jobs_table',1),(4,'2019_12_14_000001_create_personal_access_tokens_table',1),(5,'2022_04_15_130146_create_permission_tables',1),(6,'2023_11_29_154853_create_categories_table',1),(7,'2023_11_29_160212_create_post_categories_table',1),(8,'2023_11_29_161219_create_posts_table',1),(9,'2023_11_30_125832_create_pages_table',1),(10,'2023_11_30_164756_create_advertises_table',1),(11,'2023_12_01_054841_add_is_active_to_category_tbl',1);

--
-- Table structure for table `model_has_permissions`
--

CREATE TABLE `model_has_permissions` (
  `permission_id` bigint unsigned NOT NULL,
  `model_type` varchar(255) CHARACTER SET utf8mb4 COLLATE utf8mb4_unicode_ci NOT NULL,
  `model_id` bigint unsigned NOT NULL,
  PRIMARY KEY (`permission_id`,`model_id`,`model_type`),
  KEY `model_has_permissions_model_id_model_type_index` (`model_id`,`model_type`),
  CONSTRAINT `model_has_permissions_permission_id_foreign` FOREIGN KEY (`permission_id`) REFERENCES `permissions` (`id`) ON DELETE CASCADE
) ENGINE=InnoDB DEFAULT CHARSET=utf8mb4 COLLATE=utf8mb4_unicode_ci;

--
-- Dumping data for table `model_has_permissions`
--


--
-- Table structure for table `model_has_roles`
--

CREATE TABLE `model_has_roles` (
  `role_id` bigint unsigned NOT NULL,
  `model_type` varchar(255) CHARACTER SET utf8mb4 COLLATE utf8mb4_unicode_ci NOT NULL,
  `model_id` bigint unsigned NOT NULL,
  PRIMARY KEY (`role_id`,`model_id`,`model_type`),
  KEY `model_has_roles_model_id_model_type_index` (`model_id`,`model_type`),
  CONSTRAINT `model_has_roles_role_id_foreign` FOREIGN KEY (`role_id`) REFERENCES `roles` (`id`) ON DELETE CASCADE
) ENGINE=InnoDB DEFAULT CHARSET=utf8mb4 COLLATE=utf8mb4_unicode_ci;

--
-- Dumping data for table `model_has_roles`
--

INSERT INTO `model_has_roles` VALUES (2,'App\\Models\\User',2),(3,'App\\Models\\User',3),(4,'App\\Models\\User',4),(5,'App\\Models\\User',5),(5,'App\\Models\\User',6);

--
-- Table structure for table `pages`
--

CREATE TABLE `pages` (
  `id` bigint unsigned NOT NULL AUTO_INCREMENT,
  `name` varchar(255) CHARACTER SET utf8mb4 COLLATE utf8mb4_unicode_ci NOT NULL,
  `description` text CHARACTER SET utf8mb4 COLLATE utf8mb4_unicode_ci,
  `page_slug` varchar(255) CHARACTER SET utf8mb4 COLLATE utf8mb4_unicode_ci NOT NULL,
  `deleted_at` timestamp NULL DEFAULT NULL,
  `created_at` timestamp NULL DEFAULT NULL,
  `updated_at` timestamp NULL DEFAULT NULL,
  PRIMARY KEY (`id`)
) ENGINE=InnoDB DEFAULT CHARSET=utf8mb4 COLLATE=utf8mb4_unicode_ci;

--
-- Dumping data for table `pages`
--


--
-- Table structure for table `permissions`
--

CREATE TABLE `permissions` (
  `id` bigint unsigned NOT NULL AUTO_INCREMENT,
  `name` varchar(255) CHARACTER SET utf8mb4 COLLATE utf8mb4_unicode_ci NOT NULL,
  `guard_name` varchar(255) CHARACTER SET utf8mb4 COLLATE utf8mb4_unicode_ci NOT NULL,
  `created_at` timestamp NULL DEFAULT NULL,
  `updated_at` timestamp NULL DEFAULT NULL,
  PRIMARY KEY (`id`),
  UNIQUE KEY `permissions_name_guard_name_unique` (`name`,`guard_name`)
) ENGINE=InnoDB AUTO_INCREMENT=9 DEFAULT CHARSET=utf8mb4 COLLATE=utf8mb4_unicode_ci;

--
-- Dumping data for table `permissions`
--

INSERT INTO `permissions` VALUES (1,'role-list','web','2024-06-10 08:46:36','2024-06-10 08:46:36'),(2,'role-create','web','2024-06-10 08:46:36','2024-06-10 08:46:36'),(3,'role-edit','web','2024-06-10 08:46:36','2024-06-10 08:46:36'),(4,'role-delete','web','2024-06-10 08:46:36','2024-06-10 08:46:36'),(5,'user-list','web','2024-06-10 08:46:36','2024-06-10 08:46:36'),(6,'user-create','web','2024-06-10 08:46:36','2024-06-10 08:46:36'),(7,'user-edit','web','2024-06-10 08:46:36','2024-06-10 08:46:36'),(8,'user-delete','web','2024-06-10 08:46:36','2024-06-10 08:46:36');

--
-- Table structure for table `post_categories`
--

CREATE TABLE `post_categories` (
  `id` bigint unsigned NOT NULL AUTO_INCREMENT,
  `post_id` bigint unsigned DEFAULT NULL,
  `category_id` bigint unsigned DEFAULT NULL,
  `created_at` timestamp NULL DEFAULT NULL,
  `updated_at` timestamp NULL DEFAULT NULL,
  PRIMARY KEY (`id`)
) ENGINE=InnoDB AUTO_INCREMENT=73 DEFAULT CHARSET=utf8mb4 COLLATE=utf8mb4_unicode_ci;

--
-- Dumping data for table `post_categories`
--

INSERT INTO `post_categories` VALUES (1,1,1,'2024-02-26 09:29:29','2024-02-26 09:29:29'),(2,2,2,'2024-02-26 09:34:35','2024-02-26 09:34:35'),(3,3,3,'2024-02-26 09:39:07','2024-02-26 09:39:07'),(4,4,4,'2024-02-26 09:41:47','2024-02-26 09:41:47'),(5,5,5,'2024-02-26 09:49:10','2024-02-26 09:49:10'),(7,6,3,'2024-03-21 16:22:03','2024-03-21 16:22:03'),(9,7,3,'2024-03-22 08:18:36','2024-03-22 08:18:36'),(10,8,3,'2024-03-22 08:21:39','2024-03-22 08:21:39'),(11,9,2,'2024-03-22 08:28:27','2024-03-22 08:28:27'),(12,10,2,'2024-03-22 08:31:41','2024-03-22 08:31:41'),(13,11,2,'2024-03-22 08:37:17','2024-03-22 08:37:17'),(14,12,3,'2024-03-22 09:04:46','2024-03-22 09:04:46'),(15,13,3,'2024-03-22 09:59:42','2024-03-22 09:59:42'),(16,14,1,'2024-03-22 11:27:04','2024-03-22 11:27:04'),(17,15,4,'2024-03-22 11:34:03','2024-03-22 11:34:03'),(18,16,4,'2024-03-22 11:42:36','2024-03-22 11:42:36'),(19,17,6,'2024-03-22 15:11:01','2024-03-22 15:11:01'),(20,18,6,'2024-03-22 15:44:52','2024-03-22 15:44:52'),(21,19,1,'2024-03-24 08:24:29','2024-03-24 08:24:29'),(22,20,3,'2024-03-24 08:30:31','2024-03-24 08:30:31'),(23,21,2,'2024-03-24 08:37:30','2024-03-24 08:37:30'),(24,22,6,'2024-03-24 08:47:43','2024-03-24 08:47:43'),(25,23,4,'2024-03-24 08:54:09','2024-03-24 08:54:09'),(26,24,3,'2024-03-26 10:44:52','2024-03-26 10:44:52'),(27,25,6,'2024-07-03 10:16:02','2024-07-03 10:16:02'),(28,26,6,'2024-07-03 10:22:47','2024-07-03 10:22:47'),(29,27,4,'2024-07-03 10:33:53','2024-07-03 10:33:53'),(31,28,8,'2024-07-03 10:42:29','2024-07-03 10:42:29'),(32,29,8,'2024-07-03 10:46:55','2024-07-03 10:46:55'),(33,30,8,'2024-07-03 10:50:31','2024-07-03 10:50:31'),(34,31,8,'2024-07-03 10:58:31','2024-07-03 10:58:31'),(36,32,1,'2024-07-03 11:04:08','2024-07-03 11:04:08'),(37,33,1,'2024-07-03 11:07:13','2024-07-03 11:07:13'),(38,34,3,'2024-07-03 11:15:27','2024-07-03 11:15:27'),(39,35,3,'2024-07-03 11:26:29','2024-07-03 11:26:29'),(40,36,3,'2024-07-03 11:30:40','2024-07-03 11:30:40'),(41,37,4,'2024-07-03 11:34:07','2024-07-03 11:34:07'),(42,38,3,'2024-07-03 11:38:21','2024-07-03 11:38:21'),(43,39,1,'2024-07-03 11:44:11','2024-07-03 11:44:11'),(44,40,3,'2024-07-03 16:57:11','2024-07-03 16:57:11'),(45,41,7,'2024-07-03 17:04:20','2024-07-03 17:04:20'),(46,42,7,'2024-07-03 17:09:01','2024-07-03 17:09:01'),(47,43,4,'2024-07-03 17:18:37','2024-07-03 17:18:37'),(48,43,7,'2024-07-03 17:18:37','2024-07-03 17:18:37'),(49,44,2,'2024-07-03 17:22:46','2024-07-03 17:22:46'),(50,45,2,'2024-07-03 17:25:40','2024-07-03 17:25:40'),(51,46,7,'2024-07-04 09:50:07','2024-07-04 09:50:07'),(53,47,3,'2024-07-04 09:52:29','2024-07-04 09:52:29'),(54,48,2,'2024-07-04 10:07:42','2024-07-04 10:07:42'),(55,49,4,'2024-07-04 10:11:27','2024-07-04 10:11:27'),(56,50,7,'2024-07-04 10:15:03','2024-07-04 10:15:03'),(57,51,7,'2024-07-04 10:19:24','2024-07-04 10:19:24'),(58,52,1,'2024-07-04 18:04:53','2024-07-04 18:04:53'),(59,53,1,'2024-07-07 21:21:58','2024-07-07 21:21:58'),(60,54,2,'2024-07-07 21:28:29','2024-07-07 21:28:29'),(61,55,2,'2024-07-07 21:32:31','2024-07-07 21:32:31'),(62,56,7,'2024-07-09 08:37:58','2024-07-09 08:37:58'),(63,57,3,'2024-07-09 20:32:44','2024-07-09 20:32:44'),(64,58,3,'2024-07-09 20:35:46','2024-07-09 20:35:46'),(65,59,2,'2024-07-09 20:41:24','2024-07-09 20:41:24'),(66,60,1,'2024-07-09 20:50:26','2024-07-09 20:50:26'),(67,61,3,'2024-07-09 20:59:58','2024-07-09 20:59:58'),(68,62,3,'2024-07-14 16:56:26','2024-07-14 16:56:26'),(69,63,1,'2024-07-15 18:54:04','2024-07-15 18:54:04'),(70,63,3,'2024-07-15 18:54:04','2024-07-15 18:54:04'),(71,64,2,'2024-07-22 11:10:15','2024-07-22 11:10:15'),(72,65,3,'2024-07-24 00:23:35','2024-07-24 00:23:35');

--
-- Table structure for table `posts`
--

CREATE TABLE `posts` (
  `id` bigint unsigned NOT NULL AUTO_INCREMENT,
  `title` varchar(255) CHARACTER SET utf8mb4 COLLATE utf8mb4_unicode_ci NOT NULL,
  `feature_image` varchar(255) CHARACTER SET utf8mb4 COLLATE utf8mb4_unicode_ci NOT NULL,
  `description` text CHARACTER SET utf8mb4 COLLATE utf8mb4_unicode_ci,
  `user_id` bigint unsigned DEFAULT NULL,
  `view` int NOT NULL DEFAULT '0',
  `deleted_at` timestamp NULL DEFAULT NULL,
  `created_at` timestamp NULL DEFAULT NULL,
  `updated_at` timestamp NULL DEFAULT NULL,
  PRIMARY KEY (`id`)
) ENGINE=InnoDB AUTO_INCREMENT=66 DEFAULT CHARSET=utf8mb4 COLLATE=utf8mb4_unicode_ci;

--
-- Dumping data for table `posts`
--

INSERT INTO `posts` VALUES (1,'បវរកញ្ញាជើងខ្លាំង ឌី បញ្ញាវិមាលា សុខចិត្តលះបង់ការងារសិល្បៈទាំងស្រុង ផ្តោតលើមកុដ MGC 2024','images/post_image/1791953227542734.jpg','<p>តាមអ្វីដែលបានគ្រោងទុក បវរកញ្ញាវ័យ១៨ឆ្នាំ ឌី បញ្ញាវិមាលា ពិតជាដណ្តើមបានភាពជោគជ័យក្នុងការប្រកួតថ្នាក់ខេត្ត ក្លាយជារាជនីសម្រស់ប្រចាំខេត្តសៀមរាប ឆ្ពោះទៅចូលរួមការប្រកួតថ្នាក់ជាតិ Miss Grand Cambodia 2024 ខាងមុខនេះ។</p><figure class=\"image\"><img src=\"http://localhost:8001/media/image_1708939636.png\"></figure><p>ផ្តល់បទសម្ភាសន៍ជាមួយអ្នកសារព័ត៌មានសិល្បៈក្នុងស្រុកកាលពីពេលថ្មីៗ មាលា ថា នាងមានការប្តេជ្ញាចិត្តខ្ពស់ក្នុងការដណ្តើមយកមកុដ Miss Grand Cambodia 2024 ដើម្បីមានឱកាសតំណាងប្រទេសកម្ពុជាទៅចូលរួមការប្រកួតអន្តរជាតិ ដែលគ្រោងនឹងប្រព្រឹត្តឡើងនៅប្រទេសមីយ៉ាន់ម៉ា។ សព្វថ្ងៃនេះ នាងកំពុងប្រឹងហ្វឹកហាត់ពង្រឹងសមត្ថភាពគ្រប់យ៉ាង និងត្រៀមឱ្យព្រមសម្រាប់ការប្រកួត តែដោយសារបេក្ខភាពឆ្នាំនេះមើលទៅទំនងសុទ្ធសឹងតែជាជើងខ្លាំង ដូច្នេះ ទើបនាងស្រេចចិត្តផ្អាកមិនទទួលការងារសិល្បៈគ្រប់យ៉ាងទាំងអស់ ដើម្បីយកពេលផ្តោតលើការប្រកួត Miss Grand Cambodia 2024។ មាលា៖ «មានខាងបងៗ client ផ្សេងៗបានទាក់ទងមកខ្ញុំច្រើនមែនទែន តែខ្ញុំអត់ទាន់ ព្រោះឥឡូវខ្ញុំស្ថិតនៅក្នុងការត្រៀមខ្លួនប្រកួតនៅឡើយ អីចឹងខ្ញុំយកពេលទាំងអស់ហ្នឹងមកហ្វឹកហាត់ការប្រកួតរបស់ខ្ញុំសិន។ .... សូមប្តេជ្ញាចិត្តថា នាងខ្ញុំនិងខិតខំប្រឹងប្រែងឱ្យអស់ពីសមត្ថភាពសម្រាប់ការដណ្តើមយកមកុដ Miss Grand Cambodia ខាងមុខនេះ»។</p><figure class=\"image\"><img src=\"http://localhost:8001/media/image_1708939666.png\"></figure><p>បវរកញ្ញាជើងខ្លាំងរូបនេះសង្ឃឹមថា នាងនឹងអាចសម្រេចក្តីស្រមៃដ៏ធំរបស់ខ្លួនឯង ក្លាយជាម្ចាស់មកុដ Miss Grand Cambodia 2024។</p><p>គួររំឮកផងដែរថា នេះមិនមែនជាវេទិកាសម្រស់ដំបូងរបស់បវរកញ្ញាវ័យក្មេងពោរពេញដោយសមត្ថភាពរូបនេះទេ ព្រោះនាងធ្លាប់ចូលរួមប្រកួត Miss Teen Cambodia ម្តងរួចហើយ កាលពីនាងអាយុ ១៤ឆ្នាំ តែដោយសារចិត្តស្រលាញ់វិស័យបវរកញ្ញា និងមហិច្ឆតាផងនោះ ធ្វើឱ្យក្មេងស្រីរូបនេះមានចិត្តមុះមុតក្នុងការដណ្តើមយកមកុដ Miss Grand សៀមរាប ត្រៀមចូលរួមប្រកួតថ្នាក់ជាតិ នាអំឡុងខែមិថុនា ឆ្នាំ២០២៤ ខាងមុខ!</p>',2,7,'2024-07-02 22:22:14','2024-02-26 09:29:29','2024-07-02 22:22:14'),(2,'កំពូលភីកអាប់ RAM 1500 ស៊េរី ២០២៥ ទម្លាក់​ម៉ាស៊ីន V8 ចោល​ហើយ មកបំពាក់​ម៉ាស៊ីន I6 វិញ','images/post_image/1791953546689586.jpg','<p>រថយន្ត RAM 1500 ត្រូវបាន​បញ្ចេញ​ស៊េរីថ្មីឆ្នាំ​២០២៥ហើយ ដោយ​រូបរាង​របស់វា​មិនមាន​ការផ្លាស់ប្តូរអ្វីគួរឱ្យកត់​សម្គាល់ទេ ប៉ុន្តែ​អ្វីដែលគួរឱ្យចាប់អារម្មណ៍បំផុតនោះ គឺវាត្រូវបង្ខំចិត្តទម្លាក់ម៉ាស៊ីន V8 មកបំពាក់​ត្រឹមម៉ាស៊ីនរៀបជាអក្សរ I គឺ​ម៉ាស៊ីន I6 twin-turbocharged ចំណុះ ៣,០លីត្រ។</p><figure class=\"image\"><img src=\"http://localhost:8001/media/image_1708939932.png\"></figure><p>យ៉ាងណាមិញ ថ្វីបើវាប្រើម៉ាស៊ីនតូចជាងមុនមែន ប៉ុន្តែដោយសារតែវា​បានបំពាក់​ជាមួយ​បច្ចេកវិទ្យាទាក់បូភ្លោះ គឺ​វាបាន​បង្កើតកម្លាំងសេះខ្លាំងជាងមុនរហូតដល់ ៥៤០សេះ និង​កម្លាំងរមួល ៧០៦ញូតុនម៉ែត្រ ដំណើរការ​ជាមួយ​ប្រអប់លេខ​អូតូ Torqueflite 8HP75។ មិនតែប៉ុណ្ណោះ វា​ក៏ជួយដល់​ការសន្សំសំចៃ​ប្រេងផងដែរ ស៊ីប្រហែល ៩,៨លីត្រ/១០០គីឡូម៉ែត្រ លើផ្លូវក្រៅក្រុង។</p><p>&nbsp;</p><p>កំពូលរថយន្តភីកអាប់ នេះ មកជាមួយ​ two speed transfer case និង Mode ដូចជា 4WD Auto, 4WD Low, Neutral និង Locked។ គ្រែដឹករបស់វា​អាចផ្ទុកឥវ៉ាន់ដល់ ១តោនឯណោះ។</p><figure class=\"image\"><img src=\"http://localhost:8001/media/image_1708939971.png\"></figure><p>ផ្នែកខាងក្នុង​របស់​រថយន្ត RAM 1500 Tungsten នេះ បំពាក់​ប្រព័ន្ធកម្សាន្ត touchscreen ចំនួនដែលមានទំហំ ១៤,៥អ៊ីញ និង​ ១០,៥អ៊ីញ ព្រមទាំង​កុងទ័រឌីជីថល ១២,៣អ៊ីញ និង​អេក្រង់ HUD ផងដែរ ខណៈ Speaker ២៣គ្រាប់​ម៉ាក Klipsch Reference៕</p><figure class=\"image\"><img src=\"http://localhost:8001/media/image_1708940009.png\"></figure><p>&nbsp;</p>',2,7,'2024-07-02 22:23:07','2024-02-26 09:34:35','2024-07-02 22:23:07'),(3,'ពិធីសម្ពោធជាផ្លូវការធនាគារពាណិជ្ជថ្មី «ធនាគារ ខេប៊ីប្រាសាក់ ម.ក»','images/post_image/1791953832971068.png','<p><strong>ធនាគារ ខេប៊ីប្រាសាក់ ម.ក</strong> ដែលជាធនាគារពាណិជ្ជថ្មីមួយនៅកម្ពុជា ប្រសូតឡើងពីការរួមបញ្ចូលគ្នារវាងធនាគារ <strong>គូកមីន កម្ពុជា</strong> និង គ្រឹះស្ថានមីក្រូហិរញ្ញវត្ថុ <strong>ប្រាសាក់</strong> ត្រូវបានសម្ពោធជាផ្លូវការ កាលពីថ្ងៃទី 23 ខែកុម្ភៈ ឆ្នាំ 2024 ក្រោមអធិបតីភាពដ៏ខ្ពង់ខ្ពស់របស់ លោកជំទាវ បណ្ឌិត <strong>ជា សិរី</strong> អគ្គទេសាភិបាល ធនាគារជាតិនៃកម្ពុជា ដែលជាសក្ខីភាពនៃការប្តេជ្ញាចិត្តរបស់ធនាគារក្នុងការធ្វើជាដៃគូហិរញ្ញវត្ថុពេញមួយជីវិតរបស់គ្រប់អតិថិជន។</p><figure class=\"image\"><img src=\"http://localhost:8001/media/image_1708940222.png\"></figure><p>នៅក្នុងឱកាសនោះ លោកជំទាវ បណ្ឌិត <strong>ជា សិរី</strong> បានអបអរសាទរចំពោះការរួមបញ្ចូលគ្នារវាងគ្រឹះស្ថានទាំងពីរ បង្កើតជាធនាគារពាណិជ្ជថ្មីមួយដ៏ធំ ដោយមានប្រសាសន៍សង្កត់ធ្ងន់លើសារៈសំខាន់នៃការរួមបញ្ចូលគ្នា ដែលនឹងជួយពង្រឹងស្ថិរភាពនិងភាពធន់របស់គ្រឹះស្ថាន តាមរយៈការកើនឡើងនូវទ្រព្យសកម្មនិងប្រាក់បញ្ញើ ការបង្កើនលទ្ធភាពទទួលបានប្រភពហិរញ្ញវត្ថុដែលមានភាពងាយស្រួលនិងចម្រុះជាងមុន ការកាត់បន្ថយចំណាយ ការពង្រីកទីផ្សារ និងពិពិធកម្មផលិតផលនិងសេវាកាន់តែសម្បូរបែបសម្រាប់អតិថិជន ជាពិសេសសម្រាប់សហគ្រាសធុនតូច និងមធ្យម ដែលការណ៍នេះនឹងគាំទ្រដល់កំណើនបរិយាបន្នហិរញ្ញវត្ថុនៅកម្ពុជាផងដែរ។</p><p>&nbsp;</p><p>លោកជំទាវ បណ្ឌិត ក៏បានលើកទឹកចិត្តដល់ ធនាគារ ខេប៊ីប្រាសាក់ <strong>1).</strong> បន្តនូវស្មារតីរួមចំណែកគាំទ្រ និងអភិវឌ្ឍសហគមន៍ ព្រមទាំងបន្តជំរុញបរិយាបន្នហិរញ្ញវត្ថុបន្ថែមទៀត ជាពិសេសការធ្វើនវានុវត្ដន៍សេវាហិរញ្ញវត្ថុសម្រាប់សហគ្រាសធុនតូចនិងមធ្យម <strong>2).</strong> បន្តយកចិត្តទុកដាក់លើកិច្ចការពារអតិថិជន និងតម្លាភាពក្នុងការផ្ដល់សេវាហិរញ្ញវត្ថុ ក៏ដូចជាការលើកកម្ពស់ចំណេះដឹងផ្នែកហិរញ្ញវត្ថុក្នុងសង្គម <strong>3).</strong> ផ្ដល់ជូនអតិថិជននូវកម្ចីជាមួយអត្រាសមរម្យ និង <strong>4).</strong> ជំរុញការទទួលបានហិរញ្ញប្បទានរបស់ស្ត្រី និងឥណទានបៃតង ស្របតាមតម្រូវការរបស់អតិថិជន។</p><p>&nbsp;</p><p>ថ្លែងក្នុងពិធីនេះ លោក <strong>Yang Jong Hee</strong> ប្រធាននាយកប្រតិបត្តិ <strong>KB Financial Group Inc.</strong> បានលើកឡើងពីសារៈសំខាន់នៃការពង្រឹងទំនាក់ទំនងរវាងប្រទេសកូរ៉េ និងកម្ពុជា ក្នុងភាពជាដៃគូសេដ្ឋកិច្ច ក្នុងរយៈកាលជាង <strong>25</strong> ឆ្នាំមកនេះ ដែលសម្រេចបានផ្លែផ្កាជាកិច្ចព្រមព្រៀងពាណិជ្ជកម្មសេរី (FTA) នៅឆ្នាំ <strong>2022</strong> ការកើនឡើងនៃការវិនិយោគ ឱកាសការងារសម្រាប់ប្រជាពលរដ្ឋកម្ពុជា និងការពង្រឹងធនធានមនុស្សតាមរយៈការទទួលនិស្សិតឱ្យទៅធ្វើការ និងសិក្សានៅប្រទេសកូរ៉េ។</p><figure class=\"image\"><img src=\"http://localhost:8001/media/image_1708940253.png\"></figure><p>លោកបានបន្ថែមថា ស្របតាមយុទ្ធសាស្ត្រពង្រីកទីផ្សារនៅក្រៅប្រទេស និងដោយមើលឃើញពីសក្ដានុពលនៃកំណើនសេដ្ឋកិច្ចយ៉ាងឆាប់រហ័សរបស់កម្ពុជា, <strong>KB Financial Group</strong> បានឈានជើងចូលទីផ្សារកម្ពុជាដោយបានបង្កើត ធនាគារ <strong>គូកមីន កម្ពុជា (Kookmin Bank Cambodia)</strong> ក្នុងឆ្នាំ <strong>2009</strong> និងធនាគារឯកទេស <strong>ខេប៊ី ដេហាន (KDSB)</strong> នៅឆ្នាំ <strong>2018</strong> បន្ទាប់មកនៅឆ្នាំ <strong>2021 KB Financial Group</strong> ក៏បានទទួល គ្រឹះស្ថានមីក្រូហិរញ្ញវត្ថុប្រាសាក់ ជាសមាជិកថ្មីរបស់ខ្លួន។ ហើយនៅក្នុងខែសីហា ឆ្នាំ <strong>2023</strong> ធនាគារ <strong>គូកមីន កម្ពុជា</strong> និង <strong>គ្រឹះស្ថានមីក្រូហិរញ្ញវត្ថុប្រាសាក់</strong> បានរួមបញ្ចូលគ្នាជាធនាគារពាណិជ្ជក្រោមឈ្មោះថ្មីថា <strong>«ធនាគារ ខេប៊ីប្រាសាក់ ម.ក»</strong> ដែលនាំឱ្យមានពិធីសម្ពោធជាផ្លូវការនៅថ្ងៃនេះ។</p><p>លោក <strong>Yang</strong> បានបន្តទៀតថា <strong>KB Financial Group,</strong> ជាបណ្តុំក្រុមហ៊ុនហិរញ្ញវត្ថុលំដាប់លេខមួយនៅប្រទេសកូរ៉េ ចំណែកឯ ធនាគារ គូកមីន ក៏ជាធនាគារពាណិជ្ជធំជាងគេនៅកូរ៉េដែរ, គឺជាក្រុមហ៊ុនមេរបស់ ធនាគារ ខេប៊ីប្រាសាក់ ដែលនឹងនាំយកនូវបទពិសោធន៍ធនាគារ បច្ចេកវិទ្យាព័ត៌មាន សមត្ថភាពផ្នែកឌីជីថល និងការគាំទ្រផ្នែកហិរញ្ញវត្ថុសម្រាប់ប្រជាជនកម្ពុជា តាមរយៈធនាគាររួមបញ្ចូលគ្នានេះ។</p><p>ធនាគារ <strong>ខេប៊ីប្រាសាក់</strong> មិនត្រឹមតែផ្តល់សេវាធនាគារប៉ុណ្ណោះទេ តែក៏ជួយដល់រាល់ការផ្តល់ការប្រឹក្សា និងការសម្រេចចិត្តផ្នែកហិរញ្ញវត្ថុជូនដល់អតិថិជនផងដែរ។ លោក <strong>Yang</strong> បានបន្ថែមថា៖ <strong>«អតិថិជនរបស់យើង គឺតែងតែជាអាទិភាពទីមួយ ហើយ ធនាគារ ខេប៊ីប្រាសាក់ នឹងផ្តល់ជូនសេវាហិញ្ញវត្ថុដ៏ប្រសើរដែលសមស្រប និងត្រូវតាមដំណើរជីវិតរបស់អតិថិជន និងប្រាថ្នាក្លាយជាដៃគូហិរញ្ញវត្ថុដែលជាទីទុកចិត្តពេញមួយជីវិតរបស់អតិថិជន»។</strong></p><p>ជាមួយគ្នានេះដែរ លោក <strong>អ៊ុំ សមអឿន</strong> ប្រធាននាយកប្រតិបត្តិ ធនាគារ ខេប៊ីប្រាសាក់ បានសម្តែងនូវក្តីសោមនស្សរីករាយចំពោះដំណើរឆ្ពោះទៅមុខនេះ ដោយមានប្រសាសន៍ថា៖ <strong>«យើងខ្ញុំមានសេចក្តីរំភើបយ៉ាងក្រៃលែង ដោយបានរួមបញ្ចូលគ្នាតែមួយ ជា ធនាគារ ខេប៊ីប្រាសាក់ ដែលជួយឱ្យយើងនឹងកាន់តែរឹងមាំដើម្បីបន្តបំពេញនូវបេសកកម្មពោរពេញដោយអត្ថន័យក្នុងការជំរុញលើកកម្ពស់វិស័យហិរញ្ញវត្ថុ និងសេដ្ឋកិច្ចកម្ពុជាឱ្យរីកចម្រើន។ យើងនឹងមានលទ្ធភាពកាន់តែច្រើនជាងមុនក្នុងការផ្ដល់ជូនសេវាប្រកបដោយភាពច្នៃប្រឌិត ជូនអតិថិជនគ្រប់ជំនាន់ តាមរយៈការរួមបញ្ចូលនូវបទពិសោធន៍ ជំនាញបច្ចេកទេស និងប្រភពធនធាននានា ដើម្បីឆ្លើយតបទៅនឹងតម្រូវការរបស់អតិថិជនជាឯកត្តជន ជាក្រុមហ៊ុន និងជាសហគ្រាសធុនតូចនិងមធ្យម»។</strong></p><figure class=\"image\"><img src=\"http://localhost:8001/media/image_1708940285.png\"></figure><p>លោកបន្តថា ធនាគារ ខេប៊ីប្រាសាក់ បានប្តេជ្ញាចិត្ត និងត្រៀមខ្លួនរួចជាស្រេចក្នុងការអនុវត្តយុទ្ធសាស្ត្រស្នូលរបស់ខ្លួន ដោយផ្ដោតជាសំខាន់លើអតិថិជន ដើម្បីប្រាកដថារាល់ការសម្រេចចិត្តរបស់យើង គឺត្រូវតែចាត់ទុកផលប្រយោជន៍អតិថិជនជាធំ។ ធនាគារ ខេប៊ីប្រាសាក់ នឹងក្លាយទៅជាធនាគារសម្រាប់អតិថិជនគ្រប់ស្រទាប់វណ្ណៈ ដោយរាប់ចាប់ពីអាជីវកម្មខ្នាតតូចនៅតាមតំបន់ជនបទ រហូតដល់សហគ្រាសធំៗលំដាប់អន្តរជាតិ។ យើងក៏តាំងចិត្តយ៉ាងមុតមាំក្នុងផ្ដល់ជូននូវសេវាហិរញ្ញវត្ថុកាន់តែទូលំទូលាយសម្រាប់អតិថិជនគ្រប់ជំនាន់។</p><p>ជាចុងក្រោយ លោក <strong>អ៊ុំ សមអឿន</strong> បានគោរពថ្លែងអំណរគុណយ៉ាងជ្រាលជ្រៅជូនចំពោះ ធនាគារជាតិនៃកម្ពុជា ក្រសួងពាណិជ្ជកម្ម និយ័តករពាក់ព័ន្ធ អាជ្ញាធរដែនដី ចំពោះការផ្តល់ឱវាទ និងជាពិសេសអរគុណដល់អតិថិជនដែលតែងតែគាំទ្រ និងជ្រើសរើសយក ធនាគារ <strong>ខេប៊ីប្រាសាក់</strong> ជាដៃគូហិរញ្ញវត្ថុពេញមួយជីវិត៕</p><p>&nbsp;</p>',2,2,'2024-07-02 22:23:21','2024-02-26 09:39:07','2024-07-02 22:23:21'),(4,'លោកបណ្ឌិត អាំង សិរីពិសិដ្ឋ មិនចង់បង្ខំឲ្យកីឡាករកែទម្លាប់អាក្រក់លេងល្អិត ប៉ុន្តែចង់ឲ្យមានឆន្ទៈចូលរួមកែ','images/post_image/1791954000082847.jpg','<p>លោកបណ្ឌិត អាំង សិរីពិសិដ្ឋ អនុប្រធាននិងអគ្គលេខាធិការសហព័ន្ធកីឡាបាល់ទះកម្ពុជា ចង់ឃើញការលេងបាល់ទះក្រៅផ្លូវការមានលក្ខណៈល្អប្រសើរ ពោលកុំលេងប៉ះសេអូសចាប់បោះ កុំលេងបោកស្អិតជាប់ដៃ ព្រោះការលេងខុសក្បួនខ្នាតមិនមានផលចំណេញដល់ធនធានបាល់ទះកម្ពុជា និងមុខមាត់ប្រទេសជាតិឡើយ។</p><figure class=\"image\"><img src=\"http://localhost:8001/media/image_1708940438.png\"></figure><p>លោកបណ្ឌិត អាំង សិរីពិសិដ្ឋ បានស្នើសុំឲ្យប្រជាពលរដ្ឋខ្មែរ ប្អូនៗយុវជនបន្តវេនត្រូវមានឆន្ទៈក្នុងការកែប្រែ ហើយសហព័ន្ធកីឡាបាល់ទះកម្ពុជាក៏មិនចង់ឲ្យយុវជនយើងកែប្រែដោយការបង្ខិតបង្ខំណាមួយដែរ។ ប៉ុន្តែប្រសិនបើនៅតែមិនមានប្រសិទ្ធិភាព សហព័ន្ធនឹងចាត់វិធានការណ៍ទៅតាមផ្លូវច្បប់បានចែងស្ដីអំពីកំណែទម្រង់បាល់ទះក្រៅផ្លូវការនាពេលខាងមុខ។</p><p>&nbsp;</p><p>ទាក់ទងនឹងកង្វល់នេះទៀតសោត លោកបណ្ឌិតមានប្រសាសន៍ថា ៖«ទីមួយគឺបុគ្គលដែលមានឆន្ទៈចង់កែខ្លួនឯង ទីពីរគឺបុគ្គលហ្នឹងគាត់ស្រលាញ់បាល់ទះពិតប្រាកដ អាហ្នឹងគាត់នឹងនាំគ្នាកែពិតប្រាកដហើយ ទីបីវាត្រូវតែមានច្បាប់ ទៅតាមខ្ញុំដឹងច្បាប់របស់យើងបានទៅដល់ទីស្ដីការគណៈរដ្ឋមន្ត្រីហើយ ហើយនឹងទៅដល់រដ្ឋសភានៅក្នុងឆ្នាំហ្នឹង ខ្ញុំគ្រាន់តែប្រមើលមើលទេ។ ច្បាប់កីឡាចេញនឹងមានក្បួនខ្នាត អ៊ីចឹងតារាងបាល់តារាងអីត្រូវសុំឡាយសិន (License) សុំលិខិតអនុញ្ញាតអាជីវកម្ម។ ហើយក្នុងករណីដែលគាត់លេងអីហ្នឹង ទីមួយគឺណែនាំ ទីពីរណែនាំ ទីបីបើអត់ដល់វិធានរដ្ឋបាល អាចដកអាជ្ញាប័ណ្ណគាត់អត់អាចរកស៊ីអាចឹងបានទៀតទេ បើនិយាយគ្នាជាភាសាមិនស្ដាប់ទាល់តែបែបបទរដ្ឋបាល អាហ្នឹងអាចនាំគ្នាកែ ប៉ុន្តែយើងមិនចង់ដល់កម្រិតប៉ុណ្ណឹងទេ»។</p><p>&nbsp;</p><p>ដូចបានបញ្ជាក់នៅខាងលើត្រង់ចំណុចចុងក្រោយនេះលោកបណ្ឌិត អាំង សិរីពិសិដ្ឋ មិនចង់ឲ្យមានការប​ង្ខិតបង្ខំណាមួយចំពោះអ្នកស្នេហាវិស័យកីឡាបាល់ទះក្រៅប្រព័ន្ធក្នុងការកែទម្លាប់អាក្រក់ឡើយ ប៉ុន្តែលោកចង់ឲ្យអ្នកលេងបាល់ទះមានឆន្ទៈ និងចូលរួមដោយស្ម័គ្រចិត្តក្នុងការកែតម្រូវ ដើម្បីលើកស្ទួយវិស័យកីឡាករបាល់ទះនិងមុខមាត់ជាតិ៕</p>',2,2,'2024-07-02 22:22:50','2024-02-26 09:41:47','2024-07-02 22:22:50'),(6,'លទ្ធផលនៃទស្សនកិច្ចផ្លូវការរបស់ សម្ដេចមហាបវរធិបតី ហ៊ុន ម៉ាណែត នាយករដ្ឋមន្រ្ដីនៃព្រះរាជាណាចក្រកម្ពុជា នៅសាធារណរដ្ឋបារាំង','images/post_image/1794153509988553.jpg','<p>លទ្ធផលនៃទស្សនកិច្ចផ្លូវការរបស់ សម្ដេចមហាបវរធិបតី ហ៊ុន ម៉ាណែត នាយករដ្ឋមន្រ្ដីនៃព្រះរាជាណាចក្រកម្ពុជា នៅសាធារណរដ្ឋបារាំង&nbsp;<br><br>១. ឥស្សរជនកំពូលកម្ពុជា ៣រូប បានធ្វើទស្សនកិច្ចនៅបារាំង ក្នុងរយៈពេលតែ ១៣ខែប៉ុណ្ណោះ។<br><br>២. បារាំងប្ដេជ្ញាបន្តផ្ដល់ហិរញ្ញប្បទានសហប្រតិបត្តិការ ២១៥លានអឺរ៉ូ ដល់កម្ពុជា។<br><br>៣. បារាំងគាំទ្របេក្ខភាពកម្ពុជាជាម្ចាស់ផ្ទះកិច្ចប្រជុំកំពូលហ្វ្រង់កូហ្វូនី នៅឆ្នាំ២០២៦។<br><br>៤. សម្ដេចធិបតីបានអញ្ជើញប្រធានព្រឹទ្ធសភាបារាំង មកបំពេញទស្សនកិច្ចនៅកម្ពុជា។<br><br>៥. សម្ដេចធិបតីជាឥស្សរជនបរទេសទី១ ដែលត្រូវបានទទួលជួបជាមួយ នាយករដ្ឋមន្ត្រីបារាំង នៅឆ្នាំថ្មីនេះ។</p><figure class=\"image\"><img src=\"https://kskpost.com/media/IMG_20240120_171831_356_1705746012.jpg\"></figure><figure class=\"image\"><img src=\"https://kskpost.com/media/IMG_20240120_171831_035_1705746047.jpg\"></figure><figure class=\"image\"><img src=\"https://kskpost.com/media/IMG_20240120_171831_339_1705746090.jpg\"></figure>',2,4,'2024-07-02 22:23:26','2024-03-21 16:22:03','2024-07-02 22:23:26'),(7,'ដ្បិតអត្រាអត់ការងារធ្វើកើនខ្ពស់ សិស្សានុសិស្សរបស់ប្រទេសចិននៅតែប្រជែងគ្នាប្រឡងចូលសាលាយោធា','images/post_image/1794213662373109.jfif','<p>ការចុះឈ្មោះចូលរៀនយោធាដ៏ច្រើននេះ កើតឡើងនៅពេលអត្រាអត់ការងារធ្វើរបស់យុវជនចិនកើនកម្រិតខ្ពស់ ហើយសេដ្ឋកិច្ចធំទីពីររបស់ពិភពលោកកំពុងតស៊ូក្នុងការងើបឡើងវិញពីជំងឺរាលដាល កូវីដ-១៩។ ជាងមួយភាគប្រាំនៃមនុស្សពេញវ័យអាយុពី១៦ឆ្នាំ ទៅ២៤ឆ្នាំរស់នៅក្នុងទីក្រុងបានអត់ការងារធ្វើនៅក្នុងខែមិថុនា។</p><p>កាលពីសប្តាហ៍មុន ទីក្រុងប៉េកាំងបានផ្អាកការចេញផ្សាយទិន្នន័យជាតិអត់ការងារធ្វើរបស់យុវជនប្រចាំខែដោយពន្យល់ថា ស្ថិតិកម្លាំងពលកម្មចាំបាច់ត្រូវកែលម្អ និងធ្វើឱ្យប្រសើរបន្ថែមទៀត។</p><p>នៅឆ្នាំ២០២៣ សិស្ស ១៣៥ពាន់នាក់នៅទូទាំងប្រទេសបានដាក់ពាក្យសុំចូលរៀនសាលាយោធា កើន១៥ភាគរយបើធៀបឆ្នាំ២០២២។ បន្ទាប់មកមានតែ ៥០ពាន់នាក់បានឆ្លងផុតជុំទីមួយដើម្បីធ្វើការសម្ភាសន៍ និងពិនិត្យសុខភាព។&nbsp;</p><p>ជាលើកដំបូងនៅឆ្នាំនេះដែលការចុះឈ្មោះចូលរៀនបានបញ្ចូលជំនាញរួមគ្នានូវការបញ្ជា និងការហ្វឹកហ្វឺនបច្ចេកទេស ដើម្បីឆ្លើយតបទៅនឹងតម្រូវការចាំបាច់របស់យោធាជំនាន់ថ្មីដែលមានទេពកោសល្យក្នុងការហ្វឹកហាត់ និងត្រៀមខ្លួនសម្រាប់សង្គ្រាម។</p>',2,0,'2024-07-02 22:23:31','2024-03-22 08:18:08','2024-07-02 22:23:31'),(8,'ប្រធានាធិបតីអាមេរិក លោក ចូ បៃដិន នឹងធ្វើទស្សនកិច្ចទៅកាន់ប្រទេសវៀតណាម នៅខែក្រោយនេះ ដើម្បីជួបពិភាក្សាជាមួយមន្ត្រីកំពូលៗ','images/post_image/1794213882334621.png','<p>ប្រធានាធិបតីអាមេរិក លោក ចូ បៃដិន នឹងធ្វើទស្សនកិច្ចទៅកាន់ប្រទេសវៀតណាម នៅខែក្រោយនេះ ដើម្បីជួបពិភាក្សាជាមួយមន្ត្រីកំពូលៗ នៃប្រទេសក្នុងតំបន់អាស៊ីអាគ្នេយ៍មួយនេះ លើបញ្ហាជាច្រើន រាប់ចាប់ពីបច្ចេកវិទ្យា និងសេដ្ឋកិច្ច រហូតដល់ស្ថិរភាពក្នុងតំបន់ ព្រមទាំងការប្រែប្រួលអាកាសធាតុ ខណៈទីក្រុងវ៉ាស៊ីនតោនកំពុងសម្លឹងមើលការពង្រឹងទំនាក់ទំនងកាន់តែជិតសិ្នទ្ធជាមួយទីក្រុងហាណូយ ទប់ទល់ជាមួយចិន។ នេះបើតាមការចេញផ្សាយដោយ ទីភ្នាក់ងារសារព័ត៌មាន AFP នៅថ្ងៃអង្គារ ទី២៩ ខែសីហា ឆ្នាំ២០២៣។</p><p><br>នៅខែក្រោយនេះ ដើម្បីជួបពិភាក្សាជាមួយមន្ត្រីកំពូលៗ នៃប្រទេសក្នុងតំបន់អាស៊ីអាគ្នេយ៍មួយនេះ លើបញ្ហាជាច្រើន រាប់ចាប់ពីបច្ចេកវិទ្យា និងសេដ្ឋកិច្ច រហូតដល់ស្ថិរភាពក្នុងតំបន់ ព្រមទាំងការប្រែប្រួលអាកាសធាតុ ខណៈទីក្រុងវ៉ាស៊ីនតោនកំពុងសម្លឹងមើលការពង្រឹងទំនាក់ទំនងកាន់តែជិតសិ្នទ្ធជាមួយទីក្រុងហាណូយ ទប់ទល់ជាមួយចិន។ នេះបើតាមការចេញផ្សាយដោយ ទីភ្នាក់ងារសារព័ត៌មាន AFP នៅថ្ងៃអង្គារ ទី២៩ ខែសីហា ឆ្នាំ២០២៣។</p>',2,2,'2024-07-02 22:23:35','2024-03-22 08:21:39','2024-07-02 22:23:35'),(9,'រក្សាទុក រូបថត/វីដេអូ/ឯកសារ លើ iCloud និង Drive មួយណាល្អប្រើនិងមានអត្ថប្រយោជន៍ច្រើនជាង?','images/post_image/1794214312358394.jpg','<p>iCloud និង Google Drive សុទ្ធតែជាសេវាកម្មរក្សាទុកទិន្នន័យ ហើយថ្ងៃនេះយើងចែករំលែកទៅអ្នកប្រើបន្ថែមទៀត ថាតើសេវាកម្មទាំងពីរ មួយណាល្អប្រើ និងមានអត្ថប្រយោជន៍ច្រើនជាង សម្រាប់ iPhone និង iPad របស់អ្នកទាំងអស់គ្នា។</p><figure class=\"image\"><img src=\"http://localhost:8001/media/image_1711095935.png\"></figure><p>១. កញ្ចប់សេវាកម្ម&nbsp;Google Drive មានប្រៀបជាង ត្បិតវាផ្ដល់ទំហំផ្ទុកដោយឥតគិតថ្លៃ ទំហំ 15GB ខណៈ iCloud ផ្ដល់ត្រឹម 5GB តែប៉ុណ្ណោះ។</p><p>២. ប្រភេទិន្នន័យរក្សាទុក (Back up)&nbsp;iCloud មានប្រៀបជាង Google Drive ដោយវាអាចរក្សាទុកទិន្នន័យជាច្រើនដូចជា រូបថត/វីដេអូ បណ្ដុំSettingsទាំងអស់ អ៊ីមែល លេខទូរសព្ទ សារ/អ៊ីមែល លេខកូដដែលរក្សាក្នុងKeychain និងកម្មវិធីទាំងអស់ ក៏ដូចជាឯកសារផ្សេងៗដែលអាប់ឡូត។</p><p><br>&nbsp;</p><figure class=\"image\"><img src=\"http://localhost:8001/media/image_1711095946.png\"></figure><p>ចំណែកឯ Google Drive អាចត្រឹមរក្សាទុកត្រឹម រូបថត/វីដេអូ អ៊ីមែល លេខទូរសព្ទ ប្រតិទិន ឯកសារនានាអាប់ឡូត និងមិនអាចរក្សាទុកទិន្នន័យរបស់កម្មវិធីទាំងអស់ រួមទាំងមុខងារផ្សេងទៀតបានឡើយ។</p><figure class=\"image\"><img src=\"http://localhost:8001/media/image_1711095968.png\"></figure><p>៣. អត្ថប្រយោជន៍&nbsp;iCloud មានប្រៀបជាង Google Drive ដោយវាអាច Back up រាល់ទិន្នន័យលើ iPhone/iPad បាន។ រីឯសេវាកម្មសំខាន់ Find My របស់ Apple ប្រើសម្រាប់ស្វែងរកឧបករណ៍ដែលបាត់ ក៏ងាយស្រួលប្រើប្រាស់ជាងមុខងារ Find My Device លើ Google ថែមទៀតផង។</p><p>ក្រៅពីនេះ ចំពោះការ Back up រូបថត/វីដេអូ លើ iCloud ក៏ងាយស្រួលប្រើប្រាស់ ទាំងការបើកមើលឬលុប ការចងចាំរាល់ការ Edit និងការកែកុនផ្សេងៗ ក៏ដំណើរការប្រសើរជាង Google Drive ផងដែរ។</p><figure class=\"image\"><img src=\"http://localhost:8001/media/image_1711095996.png\"></figure><p>ជារួមមក&nbsp;ព្រោះតែ iCloud ជាសេវាកម្មស្រាប់របស់ Apple សម្រាប់ប្រើលើ OS ខ្លួន ធ្វើឱ្យវាមានលក្ខណៈពិសេ ងាយស្រួលប្រើប្រាស់ និងអត្ថប្រយោជន៍ច្រើនជាង Google Drive។ ប៉ុន្ដែឧបសគ្គមួយនៅត្រង់ថា iCloud ផ្ដល់ទំហំផ្ទុកឥតគិតថ្លៃត្រឹម 5GB តែប៉ុណ្ណោះ ដូចនេះអ្នកត្រូវទិញទំហំផ្ទុកបន្ថែម ដោយតម្លៃទាបជាងគេចាប់ពី ០,៩៩ដុល្លារ ក្នុងមួយខែ ចំពោះទំហំ 50GB។ ប៉ុន្ដែបើអ្នកសេវាកម្មមួយចំនួនក្នុង iCloud មិនចាំបាច់ចំពោះអ្នកនោះទេ អ្នកក៏អាចប្រើ Google Drive ដើម្បី Back up រាល់ទិន្នន័យជាច្រើនបាន ថែមទាំងមិនអស់លុយទៀតផង៕</p><p>&nbsp;</p><p>&nbsp;</p>',2,0,'2024-07-02 22:23:14','2024-03-22 08:28:27','2024-07-02 22:23:14'),(10,'វាយពាក្យ​ «សៀមរាប» ក្នុង TikTok មិនចេញលទ្ធផលអ្វីទាំងអស់!','images/post_image/1794214515102221.jpg','<p>ប៉ុន្មានថ្ងៃចុងក្រោយនេះ អ្នកប្រើប្រាស់​ TikTok នៅកម្ពុជា បាន​បញ្ចេញ​ប្រតិកម្ម​ថា ពួកគេ​មិនអាចស្វែងរក​លទ្ធផល នៃការវាយពាក្យ «សៀមរាប» ក្នុងគូឡោន search របស់ TikTok បានឡើយ។</p><p>នៅពេលអ្នកប្រើប្រាស់​វាយពាក្យ «សៀមរាប» ឬ «ខេត្តសៀមរាប» វាបែរជាចេញ​ផ្ទាំងដាក់ថា «គ្មានលទ្ធផលរកឃើញ» ហើយថា ពាក្យនេះ គឺ​បង្ហាញ​ពីឥរិយាបថ​ស្អប់ខ្ពើមទៅវិញ។ ប៉ុន្តែបើវាយពាក្យ​ជាភាសាអង់គ្លេស «siemreap» ឬសរសេរថា «សៀបរាប» គឺ​ចេញលទ្ធផលធម្មតា។ សូមមើលរូបបន្ថែមខាងក្រោមនេះ៖</p><figure class=\"image\"><img src=\"http://localhost:8001/media/image_1711096199.png\"></figure><figure class=\"image\"><img src=\"http://localhost:8001/media/image_1711096212.png\"></figure><figure class=\"image\"><img src=\"http://localhost:8001/media/image_1711096223.png\"></figure><p>&nbsp;</p><p>អ្នកប្រើប្រាស់​ TikTok នៅកម្ពុជា ជាច្រើន​បានអះអាងថា ពួកគេបាន​ផ្ញើ​របាយការណ៍ករណីនេះ ទៅកាន់ក្រុមហ៊ុន TikTok រួចហើយដើម្បី​កុំឱ្យយល់ច្រឡំ ព្រោះពាក្យ «សៀមរាប» នោះ គ្រាន់តែ​ជាឈ្មោះខេត្តមួយ​របស់កម្ពុជាប៉ុណ្ណោះ មិនមែនជាពាក្យរើសអើងស្អប់ខ្ពើម ដូចការលើកឡើង​ដែល​មានក្នុងផ្ទាំង TikTok នោះឡើយ៕</p><p>&nbsp;</p><p>&nbsp;</p>',2,1,'2024-07-02 22:24:04','2024-03-22 08:31:41','2024-07-02 22:24:04'),(11,'មកដឹងចំណុចពិសេស​របស់​ម៉ូតូស្ព័រ Ducati Superleggera V4 ដែលផលិតត្រឹម ៥០០គ្រឿងប៉ុណ្ណោះ (មានវីដេអូ)','images/post_image/1794214866628778.png','<p>ម៉ូតូស្ព័ររបស់​អ៊ីតាលី Ducati Superleggera V4 ដែលមានតម្លៃខ្ទង់ ១០ម៉ឺនដុល្លារនៅបរទេស ដែលវាផលិតត្រឹមតែ ៥០០គ្រឿងប៉ុណ្ណោះ។</p><p>ម៉ូតូនេះ ប្រើម៉ាស៊ីនសាំង ចំណុះ ៩៩៨សេសេ ទំហំ ៤ស៊ីឡាំង មានប្រព័ន្ធស្អំម៉ាស៊ីន Liquid Cooled និងប្រព័ន្ធប៊ិចសាំង​អេឡិចត្រូនិច ដែលអាចបង្កើតកម្លាំងបានសរុប ២២៤សេះ និងកម្លាំងរមួល ១១៩ញូតុនម៉ែត្រ ដំណើរដោយចង្កឹះលេខអំប្រ៊ីយ៉ា ៦វគ្គ ជាប្រភេទ Ducati Quick Shift (DQS)។ កម្រិតស៊ីសាំងជាមធ្យម ៦លីត្រ/១០០គីឡូម៉ែត្រ ដែលវាមានចំណុះធុងសាំង ១៦លីត្រ។</p><p>&nbsp;</p>',2,0,'2024-07-02 22:24:25','2024-03-22 08:37:17','2024-07-02 22:24:25'),(12,'ក្រសួងមហាផ្ទៃកម្ពុជា និងក្រសួងសន្តិសុខសាធារណៈឡាវ ប្រជុំពិនិត្យវាយតម្លៃលទ្ធផលកិច្ចសហប្រតិបត្តិការឆ្នាំ២០២៣ និងចុះហត្ថលេខាលើកំណត់ហេតុស្ដីពីកិច្ចសហប្រតិបត្តិការ ឆ្នាំ២០២៤','images/post_image/1794216596379996.png','<p>ភ្នំពេញ ៖ កិច្ចប្រជុំពិនិត្យវាយតម្លៃលទ្ធផលកិច្ចសហប្រតិបត្តិការឆ្នាំ២០២៣ និងចុះហត្ថលេខាលើកំណត់ហេតុស្ដីពីកិច្ចសហប្រតិបត្តិការ ឆ្នាំ២០២៤ រវាងក្រសួងមហាផ្ទៃ នៃព្រះរាជាណាក្រកម្ពុជា និងក្រសួងសន្តិសុខសាធារណៈ នៃសាធារណរដ្ឋប្រជាធិបតេយ្យប្រជាមានិតឡាវ ត្រូវបានរៀបចំឡើងនៅព្រះរាជាណាចក្រកម្ពុជា នារសៀលថ្ងៃទី១៤ ខែមីនា ឆ្នាំ២០២៤ នៅទីស្តីការក្រសួងមហាផ្ទៃ។</p><p>ដំណើរអញ្ជើញមកដល់ទីស្ដីការក្រសួងមហាផ្ទៃ របស់ឯកឧត្តម នាយឧត្តមសេនីយ៍ វិល័យ ឡាខាំហ្វង ឧបនាយករដ្ឋមន្រ្តី រដ្ឋមន្រ្តីក្រសួងសន្តិសុខសាធារណៈ នៃសាធារណរដ្ឋប្រជាធិបតេយ្យប្រជាមានិតឡាវ ត្រូវបានទទួលស្វាគមន៍ដោយឯកឧត្តមអភិសន្តិបណ្ឌិត ស សុខា ឧបនាយករដ្ឋមន្រ្តី រដ្ឋមន្រ្តីក្រសួងមហាផ្ទៃ អមដោយកងកិត្តិយសនៃអគ្គស្នងការដ្ឋាននគរបាលជាតិ។</p><figure class=\"image\"><img src=\"https://kskpost.com/media/1710472142410_1710472419.jpg\"></figure><figure class=\"image\"><img src=\"https://kskpost.com/media/1710472133655_1710472418.jpg\"></figure><figure class=\"image\"><img src=\"https://kskpost.com/media/1710472125508_1710472420.jpg\"></figure><p>កិច្ចប្រជុំបានចាប់ផ្ដើមពីជំនួបចង្អៀត ដោយភាគីកម្ពុជា មានការអញ្ជើញចូលរួមពីឯកឧត្តម ឡាំ ជា រដ្ឋមន្ត្រីទទួលបន្ទុករដ្ឋលេខាធិការដ្ឋានកិច្ចការព្រំដែន ឯកឧត្តមរដ្ឋលេខាធិការប្រចាំការក្រសួងមហាផ្ទៃ ឯកឧត្តមរដ្ឋលេខាធិការ ឯកឧត្តមនាយឧត្តមសេនីយ៍អគ្គស្នងការនគរបាលជាតិ ឯកឧត្តមនាយកសាលាជាតិរដ្ឋបាលមូលដ្ឋាន ឯកឧត្តមអគ្គលេខាធិការ ឯកឧត្តមអភិបាលខេត្តស្ទឹងត្រែង រតនគិរី និងខេត្តព្រះវិហារ។</p><p>&nbsp;</p><p>ចំណែកភាគីឡាវ មានការអញ្ជើញចូលរួមពី ឯកឧត្តមឯកអគ្គរដ្ឋទូតឡាវប្រចាំនៅកម្ពុជា ឯកឧត្តមអភិបាលខេត្តអត្តពឺ ឯកឧត្តមអភិបាលរងខេត្តចំប៉ាសាក់ ឯកឧត្តមអនុរដ្ឋមន្រ្តី ឯកឧត្តមអគ្គនាយកភស្តុភារ ឯកឧត្តមនាយកខុទ្ទកាល័យក្រសួង ឯកឧត្តមអគ្គនាយកនយោបាយ ឯកឧត្តមអគ្គនាយកសន្តិសុខ និងឯកឧត្តមអគ្គស្នងការនគរបាល នៃក្រសួងសន្តិសុខសាធារណៈឡាវ។</p><p>ក្រោយពីបញ្ចប់កិច្ចជំនួបចង្អៀត ឯកឧត្តមអភិសន្តិបណ្ឌិត ស សុខា ឧបនាយករដ្ឋមន្រ្តី និងឯកឧត្តម នាយឧត្តមសេនីយ៍ វិល័យ ឡាខាំហ្វង ឧបនាយករដ្ឋមន្រ្តី បានបន្តអញ្ជើញដឹកនាំកិច្ចប្រជុំពេញអង្គ ដើម្បីពិនិត្យវាយតម្លៃលទ្ធផលកិច្ចសហប្រតិបត្តិការឆ្នាំ២០២៣ ដោយមានការអញ្ជើញចូលរួមពីឯកឧត្តម លោកជំទាវ ជាថ្នាក់ដឹកនាំមួយចំនួនទៀត នៃក្រសួងទាំងពីរ។</p><p>នាឱកាសនោះឯកឧត្តមអភិសន្តិបណ្ឌិត ស សុខា បានគូសបញ្ជាក់ទៅកាន់សមភាគីឡាវ អំពីសភាពការណ៍សាកលលោក និងសភាពការណ៍ទូទៅនៅកម្ពុជា ដែលរួមមានស្ថានភាពសេដ្ឋកិច្ច សភាពការណ៍នយោបាយ សភាពការណ៍សន្តិសុខ ការប្រយុទ្ធប្រឆាំងគ្រឿងញឿនខុសច្បាប់ ព្រមទាំងបានរំលេចបញ្ជាក់អំពីលទ្ធផលនៃកិច្ចសហប្រតិបត្តិការឆ្នាំ២០២៣ រវាងក្រសួងទាំងពីរ និងសំណូមពរមួយចំនួនសម្រាប់ឆ្នាំ២០២៤។</p><p>ក្នុងកិច្ចប្រជុំនោះដែរ ឯកឧត្តម នាយឧត្តមសេនីយ៍ វិល័យ ឡាខាំហ្វង ឧបនាយករដ្ឋមន្រ្តី រដ្ឋមន្រ្តីក្រសួងសន្តិសុខសាធារណៈឡា ក៏បានគូសបញ្ជាក់អំពីសភាពការណ៍ទូទៅនៅក្នុងប្រទេសឡាវ ក្នុងនោះរួមទាំងការបង្ការ ទប់ស្កាត់ និងបង្ក្រាបបទល្មើសផ្សេងៗ ជាពិសេសបទល្មើសគ្រឿងញៀន។ ឯកឧត្តម នាយឧត្តមសេនីយ៍ ឧនាយករដ្ឋមន្រ្តី ក៏បង្ហាញការកត់សម្គាល់អំពីកិច្ចសហប្រតិបត្តិការដ៏ល្អគ្រប់ថ្នាក់រវាងអង្គភាពចំណុះក្រសួងទាំងពីរ រួមទាំងខេត្តជាប់ព្រំដែនផងដែរ។</p><figure class=\"image\"><img src=\"https://kskpost.com/media/1710472131625_1710472418.jpg\"></figure><figure class=\"image\"><img src=\"https://kskpost.com/media/1710472129573_1710472418.jpg\"></figure><p><br>គួរកត់សម្គាល់ថា ក្នុងជំនួបនិងកិច្ចប្រជុំនោះដែរ ឯកឧត្តម នាយឧត្តមសេនីយ៍ វិល័យ ឡាខាំហ្វង ក៏បានបង្ហាញក្ដីនឹករលឹកខ្ពស់ចំពោះសម្ដេចក្រឡាហោម ស ខេង អតីតឧបនាយករដ្ឋមន្រ្តី រដ្ឋមន្រ្តីក្រសួងមហាផ្ទៃ និងបានថ្លែងអបអរសាទរ ឯកឧត្តមអភិសន្តិបណ្ឌិត ស សុខា ដែលត្រូវបានតែងតាំងជាឧបនាយករដ្ឋមន្រ្តី រដ្ឋមន្រ្តីក្រសួងមហាផ្ទៃ។ ភាគីទាំងពីរ ក៏បង្ហាញការគាំទ្រចំពោះជំនួបរវាងនាយករដ្ឋមន្រ្តី និងប្រធានរដ្ឋសភា នៃប្រទេសទាំងពីរ កាលពីពេលថ្មីនេះផងដែរ។</p><p>កិច្ចប្រជុំបានប្រព្រឹត្តទៅក្នុងស្មារតីមិត្តភាព សាមគ្គីភាព និងយោគយល់ខ្ពស់។ នៅចុងបញ្ចប់ឯកអភិសន្តិបណ្ឌិត ស សុខា ឧបនាយករដ្ឋមន្រ្តី រដ្ឋមន្រ្តីក្រសួងមហាផ្ទៃ នៃព្រះរាជាណាចក្រកម្ពុជា និងឯកឧត្តម នាយឧត្តមសេនីយ៍ វិល័យ ឡាខាំហ្វង ឧបនាយករដ្ឋមន្រ្តី រដ្ឋមន្រ្តីក្រសួងសន្តិសុខសាធារណៈ នៃសាធារណរដ្ឋប្រជាធិបតេយ្យប្រជាមានិតឡាវ បានចុះហត្ថលេខាលើកំណត់ហេតុ ស្តីពីកិច្ចសហប្រតិបត្តិការឆ្នាំ២០២៤ ផងដែរ៕</p>',2,1,'2024-07-02 22:24:34','2024-03-22 09:04:46','2024-07-02 22:24:34'),(13,'អន្តរជាតិនាយករដ្ឋមន្រ្តីថៃផ្អាកធ្វើទស្សនកិច្ចនៅបរទេស២ខែ ក្រោយរងការរិះគន់ទៅក្រៅប្រទេសញឹកពេក','images/post_image/1803482234711607.jfif','<p>&nbsp;</p><p><strong>លោកសេដ្ឋា ថាវីស៊ីន ប្រមុខរដ្ឋាភិបាលថៃ នៅថ្ងៃទី២២ ខែមីនា ប្រកាសផ្អាកធ្វើទស្សនកិច្ចនៅបរទេសរយៈពេល ២ខែ ដោយរាប់ពីថ្ងៃទី១៤ ខែមីនា ដល់ថ្ងៃទី១៥ ខែឧសភា ក្រោយមានពាក្យរិះគន់ថា លោកទៅក្រៅប្រទេសញឹកតែមិនមានលទ្ធផលអ្វី។ ជំនួសមកវិញ មេដឹកនាំថៃ នឹងផ្តោតលើកិច្ចការក្នុងស្រុកវិញ។</strong></p><p><br>ចាប់តាំងពីកាន់តំណែងជានាយករដ្ឋមន្រ្តីប្រមាណ ៦ខែ លោកសេដ្ឋា ថាវីស៊ីន បានបំពេញទស្សនកិច្ចនៅបរទេសរហូតដល់១៥ប្រទេស ដោយប្រទេសដំបូងគេជាកម្ពុជា។ ទស្សនកិច្ចនៅក្រៅប្រទេសដ៏ញឹកញាប់បែបនេះ ត្រូវបានលោក Sorakol Adulyanont សរសេររិះគន់លើកាសែត Prachachart Thurakij។&nbsp;</p><p>លោក Sorakol Adulyanont បានជំរុញឱ្យលោកសេដ្ឋាផ្តោតលើបញ្ហាក្នុងស្រុក និងទៅពិនិត្យចំណតរថយន្តក្រុង ឬការធ្វើប្រតិបត្តិការនៅកន្លែងពន្លត់អគ្គិភ័យ ក្នុងតំបន់ភាគខាងជើងដែលកំពុងរងគ្រោះដោយសារខ្យល់ពុល។ ស្មេររូបនេះ ក៏បានស្រង់សម្តីលោក សេដ្ឋា កន្លងមកថា មេដឹកនាំត្រូវតែស្តាប់គំនិតរបស់ប្រជាជន បើទោះគំនិតទាំងនោះ លោកមិនចង់លឺក៏ដោយ»។&nbsp;</p><p>ក្រោយការរិះគន់បែបនេះ លោកសេដ្ឋា បានប្រកាសផ្អាកធ្វើទស្សនកិច្ចនៅបរទេសរយៈពេល ២ខែ នៅលើគណនី X របស់ខ្លួន ក្នុងថ្ងៃទី២២ ខែមីនា។&nbsp;</p><p>«ចាប់ពីថ្ងៃទី១៤ ខែមីនា ដល់ថ្ងៃទី១៥ ខែឧសភា ខ្ញុំនឹងមិនធ្វើដំណើរទៅបរទេសឡើយ»។ នាយករដ្ឋមន្រ្តីថៃ បានបញ្ជាក់បែបនេះ ដោយប្រាប់ពីគម្រោងទស្សនកិច្ចនៅចំណតរថយន្តក្រុង Mor Chit ក្នុងក្រុងបាងកក ដែលត្រូវបានប្រើប្រាស់សម្រាប់ប្រជាជនមានចំណូលទាប។&nbsp;</p><p>សូម្បីតែសមាជិកព្រឹទ្ធសភា លោក Somchai Sawangkarn បានរិះគន់មេដឹកនាំថៃ ដែលបានបំពេញទស្សនកិច្ចជាញឹកញាប់ ហើយចាត់ទុកជាមេដឹកនាំថៃ ដែលបានបំពេញទស្សនកិច្ចនៅបរទេសញឹកញាប់ជាគេបំផុត។ លោក សេដ្ឋា ការពារដំណើរទស្សនកិច្ចរបស់ខ្លួននៅបរទេសថា មានងគោលបំណងបម្រើឱ្យផលប្រយោជន៍របស់ជាតិប៉ុណ្ណោះ។ នេះបើតាមការចុះផ្សាយរបស់កាសែតបាងកកប៉ុស្តិ៍។&nbsp;</p><p>កន្លងមក នាយករដ្ឋមន្រ្តីថៃ បានបំពេញទស្សនកិច្ចនៅកម្ពុជា, ជប៉ុន, អូស្រ្តាលី, បារាំង និងអាល្លឺម៉ង់ជាដើម ដើម្បីស្វែងរកកិច្ចសហប្រតិបត្តិការ និងពង្រឹងទំនាក់ទំនង៕&nbsp;&nbsp;</p>',2,5,'2024-07-03 10:05:48','2024-03-22 09:59:42','2024-07-03 10:05:48'),(14,'កូនប្រុសពៅរបស់កំពូលតារាចម្រៀង ព្រាប សុវត្ថិ ចូលGalaxy ភ្លាម បើកឆាកជាមួយMV ដ៏អស្ចារ្យ','images/post_image/1794225549097699.png','<p>តារាចម្រៀងវ័យក្មេង ធ្លាប់រួមរស់ជាមួយផលិតកម្មរស្មីហង្សមាស គឺលោក សុវត្ថិ សិរីវុឌ្ឍ បានសម្រេចចិត្ដទៅរួមរស់ជាមួយគ្រួសារថ្មី គឺផលិតកម្ម Galaxy កាលពីល្ងាចថ្ងៃទី១៩ ខែមីនា ឆ្នាំ២០២៤។</p><figure class=\"image\"><img src=\"http://localhost:8001/media/image_1711106738.png\"></figure><p>ក្នុងពិធីទទួលស្វាគមន៍ដែលរៀបចំដោយផលិតកម្មថ្មី ដោយមានការអញ្ជើញចូលរួមពីសិល្បករ-សិល្បការិនីជាច្រើនរូបនោះ សុវត្ថិ សិរីវុឌ្ឍ បានបង្ហាញអារម្មណ៍រំភើប រីករាយ និងបានបង្ហាញស្នាដៃដំបូងរបស់ខ្លួនភ្លាមៗដែរ។</p><p>&nbsp;</p><p>ឡើងបង្ហាញពីចំណាប់អារម្មណ៍នៅចំពោះមុខប៉ា-ម៉ាក់ ថ្នាក់ដឹកនាំផលិតកម្មថ្មី និងសិល្បករ-សិល្បការិនី សុវត្ថិ សិរីវុធ អះអាងថា នេះជាឱកាសថ្មីមួយទៀតដែលលោកអាចមានលទ្ធភាពកាន់តែច្រើន ហើយពង្រីកកេរ្ដិ៍ឈ្មោះកាន់តែទូលំទូលាយទាំងនៅថ្នាក់ជាតិ និងអន្ដរជាតិ តាមរយៈវិស័យចម្រៀង។ លោកនឹងខិតខំបង្កើតស្នាដៃថ្មីៗ សម្រាប់ផលិតកម្ម ក៏ដូចជាអ្នកគាំទ្រ ដើម្បីទទួលបាននូវចំណីអារម្មណ៍ថ្មីៗពីលោក។</p><figure class=\"image\"><img src=\"http://localhost:8001/media/image_1711106753.png\"></figure><p>ក្រៅពីបង្ហាញស្នាដៃMV ដំបូងរបស់ខ្លួននៅលើអេក្រង់ទូរទស្សន៍ តារាចម្រៀងរូបនេះក៏បង្ហាញសមត្ថិភាពចម្រៀង និងរាំជាមួយកាយវិកាយ៉ាងរស់រវើកនៅលើឆាកផ្ទាល់ដែរ។ បទថ្មីដែលលោកលើកយកមកច្រៀងស្វាគមន៍ភ្ញៀវ និងចាត់ទុកជាស្នាដៃដំបូងសម្រាប់ផលិតកម្មថ្មីនោះ គឺបទ “Stuck with You”។ បទនោះ ទទួលបានការសាទរ និងស្រែកហ៊ោគាំទ្រពីអ្នកចូលរួមជាច្រើន។</p><figure class=\"image\"><img src=\"http://localhost:8001/media/image_1711106765.png\"></figure><p>បើតាម សុវត្ថិ សិរីវុឌ្ឍ ក្រោយពីបញ្ចេញស្នាដៃមួយនេះ រូបលោកផ្ទាល់មិនបានចេញបទថ្មីៗសម្រាប់អបអរក្នុងឱកាសបុណ្យចូលឆ្នាំថ្មី ប្រពៃណីជាតិខ្មែរនោះទេ។ ប៉ុន្ដែនៅអំឡុងខែឧសភា ឆ្នាំ២០២៤ លោកនឹងបញ្ចេញស្នាដៃជាប់ៗគ្នាចំនួន ៥បទ ដោយបទនីមួយៗមានភាពរស់និយផ្សេងៗគ្នា។</p><figure class=\"image\"><img src=\"http://localhost:8001/media/image_1711106788.png\"></figure><p>សូមរំលឹកថា កូនប្រុសពៅរបស់កំពូលតារាចម្រៀង ព្រាប សុវត្ថិ គឺលោក សុវត្ថិ សិរីវុឌ្ឍ បានចុះកុងត្រាក្នុងនាមជាតារាចម្រៀងថ្មីម្នាក់ទៀតរបស់ផលិតកម្ម Galaxy Navatra បន្ទាប់ពីឪពុក និងបងប្រុស សុវត្ថិ មុនីវណ្ណ បានក្លាយជាគ្រួសារដ៏ធំនេះជាបន្ដបន្ទាប់គ្នា។ ពិធីចុះកុងត្រា និងទទួលស្វាគមន៍សមាជិកថ្មី នៃគ្រួសារ Galaxy នេះ ត្រូវបានធ្វើឡើងនៅសណ្ឋាគារ ហៃយ៉ាត់រីជិនស៊ី ភ្នំពេញ៕</p><figure class=\"image\"><img src=\"http://localhost:8001/media/image_1711106804.png\"></figure><figure class=\"image\"><img src=\"http://localhost:8001/media/image_1711106812.png\"></figure><figure class=\"image\"><img src=\"http://localhost:8001/media/image_1711106818.png\"></figure>',2,0,'2024-07-02 22:22:46','2024-03-22 11:27:04','2024-07-02 22:22:46'),(15,'ខ្សែ​ប្រយុទ្ធ​វ័យ​១៦ឆ្នាំ​ Barca រូប​នេះ​ស្ថិត​ក្នុង​ចំណោម​កីឡាករ​មាន​តម្លៃ​ខ្លួន​ខ្ពស់​បំផុត​នៅ​ La Liga','images/post_image/1794225988938848.jpg','<p>ខ្សែប្រយុទ្ធ​ Lamine Yamal ដែល​ទើប​មាន​អាយុ​ ១៦ឆ្នាំ​របស់​ក្លឹប​ Barcelona ស្ថិត​ក្នុង​ចំណោម​កីឡាករ​ដែល​មាន​តម្លៃ​ខ្លួន​ខ្ពស់​បំផុត​នៅ​លីគ​កំពូល​ La Liga។ បើ​តាម​ស្ថិតិ​របស់​ Trannsfmarkt។</p><p>នៅ​ក្នុង​ខណៈ​នេះ​កីឡាករ​រូប​នេះ​មាន​តម្លៃ​ខ្លួន​ប្រមាណ​ ៧៥លាន​អ៊ឺរ៉ូ​ដែល​ស្ថិត​ក្នុង​ចំណោម​កីឡាករ​ទាំង​១០រូប​ ដែល​មាន​តម្លៃ​ខ្លួន​ខ្ពស់​បំផុត​ក្នុង​ La Liga ដោយ​ក្នុង​នោះ​គេ​បាន​ជាប់​លំដាប់​ថ្នាក់​ទី​៩។</p><p>&nbsp;</p><p>តម្លៃ​ខ្លួន​៧៥លាន​អ៊ឺរ៉ូ​នេះ​ ជា​តម្លៃ​ដែល​ទើប​ធ្វើ​បច្ចុប្បន្ន​ភាព​កាល​ពី​ពេល​ថ្មីៗ​នេះ​ ដោយ​កាល​ពី​ដើម​រដូវកាល​គេ​មាន​តម្លៃ​ខ្លួន​ ៦០លាន​អ៊ឺរ៉ូ​ប៉ុណ្ណោះ​។</p><p>&nbsp;</p><p>Yamal ជា​កីឡាករ​វ័យ​ក្មេង​ដែល​មាន​សក្ដានុពល​របស់​ Barca ដោយ​នៅ​ក្នុង​រដូវកាល​នេះ​គេ​បាន​ចូល​លេង​បាន​ ៣៩ប្រកួត​ និង​ស៊ុត​ចូល​ ៦គ្រាប់​។ កីឡាករ​នេះ​មាន​កុងត្រា​នឹង​ក្លឹប​នេះ​រហូត​ដល់​ឆ្នាំ​២០២៦ ដោយ​មាន​តម្លៃ​ផ្ដាច់​កុងត្រា​ ១ប៊ីលាន​អ៊ឺរ៉ូ​៕</p>',2,0,'2024-07-02 22:22:42','2024-03-22 11:34:03','2024-07-02 22:22:42'),(16,'កាល​ពី​ថ្ងៃ​ពុធ ​ទី២០ ​ខែ​មីនា ឆ្នាំ២០២៤​ កងទ័ព​អង្គភាព​យោធភូមិ​ភាគទី៥​ រៀបចំ​បើក​ប្រកួត​ក្បាច់​គុន​មិត្តភាព​ មាន​ដែល​មាន​ ៣ប្រភេទកីឡា​ជាលើកទី១​ ក្រោម​កិច្ចសហការ​ជា​មួយ​សហព័ន្ធ​កីឡា​ល្បុក្កតោកម្ពុជា។','images/post_image/1794226526025225.png','<p>កាល​ពី​ថ្ងៃ​ពុធ ​ទី២០ ​ខែ​មីនា ឆ្នាំ២០២៤​ កងទ័ព​អង្គភាព​យោធភូមិ​ភាគទី៥​ រៀបចំ​បើក​ប្រកួត​ក្បាច់​គុន​មិត្តភាព​ មាន​ដែល​មាន​ ៣ប្រភេទកីឡា​ជាលើកទី១​ ក្រោម​កិច្ចសហការ​ជា​មួយ​សហព័ន្ធ​កីឡា​ល្បុក្កតោកម្ពុជា។</p><figure class=\"image\"><img src=\"http://localhost:8001/media/image_1711107434.png\"></figure><p><i>&nbsp; &nbsp; &nbsp; &nbsp; &nbsp; &nbsp; &nbsp; &nbsp; &nbsp; &nbsp; &nbsp; &nbsp; &nbsp; &nbsp; &nbsp; &nbsp; &nbsp; &nbsp; &nbsp; &nbsp; &nbsp; &nbsp; &nbsp; &nbsp; &nbsp; &nbsp; &nbsp; &nbsp; &nbsp; &nbsp; &nbsp; &nbsp; &nbsp; &nbsp; &nbsp; &nbsp; &nbsp; &nbsp; &nbsp; &nbsp; &nbsp; &nbsp; &nbsp; &nbsp; &nbsp; &nbsp; &nbsp; &nbsp; &nbsp; &nbsp; &nbsp; &nbsp; &nbsp;ឧត្ដមសេនីយ៍ទោ ​សេង ធារិន</i></p><p><i>ឧត្ដមសេនីយ៍ទោ ​សេង ធារិន ​ប្រធាន​គណៈកម្មការ​កីឡា​យោធភូមិភាគទី៥ ​អញ្ជើញ​ជា​អធិបតី​ ពិធី​បើក​ការ​ប្រកួត​កីឡា​ក្បាច់គុន​កងយោធពលខេមរភូមិន្ទ​ ,ក្បាច់​គុន​ល្បុក្កតោ​ និង​ក្បាច់​គុន​បញ្ចស៊ីឡាត់​កម្ពុជា​ ដែល​ធ្វើ​ឡើង​នៅ​ទីបញ្ជាការ​ កងពលតូចថ្មើរជើងលេខ៥១ ស្ថិត​នៅ​ភូមិ​ភ្នំ​ជញ្ជាំង​ ឃុំ​ជប់វារី​ ស្រុក​ព្រះនេត្រព្រះ​ ខេត្ត​បន្ទាយមានជ័យ។​</i></p><figure class=\"image\"><img src=\"http://localhost:8001/media/image_1711107467.png\"></figure><p><i>&nbsp; &nbsp; &nbsp; &nbsp; &nbsp; &nbsp; &nbsp; &nbsp; &nbsp; &nbsp; &nbsp; &nbsp; &nbsp; &nbsp; &nbsp; &nbsp; &nbsp; &nbsp; &nbsp; &nbsp; &nbsp; &nbsp; &nbsp; &nbsp; &nbsp; &nbsp; &nbsp; &nbsp; &nbsp; &nbsp; &nbsp; &nbsp; &nbsp; &nbsp; &nbsp; &nbsp; &nbsp; &nbsp; &nbsp; &nbsp; &nbsp; &nbsp; &nbsp; &nbsp; &nbsp; &nbsp; &nbsp; &nbsp; &nbsp; &nbsp; &nbsp; &nbsp; &nbsp; &nbsp; &nbsp; &nbsp; &nbsp; &nbsp;ទិដ្ឋភាពថ្ងៃប្រកួត</i></p><p><i>ឯកឧត្ដម​បាន​បញ្ជាក់ថា​ ការរៀបចំ​ពិធី​ប្រកួត​កីឡា​ក្បាច់គុន​ មិត្តភាព​ ទាំង៣ប្រភេទកីឡានេះ​ ជា​សកម្មភាព​ថ្មី​លើកទី១​ សម្រាប់​អង្គភាព​យោធភូមិភាគទី៥​ ហើយ​និង​ឈាន​ទៅ​រៀបចំ​ការប្រកួត​បន្ថែម​ទៀត ​ដើម្បី​ឲ្យ​ស្រប​តាម​ចក្ខុវិស័យ​របស់​ប្រមុខ​រាជរដ្ឋាភិបាល​ ក្រសួង​ការពារ​ជាតិ​ អគ្គបញ្ជាការ និង​កងទ័ព​ជើងគោក​ ក្នុង​ការ​ប្រែក្លាយ​ទស្សនវិស័យ​ឱ្យ​ទៅ​ជា​សកម្មភាព​ជាក់​ស្តែង​ ទស្សនវិជ្ជា​ នៃ​ក្បាច់គុន​ គឺ​បង្រៀន​ឱ្យ​អ្នក​ចេះ​ក្បាច់គុន​ពិត​ប្រាកដ​ប្រព្រឹត្ត​ខ្លួន​ជា​មនុស្ស​ប្រកប​ដោយ​វិន័យ ​គុណធម៌​ថ្លៃថ្នូរ​ ប្រកប​ដោយ​ថាមពល​ ដើម្បី​ជា​ឆ្អឹងខ្នង​ដ៏​រឹងមាំ​ នៃ​ការ​កសាង​សមត្ថភាព​យោធិន​គ្រប់រូប​ និង​ជា​ខឿន​ការពារ​ជាតិ​មាតុភូមិ​ និង​ប្រជាជន។​</i></p><figure class=\"image\"><img src=\"http://localhost:8001/media/image_1711107509.png\"></figure><p>ការ​ប្រកួត​នេះ​ដើម្បីធ្វើការ​ដក​បទ​ពិសោធន៍​បច្ចេកទេស​ចលនា​ប្រយុទ្ធ​ធ្វើ​សំយោគ​តាម​បែប​វិទ្យាសាស្រ្ត​ ក្នុង​ការ​វិវត្តន៍​ខ្លួន​តាម​បរិបទ​ នៃ​ការ​រីកចម្រើន​វិស័យ​កីឡា​ប្រកប​ដោយ​កាលានុវត្តន៍ភាព។​ ក្នុង​ឱកាស​នោះ​ដែរ​ ឧត្ដមសេនីយ៍ទោ​ សេង ធារិន ប្រធានកីឡាកងទ័ពយោធភូមិភាគទី៥ និង​ជា​ប្រធាន​សហព័ន្ធ​កីឡាបញ្ចស៊ីឡាត់​កម្ពុជា​ បាន​ថ្លែង​អំណរគុណ​យ៉ាង​ជ្រាលជ្រៅ​បំផុត​ចំពោះ​ឯកឧត្ដម​ លោកជំទាវ ​លោក​ឧកញ៉ា ​លោក ​លោកស្រី ដែល​មាន​សមាន​ចិត្ត​ក្នុង​ការ​ចូលរួម​លើកស្ទួយ​វិស័យ​កីឡាក្បាច់គុន​ កងយោធពលខេមរភូមិន្ទ ហើយ​បាន​បរិច្ចាក​ថវិកា​ផ្ទាល់ខ្លួន​កសាង​សាលា​គុន​មួយ​កន្លែង​នៅ​ក្នុង​ទីបញ្ជាការ​កងពល​តូច​ថ្មើរ​ជើង​លេខ៥១​ តាម​លក្ខណៈ​ស្តង់ដារ​លើក​ស្ទួយ​ធនធានមនុស្ស ​ទាំង​កីឡាករ​ ចៅក្រម​ អាជ្ញាកណ្ដាល។​</p><figure class=\"image\"><img src=\"https://media.sabay.com/media/sabay-news/Sport-News/Local-Sports/Bokator/Bokator-2/65fc0a8dac477_1711016580.jpg\"></figure><p>ទិដ្ឋភាពថ្ងៃប្រកួត</p><p>បញ្ជាក់​ដែរ​ថា​ ការប្រកួត​កីឡា​ក្បាច់គុន​មិត្តភាព​នេះ​មាន​សមាសភាព​កីឡាករ​ មក​ពី​សាលា​គុន​កងពលតូច​ថ្មើរ​ជើង​លេខ៥១​ ខេត្ត​បន្ទាយមានជ័យ​ សាលា​គុន​ល្បុក្កតោ​រាជធានី​ភ្នំពេញ​ ខេត្ត​កំពង់ឆ្នាំង​ និង​ខេត្ត​សៀមរាប​ ដែល​ជា​កីឡាករ​ធ្លាប់​បាន​ប្រកួត​ដណ្តើម​មេដាយ​ជូន​ជាតិ​មាតុភូមិ​ក្នុង​ព្រឹត្តិការណ៍​កីឡា​ស៊ីហ្គេម​ លើកទី៣២​ ដែល​កម្ពុជា​ធ្វើ​ជា​ម្ចាស់​ផ្ទះ។​</p><figure class=\"image\"><img src=\"http://localhost:8001/media/image_1711107536.png\"></figure><figure class=\"image\"><img src=\"http://localhost:8001/media/image_1711107545.png\"></figure><figure class=\"image\"><img src=\"http://localhost:8001/media/image_1711107552.png\"></figure><p>&nbsp;</p>',2,0,'2024-07-02 22:22:38','2024-03-22 11:42:36','2024-07-02 22:22:38'),(17,'«អេ៎ប!» ជាឧទានសព្ទ រីឯ «អែប» ជាករិយាសព្ទ','images/post_image/1803482212346130.jfif','<p><strong>យើង​មិនអាចប្រើ​ពាក្យ «អេ៎ប!» និង «អែប» លាយឡំគ្នានោះឡើយ ព្រោះក្នុង​វចនានុក្រម​ខ្មែរ សម្តេចព្រះសង្ឃរាជ ជួន ណាត មាន​ការពន្យល់ដាច់ដោយឡែក។</strong></p><p>«អេ៎ប!»&nbsp; ឬ «អេប!» ជាឧទានសព្ទ ដែលមានន័យថា សូមចៀស! ។ បើតាមការពន្យល់ក្នុង​វចនានុក្រម ពាក្យនេះ​សម្រាប់អ្នកបររថសេះស្រែកបន្លឺឲ្យសញ្ញាដល់អ្នកដើរក្នុងផ្លូវចំពីមុខរថឲ្យចៀសតាមច្បាប់ចរាចរដើរក្នុងផ្លូវ ( ដោយមិនប្រើកណ្ដឹង ) ។</p><p>រីឯ «អែប» វិញ ជា​កិរិយាសព្ទ ដែលមាន​ថា ផ្ទាប់លាក់ខ្លួនប្រប ឬពួនបំបៀតខ្លួនប្រប៖ អែបប្របជញ្ជាំង, ឈរអែបនឹងទ្វារ ។</p><p>នែបជិត, បំបៀតជិត៖ អែបទូក ។ ដាក់ផ្ទាប់ប្របៀតគ្នា, ដាក់ឬតាំងប្របគ្នា៖ ដាក់របស់អែបគ្នា ។</p><p>ទន្ទឹមកៀកគ្នាឬប្របៀតគ្នា៖ ឈើដុះអែបគ្នា, ឈរអែបគ្នា ។</p><p>តាម​ន័យ​ប្រៀបធៀប៖ ចូលប្របឬចូលផ្គាប់ផ្គុនឲ្យជិតដិត។ ឧទាហរណ៍៖ អែបលោកអ្នកធំ, អែបជិត ផ្គាប់ផ្គុនដើម្បីឲ្យជិតដិតទុកចិត្តជឿស្ដាប់, ប៉ិនអែប ប៉ិនផ្គាប់ផ្គុនឲ្យទុកចិត្ត, អែបនែប អែបជិត, អែបស៊ប់, ដាក់ផ្អបឬស៊ែមឲ្យជិតជាប់គ្នា , អែបអប ផ្គាប់ផ្គុនរណេបរណិបដើម្បីឲ្យជិតស្និទ្ធស្នាល, ឡែបឡប ។&nbsp;</p><p>ពាក្យកាព្យ៖ រីជនអែបអប ប្រើបែបឡែបឡប ប្រចុបប្រចែង បញ្ជោរនាយអាយ ដោយប្រើពាក្យក្លែង តាមតែចិត្តឯង ឲ្យបានប្រយោជន៍ ។ ពុំសូវអៀនខ្មាស បញ្ជោរផ្ដេសផ្ដាស មានឆៅមានខ្លោច អ្នកខ្សោយគំនិត ពុំគិតល្អិតល្អោច ជួនកាលដោយហោច គង់លង់តាមខ្លះ ។ អែបអាង អែបយកជាអាង,&nbsp; យកជាទីពឹងឬជាទីពំនាក់ ៕</p>',2,97,NULL,'2024-03-22 15:11:01','2024-09-13 14:01:16'),(18,'ជាតិពន្យល់ពាក្យពីនេះ ពីនោះត្រូវ​សរសេរថា​«​សម្លាញ់​»​មិនមែន​«​សំឡាញ់​»​ឬ​«​សំលាញ់​»​នោះទេ','images/post_image/1803482184138615.png','<p><strong>«​សម្លាញ់​»​ជា​ពាក្យ​តែមួយគត់​តែ​ត្រូវ​តាម​វចនានុក្រម​ខ្មែរ​សម្តេច ជួន ណាត ហើយ​ពាក្យ​ដែល​ខុសពី​នោះ មិនមែនជា​ពាក្យ​ដែល​មហាជន​គួរតែ​ប្រើ​នោះទេ​។ គេ​និយម​ប្រើពាក្យ «​សម្លាញ់​» ដោយ​សំដៅលើ​អ្នក​ដែលមាន​មនុស្ស​ជាទី​ស្រឡាញ់ ស្និទ្ធស្នាល និង​ជា​មិត្ត​ជិតដិត​។​</strong></p><p><strong>គេ​ប្រើពាក្យ​នេះ ក្នុងន័យ​ថា មនុស្ស​នោះ​ត្រូវបាន​គេ​ចាត់ទុកថា​ជាទី​ស្រឡាញ់​ពេញចិត្ត ដូចជា កូន​សម្លាញ់​, ប្រពន្ធ​សម្លាញ់ អូន​សម្លាញ់​, បង​សម្លាញ់​,​ក្មួយ​សម្លាញ់​, ប្អូន​សម្លាញ់​, មិត្តសម្លាញ់​, ទ្រព្យ​សម្លាញ់​។ សម្លាញ់ភ្ងា សម្លាញ់​ពុំងា​, សម្លាញ់​ស្មើ​ចិត្ត​៕&nbsp;</strong></p><p><br>&nbsp;</p>',2,117,NULL,'2024-03-22 15:44:52','2024-09-13 14:01:14'),(19,'ហេតុផលពិសេស Taylor Swift បញ្ចូល វីដេអូជីដូននៅប្រាសាទខ្មែរ ក្នុងបទ \"Marjorie\"','images/post_image/1794395255661426.jfif','<p><strong>Marjorie</strong> គឺ​ជា​បទ​ចម្រៀង​ល្បីមួយ​ ដែល​ច្រៀង​ដោយ​អ្នក​ចម្រៀង​​បែប​ប៉ុប​ដ៏​ល្បីល្បាញ​របស់​សហ​អាមេរិក​គឺ​ <strong>Taylor Swift</strong>​ ដែល​​ចេញ​ផ្សាយ​វីដេអូ​ផ្លូវការ​​លើ​បណ្ដាញ​ <strong>YouTube</strong> កាល​ពី​ថ្ងៃ​ទី​១១ ខែ​ធ្នូ​ ឆ្នាំ​២០២០។​​​​​​​​​​​​​​​​​​​​​​​​​​​​​​​​​​​​​​​​​​​​​​​​​​​​​​​​​​​​​​​​​​​​​​​​​​​​​​​​​​​​​​​​​​​​​​​​​​​​​​​​​​​​​​​​​​​​​​​​​​​​​​​​​​​​​​​​​​​​​​​​​​​​​​​​​​​​​​​​​​​​​​​​​​​​​​​​​​​​​​​​​​​​​​​​​​​​​​​​​​​​​​​​​​​​​​​​​​​​​​​​​​​​​​​​​​​​​​​​​​​​​​​​​​​​​​​​​​​​​​​​​​​​​​​​​​​​​​​​​​​​​​​​​​​​​​​​​​​​​​​​​​​​​​​​​​​​​​​​​​​​​​​​​​​​​​​​​​​​​​​​​​​​​​​​​​​​​​​​​​​​​​​​​​​​​​​​​​​​​​​​​​​​​​​​​​​​​​​​​​​​​​​​​​​​​</p><figure class=\"media\"><oembed url=\"https://youtu.be/hP6QpMeSG6s\"></oembed></figure><p>ក្នុង​នោះ​អ្វី​ដែល​ពិសេស​គឺ​ក្នុង​វីដេអូ​បទ​ថ្មី​របស់​តារា​ចម្រៀង​អាមេរិក​រូបនេះ បាន​រំលេច​នៅ​ប្លង់​ប្រាសាទ​បុរាណ​ខ្មែរ​ដ៏​ល្បី​ខ្ទរខ្ទារ​មួយ​គឺ​ប្រាសាទ​តា​ព្រហ្ម​ ​ស្នា​ព្រះហស្ត​ព្រះ​បាទ​ជ័យ​វរ្ម័ន​ទី​៧​ ​ក្នុង​រមណីយដ្ឋាន​អង្គរ​ ជា​បេតិកភណ្ឌ​ពិភពលោក​ ស្ថិត​ក្នុង​ខេត្ត​សៀមរាប​ ប្រទេស​កម្ពុជា។​​​​​​​​​​​​​​​​​​​​​​​​​​​​​​​​​​​​​​​​​​​​​​​​​​​​​​​​​​​​​​​​​​​​​​​​​​​​​​​​​​​​​​​​​​​​​​​​​​​​​​​​​​​​​​​​​​​​​​​​​​​​​​​​​​​​​​​​​​​​​​​​​​​​​​​​​​​​​​​​​​​​​​​​​​​​​​​​​​​​​​​​​​​​​​​​​​​​​​​​​​​​​​​​​​​​​​​​​​​​​​​​​​​​​​​​​​​​​​​​​​​​​​​​​​​​​​​​​​​​​​​​​​​​​​​​​​​​​​​​​​​​​​​​​​​​​​​​​​​​​​​​​​​​​​​​​​​​​​​​​​​​​​​​​​​​​​​​​​​​​​​​​​​​​​​​​​​​​​​​​​​​​​​​​​​​​​​​​​​​​​​​​​​​​​​​​​​​​​​​​​​​​​​​​​​​​​​​​​​​​​​​​​​​​​​​​​​​​​​​​​​​​​​​​​​​​​​​​​​​​​​​​​​​​​​​​​​​​​​​​​​​​​​​​​​​​​​​​​​​​​​​​​​​​​​​​​​​​​​​​​​​​​​​​​​​​​​</p><p>&nbsp;</p><figure class=\"image\"><img src=\"http://localhost:8001/media/image_1711268592.png\"></figure><p>ជាការពិត <strong>Marjorie</strong> គឺ​សំដៅ​លើ​ឈ្មោះ​របស់​លោក​យាយ​របស់​ <strong>Taylor Swift</strong>​ គឺ​លោក​ស្រី​ <strong>Marjorie Finlay</strong> ជា​អ្នក​ចម្រៀង​បែប​អូប៉េរ៉ា​របស់​អាមេរិក​ដ៏​លេច​ធ្លោ​មួយ​រូប​ ហើយ​លោក​ស្រី​ធ្លាប់​បាន​ទៅ​ទស្សនា​ប្រាសាទ​បុរាណ​ខ្មែរ​គឺ​​ <strong>ប្រាសាទ​តាព្រហ្ម​</strong> កាល​ពី​សម័យ​មុន​សង្គ្រាម​ស៊ីវិល​នៅ​កម្ពុជា​។​​​​​​​​​​​​​​​​​​​​​​​​​​​​​​​​​​​​​​​​​​​​​​​​​​​​​​​​​​​​​​​​​​​​​​​​​​​​​​​​​​​​​​​​​​​​​​​​​​​​​​​​​​​​​​​​​​​​​​​​​​​​​​​​​​​​​​​​​​​​​​​​​​​​​​​​​​​​​​​​​​​​​​​​​​​​​​​​​​​​​​​​​​​​​​​​​​​​​​​​​​​​​​​​​​​​​​​​​​​​​​​​​​​​​​​​​​​​​​​​​​​​​​​​​​​​​​​​​​​​​​​​​​​​​​​​​​​​​​​​​​​​​​​​​​​​​​​​​​​​​​​​​​​​​​​​​​​​​​​​​​​​​​​​​​​​​​​​​​​​​​​​​​​​​​​​​​​​​​​​​​​​​​​​​​​​​​​​​​​​​​​​​​​​​​​​​​​​​​​​​​​​​​​​​​​​​​​​​​​​​​​​​​​​​​​​​​​​​​​​​​​​​​​​​​​​​​​​​​​​​​​​​​​​​​​​​​​​​​​​​​​​​​​​​​​​​​​​​​​​​​​​​​​​​​​​​​​​​​​​​​​​​​​​​​​​​​​</p><p>&nbsp;</p><p>វីដេអូ​របស់​អ្នក​ស្រី​ <strong>Marjorie</strong> ទស្សនា​ប្រាសាទ​តាព្រហ្ម​ ត្រូវ​បាន <strong>Taylor Swift​​</strong> បញ្ចូល​ទៅ​ក្នុង​បទ <strong>Marjorie</strong> ដែល​រ៉ាយរ៉ាប់​ពី​លោក​យាយ​របស់​នាង​​។ <strong>Marjorie</strong> កើត​នៅ​ថ្ងៃ​ទី​៥ ខែ​តុលា​ ឆ្នាំ​១៩២៨​ និង​បាន​ស្លាប់​កាល​ពី​ឆ្នាំ​ ២០០៣ នៅ​ពេល​ដែល <strong>Taylor Swift</strong> មាន​អាយុ​ ១៤​ឆ្នាំ​ ប៉ុណ្ណោះ។​ លោក​យាយ <strong>Marjorie</strong> ត្រូវ​បាន​គេ​ជឿថា​ជា​បុគ្គល​ដែល​ជាក់​ឥទ្ធិពល​បំផុត​ក្នុង​ជីវិត​របស់​ <strong>Taylor</strong> រហូត​ធ្វើឲ្យ​នាង​ក្លាយ​ជា​អ្នក​ចម្រៀង​ប៉ុប​ដ៏​ល្បីល្បាញ​លើ​ពិភពលោក​ដូច​សព្វ​ថ្ងៃ៕​​​​​​​​​​​​​​​​​​​​​​​​​​​​​​​​​​​​​​​​​​​​​​​​​​​​​​​​​​​​​​​​​​​​​​​​​​​​​​​​​​​​​​​​​​​​​​​​​​​​​​​​​​​​​​​​​​​​​​​​​​​​​​​​​​​​​​​​​​​​​​​​​​​​​​​​​​​​​​​​​​​​​​​​​​​​​​​​​​​​​​​​​​​​​​​​​​​​​​​​​​​​​​​​​​​​​​​​​​​​​​​​​​​​​​​​​​​​​​​​​​​​​​​​​​​​​​​​​​​​​​​​​​​​​​​​​​​​​​​​​​​​​​​​​​​​​​​​​​​​​​​​​​​​​​​​​​​​​​​​​​​​​​​​​​​​​​​​​​​​​​​​​​​​​​​​​​​​​​​​​​​​​​​​​​​​​​​​​​​​​​​​​​​​​​​​​​​​​​​​​​​​​​​​​​​​​​​​​​​​​​​​​​​​​​​​​​​​​​​​​​​​​​​​​​​​​​​​​​​​​​​​​​​​​​​​​​​​​​​​​​​​​​​​​​​​​​​​​​​​​​​​​​​​​​​​​​​​​​​​​​​​​​​​​​​​​​​</p><figure class=\"image\"><img src=\"http://localhost:8001/media/image_1711268607.png\"></figure><figure class=\"image\"><img src=\"http://localhost:8001/media/image_1711268613.png\"></figure><figure class=\"image\"><img src=\"http://localhost:8001/media/image_1711268619.png\"></figure>',2,0,'2024-07-02 22:22:33','2024-03-24 08:24:29','2024-07-02 22:22:33'),(20,'អ្វីទៅជា​ព្រឹត្តិការណ៍​ សមរាត្រី? ហេតុអ្វី​កើតឡើង​ចំពោះ​ប្រាសាទ​អង្គរវត្ត​តែមួយគត់?','images/post_image/1794395635513372.jpg','<p>អ្នកជំនាញនៃ​អាជ្ញាធរជាតិ​អប្សរា បានឱ្យដឹង​ថា បាតុភូត​ធម្មជាតិ​នៃប្រព័ន្ធព្រះអាទិត្យ&nbsp; ដែលគេ​ហៅថា «សមរាត្រី » ន័យសាមញ្ញ គឺ រយៈពេលថ្ងៃនិងយប់ស្មើគ្នា ត្រូវនឹងព្រឹត្តិការណ៍ព្រះអាទិត្យរះ នៅចំកំពូលកណ្ដាលនៃប្រាសាទអង្គរវត្ត ដែលគេអាចមើលឃើញច្បាស់ពីគុកតារាជ។</p><p>លោក អ៊ឹម សុខរិទ្ធី&nbsp; បុរាណវិទូ និងជាប្រធាននាយកដ្ឋានអភិរក្សប្រាសាទ&nbsp; ក្នុងឧទ្យានអង្គរ និងបុរាណវិទ្យាបង្ការ នៃអាជ្ញាធរជាតិអប្សរា បានពន្យល់ថា សមរាត្រីគឺជាពេលវេលា ដែលរវាងពេលថ្ងៃ និងពេលយប់ ឱ្យមានរយៈពេលស្មើគ្នា ដោយខុសពីខែ​ធម្មតាខ្លះ រយៈពេលយប់វែងជាងពេលថ្ងៃ ឬក៏រយៈពេលថ្ងៃវែងជាងយប់នោះ គឺជាព្រឹត្តិការណ៍ទូទៅរបស់ផែនដី ដែលតែងតែកើតមាននៅក្នុងពិភពលោក។</p><figure class=\"image\"><img src=\"http://localhost:8001/media/image_1711268973.png\"></figure><p>&nbsp; &nbsp; &nbsp; &nbsp; &nbsp; &nbsp; &nbsp; &nbsp; &nbsp; &nbsp; &nbsp; &nbsp; &nbsp; &nbsp; &nbsp; &nbsp; &nbsp; &nbsp; &nbsp; &nbsp; &nbsp; &nbsp; &nbsp; &nbsp; &nbsp; &nbsp; &nbsp; &nbsp; &nbsp;<i>រូបភាព៖ អាជ្ញាធរជាតិអប្សរា (ថ្ងៃទី២២ ខែមីនា ឆ្នាំ​២០២៤)</i></p><p>លោកបន្តថា សម្រាប់ប្រាសាទអង្គរវត្ត ដែលមានព្រឹត្តិការណ៍សមរាត្រីកើតឡើងនេះ មិនមែនជារឿង ចៃដន្យទេ វាគឺជាលក្ខណៈពិសេសរបស់បុព្វបុរសខ្មែរ ដែលរៀបចំស្ថាបត្យកម្មប្លង់របស់ប្រាសាទទុកមុន​ជាស្រេច ដោយ​បំណងតម្រូវ​តាម​បាតុភូតធម្មជាតិ​ឱ្យប្រាសាទអង្គរវត្ត​ បង្កើតជាព្រឹត្តិការណ៍ថ្ងៃរះចំកំពូលកណ្ដាលនៃប្រាសាទអង្គរវត្ត​នេះឡើង។ អាចនិយាយបាន ថាព្រឹត្តិការណ៍ ពិសេស ថ្ងៃរះចំកណ្ដាលនៃកំពូលប្រាសាទអង្គរវត្ត&nbsp; ប្រហែលជាអច្ឆរិយនេះ&nbsp; កើតមានតែនៅលើ ប្រាសាទអង្គរវត្ត នៃប្រទេសកម្ពុជា តែប៉ុណ្ណោះ&nbsp; ចំណែក ឯសំណង់បុរាណ ជាច្រើន នៅលើប្រទេសដទៃទៀតក្នុងពិភពលោក គឺមិនអាចរៀបចំដូច្នេះបានទេ។</p><p>&nbsp;</p><p>ការស្រាវជ្រាវបានបង្ហាញថា ប្រហែលជាមានតែអង្គរវត្តតែមួយគត់ ដែលបានរៀបចំក្នុងបរិក្ខារគ្រប់គ្រងរបស់ព្រះអាទិត្យ ហើយពេលថ្ងៃនិងយប់ លិចចំកណ្តាលកំពូលរបស់អង្គរវត្ត លើសពីហ្នឹងក៏មានពេលថ្ងៃវែងជាងយប់ ពេលយប់វែងជាងថ្ងៃ ក៏វានៅក្នុងប្លង់របស់ប្រាសាទអង្គរវត្តដែរ នេះចំណុចពិសេសដែលថា មានតែមួយគត់នៅលើលោកនេះ ដែលសំណង់បែបហ្នឹង ហើយធំស្កឹមស្កៃបែបហ្នឹង ដែលស្ថាបនាឡើង ដើម្បីគ្រប់គ្រងដំណើរគោចរនៃព្រះអាទិត្យ មួយឆ្នាំមាន២ដង ​នៅក្នុងខែមីនា និងខែកញ្ញា។</p><figure class=\"image\"><img src=\"http://localhost:8001/media/image_1711269000.png\"></figure><p><i>&nbsp; &nbsp; &nbsp; &nbsp; &nbsp; &nbsp; &nbsp; &nbsp; &nbsp; &nbsp; &nbsp; &nbsp; &nbsp; &nbsp; &nbsp; &nbsp; &nbsp; &nbsp; &nbsp; &nbsp; &nbsp; &nbsp; &nbsp; &nbsp; &nbsp; &nbsp; &nbsp; &nbsp; &nbsp; &nbsp; &nbsp; រូបភាព៖ អាជ្ញាធរជាតិអប្សរា (ថ្ងៃទី២២ ខែមីនា ឆ្នាំ​២០២៤)</i></p><p><i>បើតាម​អ្នក​ជំនាញ​ ការកសាងបែបនេះ មានមូលហេតុយ៉ាងសំខាន់ ដែលយើងអាចឆ្លើយនិងសំណួរ ដែលតែងសួរថា ហេតុអ្វីអង្គរវត្ត បែរមុខទៅលិច គឺក្នុងគោលដៅគេធ្វើដើម្បីឱ្យថាមពលនៃចក្រភពរបស់ខ្មែរ គ្រប់គ្រងអំណាចទាំងមូលរបស់ចក្រវាឡ ដែលមានព្រះអាទិត្យជាតំណាង ហើយភស្តុតាង គឺយើងឃើញច្បាស់ ដែលយើងស្គាល់ស្តេចសាងអង្គរវត្ត គឺព្រះបាទសូរ្យវរ្ម័នទី២ ស្អីទៅជាសូរ្យវរ្ម័ន បានន័យថា ជាអ្នក មនុស្ស ឬជន ដែលទទួលការការពារពីព្រះអាទិត្យ៕</i></p>',2,1,'2024-07-02 22:24:29','2024-03-24 08:30:31','2024-07-02 22:24:29'),(21,'បច្ចេកវិទ្យាសាកថ្មលឿន អាចប៉ះពាល់ដល់អាយុកាលថ្មទូរសព្ទឬអត់?','images/post_image/1794396075041828.jpg','<p>បច្ចុប្បន្នបច្ចេកវិទ្យាសាកថ្មល្បឿនលឿនត្រូវបានប្រើប្រាស់យ៉ាងទូលំទូលាយ ដូចឃើញឆ្នាំងសាកល្បឿនលឿនជាដើម។ យ៉ាងណាមិញ សាកថ្មកាន់តែឆាប់ពេញថ្វីបើផ្ដល់ប្រយោជន៍ក៏ពិតមែន ប៉ុន្ដែធ្វើឱ្យអ្នកប្រើកាន់តែបារម្ភ ថាតើវាអាចប៉ះពាល់ដល់អាយុកាលនៃថ្មដែរឬយ៉ាងណា?</p><figure class=\"image\"><img src=\"http://localhost:8001/media/image_1711269283.png\"></figure><p>តាមពិតទៅបច្ចេកវិទ្យាសាកថ្មល្បឿនលឿន មិនមានផលប៉ះពាល់ដល់សុខភាពថ្មនោះទេ ព្រោះរាល់ពេលបញ្ចូលថ្មម្ដងៗ ស្មាតហ្វូនមានមុខងារ Battery management system ដើម្បីរក្សាអាយុកាលនៃថ្ម ក៏ដូចជាការពារពីការផ្ទុះជាដើម។ មុខងារនេះបែងចែកការបញ្ចូលថ្មជាពីរដំណាក់កាល។</p><figure class=\"image\"><img src=\"http://localhost:8001/media/image_1711269320.png\"></figure><ul><li>ដំណាក់កាលទី១ គឺបញ្ចូលថាមពលថ្មដោយមានល្បឿនលឿន ដោយសាកពី ០% ដល់ ៥០% ឬ ៧០% ចំណាយពេល ១០ ទៅ ១៥នាទី ឬ៣០នាទី ប៉ុណ្ណោះ។ ដំណាក់សាកដំបូងនេះមានល្បឿនលឿន ព្រោះតែថ្មទូរសព្ទអាចទទួលយកថាមពលបានយ៉ាងឆាប់រហ័ស និងមិនមានផលប៉ះពាល់អវិជ្ជមានធ្ងន់ធ្ងរឡើយ។</li><li>ដំណាក់កាលទី២ គឺការបញ្ចូលថាមពលពី ៧០% ឬ ៨០% ដល់ពេញ ល្បឿនសាកនឹងត្រូវបន្ថយចុះ ហើយល្បឿននៃការសាកត្រូវបានគ្រប់គ្រងដោយប្រុងប្រយ័ត្ន បើមិនដូចច្នោះទេអាចធ្វើឱ្យថ្មទូរសព្ទខូច ឬផ្ទុះបាន។ នេះជាមូលហេតុដែលធ្វើឲ្យការសាកថ្មចាប់ពី ៧០% ឬ ៨០% ឃើញថាមិនឡើងភាគរយថ្មលឿនដូចជាពេលសាកនៅភាគរយទាបៗនោះទេ។</li></ul><figure class=\"image\"><img src=\"http://localhost:8001/media/image_1711269383.png\"></figure><p>​ដូច​នេះ​​បច្ចេកវិទ្យា​សាក​ថ្ម​ឆាប់​ពេញ​មិន​​មែន​ជា​ដើម​ហេតុ​ធ្វើ​ឲ្យ​ស្មាតហ្វូន​ឆាប់​ខូច​ថ្ម​នោះ​ទេ ប៉ុន្តែ​គឺ​​​កត្តា​មួយ​ចំនួន​ទៀត​ទៅ​វិញ​ទេ​ដែល​ធ្វើ​ឲ្យ​​ថ្ម​ឆាប់​ខូច។</p><p>ការ​សិក្សា​មួយ​ចំនួន​បាន​បង្ហាញ​ថា​ទម្លាប់​នៃ​​ការ​សាក​ថ្ម​ស្មាតហ្វូន​ឲ្យ​ដល់​ពេញ ១០០% ហើយ​​នៅ​បន្ត​ដោត​វា​ចោល​​ទៀត​នោះ ​អាច​ធ្វើ​ឲ្យ​​​ប៉ះពាល់​ដល់​សុខភាព​ថ្ម​ ប្រសិន​បើ​អ្នក​ប្រើ​​ប្រកាន់​ខ្ជាប់​ទម្លាប់​នេះ​​ជា​ទៀង​ទាត់។ ​​​​​</p><p>ដោយ​គិត​គូរ​លើ​បញ្ហា​នេះ Appleបាន​បញ្ចេញ​មុខងារ​ថ្មី​មួយ​លើ​ iOS 13 ​ដែល​មានឈ្មោះថា Optimized Battery Charging។ មុខងារនេះដំណើរការដោយសិក្សាពីសកម្មភាពសាកថ្មប្រចាំថ្ងៃរបស់អ្នកប្រើ។ ​ឧទាហរណ៍​អ្នកទម្លាប់សាកថ្មមុនពេលចូលគេង នោះ iPhone នឹងចាប់ផ្ដើមសាកថ្មពី ០% ដល់ ៨០% បន្ទាប់មកវានឹងផ្អាកការសាកថ្មសិន ហើយនឹងចាប់ផ្ដើមសាកដល់ ១០០% ឱ្យបានមុនពេលអ្នកភ្ញាក់ពីគេង។ មុខងារនេះមានប្រសិទ្ធភាពបំផុតសម្រាប់អ្នកដែលមានទម្លាប់ទៀងទាត់។</p><figure class=\"image\"><img src=\"http://localhost:8001/media/image_1711269394.png\"></figure><p>​យ៉ាងណាក្ដី​ បើ​​មិន​អាច​ពឹង​ពាក់​លើ​មុខងារ Optimized Battery Charging ដោយ​សារ​ទម្លាប់​របស់​អ្នក​មិន​ទៀង​ទាត់ ឬ​ស្មាតហ្វូន​របស់​អ្នក​មិន​មាន​មុខងារ​នេះ អ្នក​ក៏​អាច​​សាក​​ល្បង​ដក​ឌុយ​ទូរសព្ទ​ចេញ​ពេល​សាក​ដល់​ត្រឹម ៩០% ឬ​ពេល​ជិត​ពេញ ១០០% ជា​ដើម ដើម្បី​ធ្វើ​ឲ្យ​ថ្ម​មាន​អាយុ​វែង។​​</p><p>ទម្លាប់មួយ​ទៀត​ដែល​ធ្វើ​ឲ្យ​ថ្ម​ឆាប់​ខូច​គឺ​ការ​ប្រើ​ប្រាស់​ទូរសព្ទ​រហូត​ដល់​អស់​ថ្ម​រលត់​ជា​ញឹកញាប់។ ការ​ប្រើ​រហូត​ដល់​ទូរសព្ទ​រលត់​អាច​បង្ក​ជា​ប្រតិកម្ម​គីមី​ម្យ៉ាង​ ដែល​ធ្វើ​ឲ្យ​​សមត្ថភាព​កាន់​ថាមពល​របស់​ថ្ម​មិន​អាច​ស្ថិត​នៅ​យូរ​អង្វែង។ ​មាន​ការ​ណែនាំ​ថា​ពេល​ថាមពល​ថ្ម​ស្រក​នៅ​សល់​ត្រឹម​ប្រហែល ២០% ឬ ៣០% គួរ​តែ​សាក​បញ្ចូល​វា។​មួយ​វិញ​ទៀត​​​កម្ដៅ​គឺ​ជា​សត្រូវ​ដ៏​ធំ​មួយ​របស់​ថ្ម ដោយ​កម្ដៅ​ក្ដៅ​ត្រូវ​បាន​គេ​ដឹង​ថា​អាច​ធ្វើ​ឲ្យ​ប៉ះពាល់​ដល់​អាយុ​កាល​របស់​ថ្ម។ ដូច​នេះ​​រក្សា​ទុក​ទូរសព្ទ​កុំ​ឲ្យ​ចំ​កំដៅ​ថ្ងៃ និង​ជៀស​វាង​ការ​ប្រើ​ទូរសព្ទ​ក្រោម​កំដៅ​ថ្ងៃ​រយៈ​ពេល​យូរ។<br><img src=\"http://localhost:8001/media/image_1711269427.png\">គួរ​បញ្ជាក់​ដែរ​ថា​ការ​ប្រើ​ប្រាស់​ដុំ​សាក​​លាយ​ឡំ​គ្នា (ខ្ចី​ឆ្នាំង​សាក​អ្នក​ដទៃ​ប្រើ) មិន​មាន​ប៉ះពាល់​ដល់​អាយុ​កាល​របស់​ថ្ម​នោះ​ទេ។ ប៉ុន្តែ​សម្រាប់​ស្មាតហ្វូន​ខ្លះ​​អាច​សាក​ថ្ម​មិន​ឆាប់​ពេញ ប្រសិន​បើ​ប្រើ​ប្រាស់​ឆ្នាំង​សាក​មាន​កម្លាំង​ខ្សោយ​ជាង​សមត្ថភាព​គាំទ្រ​របស់​ស្មាតហ្វូន​នោះ៕​​​​</p><p>&nbsp;</p>',2,3,'2024-07-02 22:23:38','2024-03-24 08:37:30','2024-07-02 22:23:38'),(22,'សរសេរ «​សំអាត​»​ក៏បាន «​សម្អាត​»​ក៏ត្រូវ​ដែរ','images/post_image/1794396717662320.jpg','<p><strong>វចនានុក្រម​ខ្មែរ​សម្តេច ជួន ណាត បានបញ្ជាក់​និយមន័យ ធ្វើ​ឲ្យ​ស្អាត និង​ឲ្យ​អស់​មន្ទិល ដែល​ត្រូវ​នឹង​ពាក្យ​ដោយ​សរសេរ​បាន​ពីរបែប គឺ​សរសេរ​ជា​«​សំអាត​»​ក៏បាន ឬ​«​សម្អាត​»​ក៏បាន​ដែរ គឺ​សុទ្ធតែ​ត្រឹមត្រូវ​ដូចគ្នា​។</strong></p><figure class=\"image\"><img src=\"http://localhost:8001/media/image_1711270044.jpeg\" alt=\"Kim San Officiall កូនកាត់បីសាសន៍ - # ប្រវត្តិ​រូបសង្ខេប​របស់សម្តេចសង្ឈរាជ​  ជួន​ ណាត វចនានុក្រម​នោះ​បាន​បន្សល់​ទុក​ឲ្យ​កូន​ចៅ​ខ្មែរ​ប្រើប្រាស់​រហូត ...\"></figure><p>លើកលែងតែ​ពាក្យ​មួយចំនួន​ដែល​មិនអាច​សរសេរ​ជា​ព្យាង្គ​តម្រួត​បាន ដោយ​រក្សាទុក​នូវ​ព្យាង្គ​រាយ​ដដែល ដែល​ពាក្យ​ទាំងនោះ​មានដូចជា សំរាម និង​ជំងឺ ជាដើម​។&nbsp;</p><p>​សម្រាប់​ពាក្យ​ដែល​សរសេរ​ជា​ព្យាង្គ​រាយ ទៅ​ព្យាង្គ​តម្រួត​មានដូចជា​៖ រំងាប ឬ​រម្ងាប់​, រំងាស់ ឬ​រម្ងាស់​, រំងើក ឬរ​ម្ងើ​ង​, រំដោះ ឬ​រម្តោះ​, រំលឹក ឬ​រម្លឹក​, រំលាយ ឬ រម្លាយ​, រំលប់ ឬ​រម្លប់​, រំលុះ ឬ​រម្លុះ​, រំលត់ ឬ​រម្លត់​, រំលំ ឬ​រម្លំ​, រំលូត ឬ​រម្លូត​, រំលើង ឬ​រម្លើង​, រំសាយ ឬ​រម្សាយ​, រំហើយ ឬ​រម្ហើយ​, រំហែ ឬ​រម្ហែ​, រំអិល ឬ​រម្អិល​, រំលស់ ឬ​រម្លស់​, រំងក ឬ​រម្ងក​, ចំលើយ ឬ​ចម្លើយ​, សំនួរ ឬ​សំណួរ​, ចំនេះ ឬ​ចំណេះ​, សំដី ឬ​សម្តី​, សំវាស ឬ​សង្វាស​, សំវេគ ឬ​សង្វេគ​, សំងាត់ ឬ​សម្ងាត់​, កំរិត ឬ​កម្រិត​, តំរូវ ឬ​តម្រូវ​, សំរាប់ ឬ​សម្រាប់​, បំរាម ឬ​បម្រាម​, រំលោក ឬ​រម្លោក​, រំអា ឬ​រម្អា​, សំអាត ឬ​សម្អាត​, សំគាល់ ឬ​សម្គាល់​, សំងាច ឬ​សម្ងាច​, សំដែង ឬ​សម្តែង​, កំដៅ ឬ​កម្តៅ​, សំដៅ ឬ​សម្តៅ​, លំអៀង ឬ​លម្អៀង​, សំលាប់ ឬ​សម្លាប់​, សំគាំង ឬ​សម្គាំង​, សំបូរ ឬ​សម្បូរ​, សំភី ឬ​សម្ភី​។​ល​៕&nbsp;</p><p>+ប្រភព: Thmey Thmey</p>',2,6,'2024-07-02 22:24:07','2024-03-24 08:47:43','2024-07-02 22:24:07'),(23,'កីឡាអន្តរជាតិអន្តរជាតិឪពុក Neymar និយាយចំៗថា មិនចំណាយលុយជួយ Alves ដើម្បីនៅក្រៅឃុំឡើយ','images/post_image/1794397123161177.jpg','<p><strong>ឪពុករបស់តារាឆ្នើមប្រេស៊ីល Neymar Jr និយាយថា គ្រួសារលោកនឹងមិនចំណាយប្រាក់ ១លានអឺរ៉ូ (១,១លានដុល្លារ) ដើម្បីស្នើឱ្យកីឡាករ Dani Alves រស់នៅក្រៅការឃុំឃាំងពន្ធនាគារប្រទេសអេស្ប៉ាញនោះឡើយ។ អតីតខ្សែការពារស្លាបក្រុម Barcelona កន្លងមករង់ការចោទប្រកាន់ពីបទរំលោភបំពានផ្លូវភេទ លើនារីម្នាក់ក្នុងក្លិបមួយកន្លែង។</strong></p><p><br><img src=\"https://image.thmeythmey.com/pictures/2024/03/22/22320241700untitled-2.jpg\"><br>Alves រកឃើញថា បានប្រព្រឹត្តិខុសដោយរំលោភបំពានផ្លូវភេទលើនារីម្នាក់ ក្នុងក្លិបកម្សាន្តមួយកន្លែង ក្នុងទីក្រុង Barcelona កាលឆ្នាំ ២០២២។<br>&nbsp;</p><p>«សម្រាប់យើង គ្រួសារយើង រឿងនេះត្រូវបានបញ្ចប់ហើយ បញ្ចប់តែម្តង។ វាស្ថិតក្នុងកាលៈទេសៈផ្សេងគ្នា។ ជាមួយនឹងសេចក្តីសម្រេចរបស់តុលាការអេស្ប៉ាញ សម្រាប់ការកាត់ទោសលើរូបគេ ក៏មានការរំពឹងទុក និងការប៉ុនប៉ងភ្ជាប់ឈ្មោះខ្ញុំ និងកូនប្រុសទៅនឹងបញ្ហា ដែលមិនស្ថិតក្នុងរង្វង់គ្រប់គ្រងរបស់យើងទៀតទេ។»។ នេះបើតាមសេចក្តីថ្លែងការណ៍របស់លោក Neymar Santos Sr។</p><figure class=\"image\"><img src=\"https://image.thmeythmey.com/pictures/2024/03/22/download.jpg\"></figure><p>ក្រោមច្បាប់ប្រទេសអេស្ប៉ាញ Alves ប្រឈមជាប់ពន្ធនាគារ រយៈពេលពី៤ ទៅ ១២ឆ្នាំ ខណៈរូបគេក៏ត្រូវបង់ជាប្រាក់ពិន័យចំនួន ១៥០,០០០អឺរ៉ូ (១៦០,០០០ដុល្លារ) ដោយគ្មានការតវ៉ាអ្វីទាំងអស់។<br>&nbsp;</p><p>Neymar Jr និង Alves ធ្លាប់ជាមិត្តរួមក្រុមនៅក្លិប Barcelona និង Paris Saint Germain ទាំងនៅក្រុមជម្រើសជាតិប្រេស៊ីលថែមទៀត។&nbsp;<br>&nbsp;</p><p>កន្លងមក Alves បានដាក់សំណើរសុំដោះលែងឱ្យនៅក្រៅឃុំ ប៉ុន្តែត្រូវបានបដិសេធ ព្រោះតែតុលាការចាត់ទុកថា ការអនុញ្ញាតលាយឡំហានិភ័យនៃការលួចហោះហើរចេញពីប្រទេសអេស្ប៉ាញ។ ប្រទេសប្រេស៊ីល ជាប្រទេសដែលមិនធ្វើបត្យាប័នពលរដ្ឋរបស់ខ្លួនទេ នៅពេលដែលពួកគេត្រូវបានកាត់ទោសនៅប្រទេសផ្សេង។</p><figure class=\"image\"><img src=\"https://image.thmeythmey.com/pictures/2024/03/22/neymar-santos.jpg\"></figure><p>ជាលក្ខខណ្ឌនៅក្រៅឃុំ Alves នឹងត្រូវដកហូតលិខិតឆ្លងដែនប្រេស៊ីល និងអេស្ប៉ាញរបស់គេ ហើយត្រូវហាមឃាតមិនឱ្យចេញពីប្រទេសអេស្ប៉ាញ ខណៈរូបគេមានទីលំនៅក្នុងទីក្រុង Barcelona។<br>&nbsp;</p><p>ដោយឡែករឿងស្រដៀងគ្នានេះ បានកើតឡើងលើអតីតកីឡាករក្រុមជម្រើសជាតិប្រេស៊ីលមួយរូបទៀត គឺកីឡាករ Robinho ដែលត្រូវបានតុលាការអ៊ីតាលី កាត់ទោសឱ្យជាប់ពន្ធនាគាររយៈពេល ១០ឆ្នាំ ក្រោយរកឃើញ រំលោភលើស្ត្រីម្នាក់ក្នុងប្រទេសអ៊ីតាលី អំឡុងឆ្នាំ ២០១៧៕</p><p>+ប្រភព: Thmey Thmey</p>',2,6,'2024-07-02 22:22:24','2024-03-24 08:54:09','2024-07-02 22:22:24'),(24,'ច្បាស់ហើយថា អង្គរសង្ក្រាន្ត ឆ្នាំនេះ ធ្វើ ឬមិនធ្វើ!','images/post_image/1794585281984446.jfif','<p>ព្រឹត្តិការណ៍អង្គរសង្រ្កាន្ត​ឆ្នាំ២០២៤នេះ គឺ​មិនត្រូវបានប្រារព្ធធ្វើឡើងឡើយ។ នេះបើតាម​ការប្រកាស​របស់​ទំព័រហ្វេសប៊ុក «ព្រឹត្តិការណ៍អង្គរសង្ក្រាន្ត» នៅថ្ងៃទី២៥ ខែមីនា ឆ្នាំ​២០២៤។</p><figure class=\"image\"><img src=\"http://localhost:8001/media/image_1711449778.png\"></figure><p>ទំព័រហ្វេសប៊ុកនេះ បាន​សរសេររៀបរាប់ថា ក្រុមការងាររៀបចំព្រឹត្តិការណ៍ «អង្គរសង្រ្កាន្ត» មានមោទនភាពដែលបាននាំយកសម្បត្តិវប្បធម៌ដ៏សំបូរបែបរបស់ដូនតាខ្មែរមកដាក់បង្ហាញដល់បងប្អូនប្រជាពលរដ្ឋខ្មែរ និងភ្ញៀវទេសចរណ៍អន្តរជាតិ នៅលើទឹកដីអង្គរចាប់តាំងពីឆ្នាំ២០១៣ រហូតដល់ឆ្នាំ២០២៣។ រយៈពេល១០ឆ្នាំមកនេះ «អង្គរសង្រ្កាន្ត» បានក្លាយជាស្មារតីនៃការប្រារព្ធពិធីបុណ្យចូលឆ្នាំថ្មីប្រពៃណីជាតិ ជាលក្ខណៈមហាគ្រួសារខ្មែរតែមួយ។</p><figure class=\"image\"><img src=\"http://localhost:8001/media/image_1711449729.png\"></figure><p>គោលបំណងធំមួយរបស់ព្រឹត្តិការណ៍ «អង្គរសង្រ្កាន្ត» គឺការជំរុញទឹកចិត្តដល់ប្រជាពលរដ្ឋទូទៅឱ្យចូលរួមអបអរសាទរពិធីបុណ្យចូលឆ្នាំថ្មី ដែលរយៈពេល១០ឆ្នាំចុងក្រោយនេះ ព្រឹត្តិការណ៍សង្រ្កាន្តនានា ត្រូវបានរៀបចំឡើងយ៉ាងផុលផុសនៅតាមបណ្តារាជធានី-ខេត្ត ក្រុង-ស្រុក-ខណ្ឌ ឃុំ-សង្កាត់ រហូតដល់សង្រ្កាន្តតាមវិទ្យាល័យ និងគ្រឹះស្ថានឧត្តមសិក្សាជាដើម។</p><p>ផេក«ព្រឹត្តិការណ៍អង្គរសង្ក្រាន្ត» បន្តទៀតថា បើទោះបីជា «អង្គរសង្រ្កាន្ត» មិនមានវត្តមានក្នុងពីធីបុណ្យចូលឆ្នាំថ្មី ប្រពៃណីជាតិ សម្រាប់ឆ្នាំនេះ ក៏ស្មារតី «អង្គរសង្រ្កាន្ត» ក្នុងរយៈពេល១០ឆ្នាំនេះ បានចាក់ឬសគល់យ៉ាងមាំក្នុងបេះដូងប្រជាពលរដ្ឋខ្មែរ ជាពិសេសយុវជន។ ហេតុដូច្នេះហើយ សង្រ្កាន្តនៅតាមបណ្តារាជធានីខេត្តក៏នឹងត្រូវរៀបចំជាធម្មតានៅឆ្នាំនេះ ដូចបណ្តាឆ្នាំកន្លងទៅដែរ៕</p>',2,6,'2024-07-02 22:22:21','2024-03-26 10:44:52','2024-07-02 22:22:21'),(25,'តើ​ពាក្យ «ចរិត, ច​រិ​ក, ច​រឹត, ច​រឹក» មួយណា​ត្រឹមត្រូវ?','images/post_image/1803526387429005.jfif','<p><strong>មនុស្ស​ស្ទើរ​គ្រប់គ្នា ប្រើពាក្យ​ទាំងនេះ​ដោយ​មិនដឹងថា​ពាក្យ​មួយណា​ខុស​ឬ​ត្រូវ​ឡើយ។ ពួកគេ​ច្រើ​តែ​ប្រើពាក្យ «ច​រិ​ក» ឬ «ច​រឹក» ទាំង​ក្នុង​ភាសា​និយាយ និង​ភាសាសរសេរ ប៉ុន្តែ​សរសេរ​ជា «ច​រិ​ក» ឬ «ច​រឹក»នេះ​ជា​ពាក្យ​ខុស​ទេ។ នៅក្នុង​វចនានុក្រម​ខ្មែរ របស់​សម្តេចព្រះសង្ឃរាជ ជួន ណាត ពាក្យ​ដែល​ត្រឹមត្រូវ គឺ​សរសេរ​ជា «ចរិត»ជា​នាម មានន័យថា ការប្រព្រឹត្តិ, កិរិយាមារយាទ, ឬ​ក​ពា, បែបបទ។ ល។ ឧទាហរណ៍៖ ចរិតល្អ, ចរិតមិនល្អ, មនុស្ស​ខូច​ចរិត គឺ​មនុ​ស្សបង់​ឬ​ក​ពា​ប្រក្រតី, ដែល​រកកល់​ឆ្កួត។ ល៕&nbsp;</strong><br><br><strong>[ដកស្រង់​ពី​វចនានុក្រម​ខ្មែរ សម្តេចព្រះសង្ឃរាជ ជួន ណាត (Version 2.0)]</strong></p><p><br>&nbsp;</p>',2,108,NULL,'2024-07-03 10:16:02','2024-09-13 19:23:07'),(26,'«​សោ​ភណ​»,«​សោ​ភ័​ណ្ឌ​»,«​សោភ័ន​»​និង​«​សោភ័ណ​»​ពាក្យ​ណា​ត្រឹមត្រូវ​?','images/post_image/1803526568834892.jfif','<p><strong>ពាក្យ​ដែល​ត្រឹមត្រូវ សរសេរ​ជា​«​សោភ័ន​» ឬ​«​សោភ័ណ​»​ក៏បាន​។ នេះ​បើ​ផ្អែកលើ​វចនានុក្រម​សម្តេចព្រះសង្ឃរាជ ជួន ណាត ពាក្យ «​សោភ័ន​»​និង​«​សោភ័ណ​»​មានន័យថា ប្រសើរ​ក្រៃលែង​, ល្អ​កន្លង​។ ឧទាហរណ៍​៖ ការតុបតែង​ពន្លឺ​ភ្លឺ​ពណ៌​នៅតាម​ដង​វិថី​នាពេល​រាត្រី នាំឱ្យ​ទីក្រុង​មាន​សោភ័ណភាព និង​មានការ​អភិវឌ្ឍន៍​៕</strong></p><p><br>&nbsp;</p>',2,109,NULL,'2024-07-03 10:22:47','2024-09-13 20:23:52'),(27,'Euro 2024៖ ហូឡង់ឈ្នះកៅអីវគ្គ ១/៤ ក្រោយបង្ហាញទម្រង់លេងដ៏ល្អទម្លាក់រូម៉ានី','images/post_image/1803527400995386.jpg','<p><strong>ក្រុមជម្រើសជាតិហូឡង់ មកដល់ការប្រកួតវគ្គ ១៦ក្រុម បង្ហាញទម្រង់លេងក៏ល្អខ្លាំងរបស់ខ្លួន ដើម្បីដណ្តើមបានកៅអីវគ្គ ៨ក្រុម ចុងក្រោយ ទម្លាក់ក្រុមរូម៉ានី នៅក្នុងការប្រកួតយកឈ្នះដោយលទ្ធផល ៣-០ រាត្រីថ្ងៃទី២ ខែកក្កដា ក្នុងកីឡដ្ឋាន Allianz Arena។</strong></p><p><img src=\"https://www.posttoday.buzz/media/download (57)_1719977795.png\"><br>ការប្រកួតនៅវគ្គទីមួយ ហូឡង់ហាក់បីជាបង្ហាញទម្រង់លេងល្អប្លែកខ្លាំង ខុសពីវគ្គចែកពូល ដោយតំបន់ប្រយុទ្ធក្នុងការប្រកួតទល់រូម៉ានី មានភាពល្អប្រសើរឡើងវិញ។ ហូឡង់ជាក្រុមដែលបានបើកការសម្រុកខ្លាំងទៅលើរូម៉ានី ប៉ុន្តែក្រុមរូម៉ានីក៏ មានទម្រង់លេងមួយដែលមិនភ័យខ្លាចពីកម្រិតសមត្ថភាពរបស់ហូឡង់ឡើយ។<br>&nbsp;</p><p>យ៉ាងណាមិញ នៅពាក់កណ្តាលវគ្គទីមួយ ហូឡង់បន្តដាក់សម្ពាធខ្លាំងរូម៉ានី រហូតអាចរកបានគ្រាប់បាល់នាំមុខ ១គ្រាប់មុន កើតចេញពីការស៊ុតរបស់កីឡាករខ្សែប្រយុទ្ធ Cody Gakpo ដែលជាការបញ្ជូនបាល់យ៉ាងល្អពីសំណាក់កីឡាករ Xavi Simons នៅត្រឹមនាទី២០។ បន្ទាប់ពីត្រូវបានហូឡង់នាំមុខមុន រូម៉ានីក៏មានការសម្រុកខ្លាំងត្រឡប់មកវិញ ដើម្បីរកគ្រាប់តាមស្មើ ប៉ុន្តែឱកាស ១លើក ជា ២លើក ធ្វើមិនបានសម្រេច តែងត្រូវបានជួយសង្គ្រោះពីអ្នកចាំទី និងក្រុមរនាំងខ្សែការពាររឹងមាំរបស់ហូឡង់។<br>&nbsp;</p><p>ចូលវគ្គទីពីរ ទាំងហូឡង់ និងរូម៉ានី ហាក់បីមានការប្រកួតសម្រុកគ្នាទៅមកកាន់តែខ្លាំង ខណៈម្ខាងចង់រកគ្រាប់បាល់បន្ថែម ចំណែកម្ខាងទៀតចង់រកគ្រាប់តាមស្មើ។ នាំមុខ ១គ្រាប់នៅមិនទាន់ជាលទ្ធផលដែលហូឡង់ចង់បានឡើយ ដោយក្រុមរហស្សនាមពណ៌ទឹកក្រូចមួយនេះ តែងបន្តដាក់សម្ពាធពីការសម្រុកសន្ធាប់ មិនបណ្តោយឱ្យរូម៉ានី មានបាល់គ្រប់គ្រងដោយងាយស្រួល។<br>&nbsp;</p><p>មិនទាន់បញ្ចប់ឡើយ ហូឡង់សម្រុកខ្លាំងរហូតទាល់តែរកបានគ្រាប់បាល់ទី២ ដើម្បីធានាកៅអីវគ្គ ៨ក្រុម របស់ពួកគេ ដោយការស៊ុតរបស់កីឡាករ Donyell Malen ដែលទើបប្តូរចូលដើមវគ្គទី២ សម្រេចសំណាញ់ទីនៅនាទី៨៣។ ចុងម៉ោងបន្ថែមទៅហើយ Donyell Malen រកបានគ្រាប់បាល់ទី៣ សម្រាប់ហូឡង់ ដើម្បីបញ្ចប់ការប្រកួតហូឡង់ ធ្វើបានល្អ យកឈ្នះការប្រកួតលទ្ធផល ៣-០ ទល់រូម៉ានី។<br>&nbsp;</p><p>ហូឡង់បង្ហាញទម្រង់លេងល្អខ្លាំង នៅការប្រកួតវគ្គ ១៦ក្រុម ដោយក្រុមមួយនេះ តែងមានឱកាសល្អៗសម្រុកនៅក្នុងប្រអប់ទីគ្រោះថ្នាក់របស់រូម៉ានី ហើយថែមទាំងមានឱកាសស៊ុតចំគោលដៅជាច្រើនលើកផងដែរ។ កាលពីប្រកួតវគ្គចែកពូល ហូឡង់បង្ហាញកម្រិតគុណភាពក្នុងតំបន់ប្រយុទ្ធមិនបានល្អខ្លាំងប៉ុន្មានឡើយ រហូតធ្វើឱ្យពួកគេបញ្ចប់ចំណាត់ថ្នាក់លេខ ៣ ក្នុងពូល។<br>&nbsp;</p><p>ឈ្នះការប្រកួត ហូឡង់ឡើងវគ្គ ៨ក្រុម គឺជាលើកជាទី៨ ក្នុងប្រវត្តិសាស្ត្រពានរង្វាន់ទ្វីបអឺរ៉ុប ដែលពួកគេធ្លាប់ធ្វើបាន។ ហូឡង់ក៏ជាម្ចាស់ពាន ១សម័យ ដោយពួកគេបានឈ្នះកាលពីឆ្នាំ ១៩៨៨។<br>&nbsp;</p><p>ក្រោយបញ្ចប់ការប្រកួតនេះទៅ ហូឡង់ជាក្រុមកក់កៅអីវគ្គ ៨ក្រុម ចុងក្រោយបន្ថែម ១ទៀត ក្រោយពេលយកឈ្នះលើរូម៉ានី លទ្ធផល ២-០។ ហូឡង់ទៅកាន់វគ្គ ១/៤ នឹងត្រូវរង់ចាំក្រុមដែលឈ្នះការប្រកួតរវាង អូទ្រីស និងតួកគី ត្រូវប្រកួតប្រជែងគ្នាសម្រាប់កៅអី ១ ចុងក្រោយ វគ្គ ៨ក្រុម៕</p>',2,45,NULL,'2024-07-03 10:33:53','2024-09-13 14:00:54'),(28,'ដាណឺម៉ាក នឹងយកពន្ធលើឧស្ម័នមេតានដែលបញ្ចេញពីសត្វគោ និងជ្រូក','images/post_image/1803527775879606.jpg','<p>ការសម្រេចចិត្តនេះ នឹងធ្វើឲ្យដាណឺម៉ាកក្លាយជាប្រទេសដំបូងគេដែលយកពន្ធលើការបំភាយឧស្ម័នមេតានពីសត្វពាហនៈ ដែលជាឧស្ម័នរួមចំណែកដល់ការឡើងកំដៅផែនដីខ្លាំងបំផុត។</p><p>ចាប់ពីឆ្នាំ ២០៣០ កសិករចិញ្ចឹមសត្វនឹងបង់ពន្ធ៤៣ ដុល្លារក្នុងមួយតោននៃសមមូលឧស្ម័នកាបូនិកដែលបំប្លែងពីមេតាន។ ពន្ធនេះកើនឡើងដល់១០៨ដុល្លារក្នុងឆ្នាំ២០២៥។ ប៉ុន្តែដោយសារតែការកាត់ពន្ធលើប្រាក់ចំណូល៦០ភាគរយ ការបង់ប្រាក់ពិតប្រាកដគឺ ត្រឹម ១៧,៣ដុល្លារក្នុងមួយតោននៅឆ្នាំ ២០៣០ និងកើនឡើងដល់២៨,២ដុល្លារនៅឆ្នាំ ២០៣៥។</p><p>ស្ទើរតែទាំងអស់នៃឧស្ម័នមេតានដែលផលិតពីសត្វពាហនៈប្រហែល៩០ភាគរយ បានមកពីវិធីដែលសត្វរំលាយអាហារ។ បើប្រៀបធៀបទៅនឹងសត្វជ្រូក និងចៀម សត្វគោមានចំនួនភាគច្រើននៃការបំភាយឧស្ម័នមេតាន។ គោមួយក្បាលនៅដាណឺម៉ាក អាចបញ្ចេញឧស្ម័នកាបូនិក៦តោនក្នុងមួយឆ្នាំ។ គិតត្រឹមពាក់កណ្តាលឆ្នាំ ២០២២ ប្រទេសនេះមានសត្វគោជាង១,៤៨លានក្បាល។</p><p>កម្មវិធីបរិស្ថានរបស់អង្គការសហប្រជាជាតិបាននិយាយថា កម្រិតនៃឧស្ម័នមេតានដែលបញ្ចេញចេញពីប្រភពនានា រួមទាំងកន្លែងចាក់សំរាម ប្រព័ន្ធប្រេង និងឧស្ម័ន និងសត្វពាហនៈបានកើនឡើងយ៉ាងឆាប់រហ័សចាប់តាំងពីឆ្នាំ ២០២០។ ក្នុងនោះ បសុសត្វមានប្រហែល ៣២ភាគរយនៃការបំភាយឧស្ម័នមេតានសរុប។</p><p>លោក Jeppe Bruus រដ្ឋមន្ត្រីក្រសួងពន្ធដារដាណឺម៉ាកបាននិយាយថា គោលនយោបាយពន្ធលើកាបូនបសុសត្វមានគោលបំណងរួមចំណែកកាត់បន្ថយការបញ្ចេញឧស្ម័នផ្ទះកញ្ចក់ចំនួន ៧០ភាគរយនៅត្រឹមឆ្នាំ២០៣០ បើធៀបនឹងឆ្នាំ១៩៩០។ លោករំពឹងថា ការក្លាយជាប្រទេសដំបូងគេដែលអនុវត្តពន្ធនេះនឹងលើកទឹកចិត្តឱ្យប្រទេសផ្សេងទៀតឲ្យអនុវត្តតាម។ លោក​បាន​បន្ត​ថា​៖ «​យើង​នឹង​បោះ​ជំហាន​កាន់តែ​ធំ​ឆ្ពោះ​ទៅ​រក​អព្យាក្រឹតភាព​កាបូន​នៅ​ឆ្នាំ​ ២០៤៥ »។</p><p>ស្រដៀងដាណឺម៉ាក នូវែលសេឡង់បានអនុម័តពន្ធកាបូនកសិកម្ម ដោយមានបំណងអនុវត្តវានៅឆ្នាំ ២០២៥។ ប៉ុន្តែគោលនយោបាយនេះទើបតែត្រូវបានដកចេញនៅថ្ងៃទី២៦ ខែមិថុនា ដោយសារការរិះគន់យ៉ាងខ្លាំងពីកសិករ ហើយគណៈរដ្ឋមន្ត្រីបានផ្លាស់ប្តូរនៅពេលក្រោយការបោះឆ្នោតឆ្នាំ ២០២៣៕​</p><p>ប្រភព: thmeythmey</p>',2,62,NULL,'2024-07-03 10:41:58','2024-09-13 14:01:06'),(29,'វៀតណាមស្នើចិនជួយអភិវឌ្ឍផ្លូវរថភ្លើងល្បឿនលឿន','images/post_image/1803528086850787.jpg','<p><strong>នាយករដ្ឋមន្រ្តីវៀតណាម លោក ផាម មិញ ជិញ បានស្នើសុំវិនិយោគិនចិនឲ្យជួយអភិវឌ្ឍផ្លូវរថភ្លើងល្បឿនលឿនតភ្ជាប់ឆ្លងកាត់ព្រំដែនប្រទេសទាំងពីរ ដែលអាចជួយជំរុញទំហំពាណិជ្ជកម្មឲ្យកាន់តែធំជាងមុន។</strong></p><p>នាយករដ្ឋមន្រ្តីវៀតណាមលោក ផាម មិញ ជិញ ប្រាប់លោក Lou Qiliang ប្រធានក្រុមហ៊ុន China Railway Signal Information Corp នៅក្រៅវេទិកាសេដ្ឋកិច្ចពិភពលោកនាទីក្រុង Dalian ថា​ វៀតណាមត្រូវការជំនួយពីចិនក្នុងការសាងសង់ផ្លូវដែក​ និងការផ្ទេរបច្ចេកវិទ្យាជាដើម។&nbsp;</p><p>ចិនជាដៃគូពាណិជ្ជកម្មដ៏ធំបំផុតរបស់វៀតណាម និងជាប្រភពសំខាន់នៃការនាំចូលវត្ថុធាតុដើមសម្រាប់វិស័យផលិតកម្ម។ បច្ចុប្បន្នប្រទេសទាំងពីរបានតភ្ជាប់តាមរយៈប្រព័ន្ធផ្លូវល្បឿនលឿន និងផ្លូវរថភ្លើងចាស់ៗចំនួន២ខ្សែ។&nbsp;</p><p>ក្រសួងផែនការ និងវិនិយោគវៀតណាមបានបញ្ជាក់នៅក្នុងសេចក្តីប្រកាសមួយកាលពីថ្ងៃទី៩ ខែមេសាដកស្រង់ដោយទីភ្នាក់ងារសារព័ត៌មាន Reuters ថា ផ្លូវល្បឿនលឿនមួយនឹងដំណើរការពីទីក្រុងកំពង់ផែ ហាយហ្វុង និង ក្វាងនិញ របស់វៀតណាមឆ្លងកាត់ទីក្រុងហាណូយទៅកាន់ខេត្តឡាវកាយជាប់ព្រំដែនខេត្តយូនណានរបស់ចិន។</p><figure class=\"image\"><img src=\"https://image.thmeythmey.com/pictures/2024/06/26/b__2_.jpg\"></figure><p>&nbsp; &nbsp; &nbsp; &nbsp; &nbsp; &nbsp; &nbsp; &nbsp; &nbsp; &nbsp; &nbsp; &nbsp; &nbsp; &nbsp; &nbsp; &nbsp; &nbsp; &nbsp; &nbsp; &nbsp; &nbsp; &nbsp; &nbsp; &nbsp; &nbsp; &nbsp; &nbsp; &nbsp; &nbsp; &nbsp; &nbsp; &nbsp; &nbsp; &nbsp; &nbsp; &nbsp; &nbsp; &nbsp; &nbsp; &nbsp; &nbsp; &nbsp; &nbsp; &nbsp; &nbsp;&nbsp;<i>លោក ផាម មិញ ជិញ (ស្តាំ) និងលោក Lou Qiliang ។ រូបភាព ៖ bao quoc te&nbsp;</i></p><p>តាមផែនការរបស់ក្រសួង ផ្លូវដែលនៅសេសសល់មួយខ្សែទៀត គឺរត់ពីទីក្រុងហាណូយទៅកាន់ខេត្តឡាំងសឺនជាប់ព្រំប្រទល់តំបន់ក្វាងស៊ីរបស់ចិនដោយឆ្លងកាត់តំបន់ដែលមានប្រជាជនរស់នៅច្រើនរួមទាំងតំបន់ឧស្សាហកម្មសំខាន់ៗ ដែលផ្នែកខ្លះជាក្រុមហ៊ុនអ្នកវិនិយោគចិន។&nbsp;</p><p>បើតាមសារព័ត៌មាន VnExpress វៀតណាមបានស្នើឲ្យភាគីចិនជួយអភិវឌ្ឍផ្លូវរថភ្លើងទាំងពីរខ្សែខាងលើនេះ ដើម្បីជំរុញការដឹកជញ្ជូនរវាងប្រទេសទាំងពីរកាន់តែសកម្មជាងមុន។</p><p>ទន្ទឹមនេះ រដ្ឋមន្រ្តីដឹកជញ្ជូនវៀតណាមលោក ង្វៀន​ វ៉ាន់ ថាំង ក៏បានស្វែងរកការគាំទ្រពីចិនសម្រាប់គម្រោងផ្លូវដែលល្បឿនលឿនប្រវែង ១៥០០គីឡូម៉ែត្រដែលតភ្ជាប់ពីភាគខាងជើង ដល់ភាគខាងត្បូងប្រទេសវៀតណាមដែរ។ គម្រោងសាងសង់ផ្លូវរថភ្លើងនេះ គ្រោងចាប់ផ្តើមនៅឆ្នាំ ២០២៦-២០២៧។&nbsp;</p><p>កន្លងមក ប្រធានាធិបតីចិនលោក ស៊ី ជិនភីង បានសន្យាផ្តល់មូលនិធិដល់គម្រោងផ្លូវរថភ្លើងដែលឆ្លងកាត់ព្រំដែនប្រទេសទាំងពីរ ក្នុងផែនការរយៈពេល៣ឆ្នាំ ដើម្បីជំរុញពាណិជ្ជកម្មប្រទេសទាំងពីរ អំឡុងដំណើរទស្សនកិច្ចរបស់លោកទៅកាន់ទីក្រុង​ហាណូយកាលពីឆ្នាំមុន។</p><p>យោងតាមផែនការនៅឆ្នាំ២០៣០ វៀតណាមនឹងមានផ្លូវហាយវេ និងផ្លូវរថភ្លើងប្រហែល ៥០០០គីឡូម៉ែត្រ ដែលតភ្ជាប់ទៅកាន់កំពង់ផែសមុទ្រសំខាន់ៗ ផ្លូវរថភ្លើងក្នុងទីក្រុង និងផ្លូវរថភ្លើងល្បឿនលឿនពីភាគខាងជើងដល់ភាគខាងត្បូង។ ដើមទុនសរុបសម្រាប់ផែនការអភិវឌ្ឍន៍គម្រោងហេដ្ឋារចនាសម្ព័ន្ធដឹកជញ្ជូនទាំងនេះមានប្រហែល ៨៤,៥ ពាន់លានដុល្លារ៕&nbsp;</p><p>ប្រភព: thmeythmey</p>',2,49,NULL,'2024-07-03 10:46:55','2024-09-13 14:01:08'),(30,'ការស្ទង់មតិ៖ អ្នកបោះឆ្នោតជឿជាក់លោក ត្រាំ ផ្នែកសេដ្ឋកិច្ច តែជ្រើសលោក​ បៃឌិន លើប្រជាធិបតេយ្យ','images/post_image/1803528313540196.png','<p><strong>ការស្ទង់មតិរបស់ Reuters/Ipsos នាពេលថ្មីៗនេះបង្ហាញថា អ្នកបោះឆ្នោតអាម៉េរិកចាត់ទុកលោក ដូណាល់ ត្រាំ ជាបេក្ខភាពប្រធានាធិបតីល្អជាងខាងផ្នែកសេដ្ឋកិច្ច ប៉ុន្តែពួកគេចូលចិត្តវិធីសាស្រ្តរបស់បេក្ខជនគណបក្សប្រជាធិបតេយ្យនិងជាប្រធានាធិបតីបច្ចុប្បន្ន លោក ចូ បៃឌិន ក្នុងការការពារលទ្ធិប្រជាធិបតេយ្យ។</strong></p><p>ការស្ទង់មតិ Reuters/Ipsos រយៈពេល៣ថ្ងៃដែលបញ្ចប់នៅថ្ងៃទី២៤ ខែមិថុនា បានបង្ហាញថា មុនការបោះឆ្នោតនៅថ្ងៃទី៥ ខែវិច្ឆិកា អ្នកបោះឆ្នោតនៅតែបែងចែកវិធីសាស្រ្តរបស់បេក្ខជនប្រធានាធិបតីទាំងពីរ ក្នុងការប្រជែងតំណែងសេតវិមាន។&nbsp;</p><p>អត្រាគាំទ្ររបស់លោក បៃឌិន បានកើនឡើងបន្តិចពី៣៦ភាគរយក្នុងខែឧសភា ដល់ ៣៧ភាគរយក្នុងខែមិថុនា។ ប៉ុន្តែអ្នកប្រជាធិបតេយ្យបារម្ភថា លោក បៃឌិន អាចរងឥទ្ធិពលដោយការព្រួយបារម្ភរបស់អ្នកបោះឆ្នោតអំពីអាយុរបស់លោក ក៏ដូចជាការប្រឆាំងនៅក្នុងគណបក្សចំពោះការគាំទ្រសង្រ្គាមប្រឆាំងនឹងអ៊ីស្រាអែល-ហាម៉ាស។ ក្នុង​វ័យ ៨១ឆ្នាំ លោក បៃឌិន ជា​ប្រធានាធិបតី​អាម៉េរិក​ចាស់​ជាងគេ​ដែល​កាន់​តំណែងកំពូលមួយ​នេះ។</p><p>នៅពេលសួរថាតើបេក្ខជនទាំងពីររូបណាដែលល្អជាងក្នុងការដោះស្រាយបញ្ហាសេដ្ឋកិច្ច ដែលជាបញ្ហាចំពោះមុខសម្រាប់អ្នកបោះឆ្នោត អត្រាគាំទ្ររបស់លោក ត្រាំ មាន ៤៣ភាគរយ ខណៈអត្រាគាំទ្ររបស់លោក បៃឌិន មាន៣៧ភាគរយ។</p><p>អ្នកបោះឆ្នោតនៅអាម៉េរិក នៅតែមានកង្វល់ជាមួយការឡើងថ្លៃរបស់របរប្រើប្រាស់ ទោះបីជាអតិផរណាបានថយចុះគួរឱ្យកត់សម្គាល់ក្នុងប៉ុន្មានខែថ្មីៗនេះ ហើយភាពអត់ការងារធ្វើបានធ្លាក់ចុះក្រោម៤ភាគរយក៏ដោយ។&nbsp;</p><p>ទន្ទឹមនេះ បេក្ខជនបក្សសាធារណរដ្ឋមានការគាំទ្រច្រើនជាងជុំវិញបញ្ហាអន្តោប្រវេសន៍ដោយមានអត្រា ៤៤ភាគរយធៀបនឹងគូប្រជែង៣១ភាគរយ។ ជនអន្តោប្រវេសន៍មានចំនួន ១៣,៩ភាគរយនៃចំនួនប្រជាជនអាម៉េរិកក្នុងឆ្នាំ២០២២ ដែលជាចំនួនខ្ពស់បំផុតក្នុងរយៈពេលជាងមួយសតវត្ស។ លោក ត្រាំ បានផ្តោតលើគោលនយោបាយជនអន្តោប្រវេសន៍ខុសច្បាប់ក្នុងអំឡុងពេលយុទ្ធនាការបោះឆ្នោត។</p><p>ទាក់ទង​នឹង​ជម្លោះ​បរទេស និង​អំពើ​ភេរវកម្ម អត្រា​គាំទ្រ​របស់​លោក ត្រាំ មាន៤០ភាគរយ ខណៈ​អត្រា​គាំទ្រ​របស់​លោក បៃឌិន មាន៣៥ភាគរយ។</p><p>ទោះជាយ៉ាងណាក៏ដោយ លោក បៃឌិន មានគុណសម្បត្តិជាងលោក ត្រាំ ក្នុងការដោះស្រាយភាពជ្រុលនិយមផ្នែកនយោបាយ និងការគំរាមកំហែងដល់លទ្ធិប្រជាធិបតេយ្យ ដែលជាកង្វល់លំដាប់ទី២ របស់អ្នកបោះឆ្នោតនៅអាម៉េរិក។ អត្រា​គាំទ្រ​បេក្ខជន​បក្ស​ប្រជាធិបតេយ្យ​គឺ ៣៩ភាគរយ ខណៈ​អត្រា​គាំទ្រ​បេក្ខជន​បក្ស​សាធារណរដ្ឋ​មាន៣៣ភាគរយ។</p><p>កន្លងមកនេះ លោក ត្រាំ ដែលត្រូវបានកាត់ទោសកាលពីខែមុនពីបទក្លែងបន្លំរបាយការណ៍អាជីវកម្ម កំពុងរង់ចាំការកាត់ទោសព្រហ្មទណ្ឌចំនួន៣បន្ថែមទៀត ដែលចំនួន២ ពាក់ព័ន្ធនឹងការខិតខំប្រឹងប្រែងរបស់លោកដើម្បីលុបចោលលទ្ធផលបោះឆ្នោតឆ្នាំ ២០២០ ។</p><p>លោក បៃឌិន ក៏មានគុណសម្បត្តិលើគូប្រជែងផ្នែកលើគោលនយោបាយថែទាំសុខភាពដែរ ជាមួយនឹងអត្រាគាំទ្រ៤០ភាគរយធៀបនឹងគូប្រជែង ២៩ភាគរយ​។ នៅពេលលោក បៃឌិន ជាអនុប្រធានាធិបតីអាម៉េរិកក្នុងឆ្នាំ២០១០ ក្រោមរដ្ឋបាលប្រធានាធិបតី បារ៉ាក់ អូបាម៉ា បានជំរុញឱ្យមានកំណែទម្រង់ដ៏សំខាន់មួយ ដើម្បីបង្កើនលទ្ធភាពទទួលបានសេវាធានារ៉ាប់រងសុខភាពយ៉ាងច្រើន។</p><p>ការស្ទង់មតិរបស់ Reuters/Ipsos កន្លងមកបានបង្ហាញថា អត្រាគាំទ្រលោក បៃឌិន និងលោក ត្រាំ មានគម្លាតគ្នាតិចតួចប៉ុណ្ណោះ ក្នុងការប្រកួតប្រជែងសម្រាប់តំណែងនា៥ខែខាងមុខ ទោះបីជាការស្ទង់មតិនៅរដ្ឋមួយចំនួនបានបង្ហាញពីលោក ត្រាំ បាននាំមុខ។&nbsp;</p><p>ការស្ទង់មតិរបស់ Reuters/Ipsos ដែលធ្វើឡើងទូទាំងប្រទេសតាមប្រព័ន្ធអ៊ីនធឺណិត បានទទួលការឆ្លើយតបពីមនុស្សពេញវ័យអាម៉េរិកចំនួន១០១៩នាក់ រួមទាំងអ្នកបោះឆ្នោតដែលបានចុះឈ្មោះចំនួន ៨៥៦នាក់៕&nbsp;</p><p>ប្រភព: thmeythmey</p>',2,54,NULL,'2024-07-03 10:50:31','2024-09-13 14:01:09'),(31,'ប្រទេសណាបរិភោគមីច្រើនជាងគេលើពិភពលោក ?','images/post_image/1803528816609495.png','<p><strong>ប្រទេសដែលចូលចិត្តបរិភោគមីភាគច្រើនស្ថិតនៅតំបន់អាស៊ី ក្នុងនោះចិននាំមុខគេ តាមពីក្រោយដោយឥណ្ឌូណេស៊ី និងឥណ្ឌា។</strong></p><p>នៅឆ្នាំ២០២៣ ពិភពលោកបានប្រើប្រាស់មីប្រហែល១២០ពាន់លានកញ្ចប់។ បើតាមសមាគមមីកញ្ចប់ពិភពលោក (WINA) មី១កញ្ចប់ ជាបរិមាណដែលមនុស្សម្នាក់បរិភោគក្នុង១ពេល។&nbsp;<br>មិនគួរឱ្យភ្ញាក់ផ្អើលទេដែលប្រទេសមានប្រជាជនច្រើនជាងគេទី២នៅលើពិភពលោក គឺចិនបានប្រើប្រាស់មីកញ្ចប់ច្រើនជាងគេ។ នៅឆ្នាំ ២០២៣ ចិនដីគោក និងហុងកុងបានប្រើប្រាស់មីសរុបប្រហែល ៤២ពាន់លានកញ្ចប់។&nbsp;</p><p>ប្រទេសដែលនៅសេសសល់ក្នុងចំណាត់ថ្នាក់កំពូលទាំង៥ សុទ្ធតែមានទីតាំងនៅអាស៊ី រួមមានឥណ្ឌូណេស៊ី (១៤,៥ពាន់លានកញ្ចប់) ឥណ្ឌា (៨,៧ពាន់លានកញ្ចប់) វៀតណាម (៨,១ពាន់លានកញ្ចប់) និងជប៉ុន (៥ពាន់លានកញ្ចប់ 5)។</p><p>នៅក្នុងតារាងកំពូលទាំង១០ នៃការបរិភោគមីច្រើនជាងគេលើពិភពលោកមានតែប្រទេសពីរប៉ុណ្ណោះដែលនៅក្រៅតំបន់អាស៊ីគឺ អាម៉េរិកមាន ៥,១ពាន់លានកញ្ចប់កាលពីឆ្នាំ២០២៣ និងនីហ្សេរីយ៉ាដែលប្រើប្រាស់ ៣ពាន់លានកញ្ចប់។ រុស្ស៊ីជាប់ចំណាត់ថ្នាក់ទី ១២ នៃការប្រើប្រាស់មីកញ្ចប់ជាមួយបរិមាណ ២,២ពាន់លានកញ្ចប់៕&nbsp;<br>&nbsp;</p><figure class=\"image\"><img src=\"https://image.thmeythmey.com/pictures/2024/06/25/i2.png\"></figure><p><i>&nbsp; &nbsp; &nbsp; &nbsp; &nbsp; &nbsp; &nbsp; &nbsp; &nbsp; &nbsp; &nbsp; &nbsp; &nbsp; &nbsp; &nbsp; &nbsp; &nbsp; &nbsp; &nbsp; &nbsp; &nbsp; &nbsp; &nbsp; &nbsp; &nbsp; &nbsp; &nbsp; &nbsp; &nbsp; &nbsp; &nbsp; &nbsp; &nbsp; &nbsp; &nbsp; &nbsp; &nbsp; &nbsp; &nbsp; ប្រទេសទាំង១២​ ដែលបិរភោគមីច្រើនជាងគេ ។ រូបភាព ៖ Visual Capitalist</i></p>',2,67,NULL,'2024-07-03 10:58:31','2024-09-13 14:01:11'),(32,'ស្ទង់មតិ៖ គូស្រករ​វ័យ​ក្មេងនៅ​ថៃ ជាង​៤០ភាគរយ «មិន​ចង់មាន​កូន» ឡើយ','images/post_image/1803529134600959.jpg','<p><strong>បន្ទុក​ចំណាយ និង​កង្វះពេលវេលា​គ្រប់គ្រាន់ក្នុងការថែទាំ ជាមូលហេតុ​ចម្បង​ដែលនាំ​ឱ្យ​យុវជន​ថៃ​ប្រមាណ៤៤ភាគរយ មានទំនោរមិន​ចង់មាន​កូន ក្រោយចំណងអាពាហ៍ពិពាហ៍។ នេះ​បើយោងតាម​លទ្ធផល​ថ្នាក់ជាតិមួយ។</strong></p><p>បន្ទាប់ពីរៀបការបាន៤ឆ្នាំ Sira Kitpinyochai និង Boontarika Namsena មានអារម្មណ៍សប្បាយរីករាយជាមួយការចិញ្ចឹមសត្វឆ្មាចំនួន ១១ក្បាល។ អ្នកទាំងពីរមានគំនិតបោះបង់ការមានកូនតាំងពី​មុនពេលរៀបការ។ លោកស្រី Boontarika Namsena ជាអ្នកគ្រប់គ្រងមជ្ឈមណ្ឌលផ្សារទំនើបបាននិយាយថា «ការចិញ្ចឹមកូន គឺដូចជាបន្ទុកមួយដោយមានការចំណាយច្រើនពេក»។ ស្វាមីរបស់លោកស្រី គឺលោក Sira Kitpinyochai ជាពាណិជ្ជករភាគហ៊ុនដែលតែងតែនៅក្នុងការិយាល័យ ១០-១២ម៉ោងក្នុងមួយថ្ងៃអះអាងថា អ្នកទាំងពីរមិនមានពេលដើម្បីមើលថែកូនឡើយ។</p><p>ស្រដៀង​គ្នា​ កញ្ញា Anchalee Chaichanavijit នាយក​ប្រតិបត្តិ​នៃ​សមាគម​ទីផ្សារ​ថៃ​បាន​និយាយ​ថា នាង​បើក​ចិត្ត​ចង់​មាន​ស្នេហា ប៉ុន្តែ​មិន​ចង់​មាន​កូន​ទេ។ Anchalee ព្រួយ​បារម្ភ​ថា ការ​ចិញ្ចឹម​កូន​នឹង​ត្រូវ​ការ​ប្រាក់ ពេលវេលា និង​កម្លាំងបន្ថែម។ «​ខ្ញុំមិនចង់មានកូនទេ ពីព្រោះជីវិត​ខ្ញុំ​ បានបង្រៀនពីភាពលំបាក​គ្រប់គ្រាន់​ហើយ»​។ នេះបើតាមសារព័ត៌មានសិង្ហបុរី CNA ។&nbsp;<br>&nbsp;</p><figure class=\"image\"><img src=\"https://image.thmeythmey.com/pictures/2024/06/24/a.png\"></figure><p>&nbsp; &nbsp; &nbsp; &nbsp; &nbsp; &nbsp; &nbsp; &nbsp; &nbsp; &nbsp; &nbsp; &nbsp; &nbsp; &nbsp; &nbsp; &nbsp; &nbsp; &nbsp; &nbsp; &nbsp; &nbsp; &nbsp; &nbsp; &nbsp; &nbsp; &nbsp; &nbsp; &nbsp; &nbsp; &nbsp; &nbsp; &nbsp; &nbsp; &nbsp; &nbsp; &nbsp; &nbsp; &nbsp; &nbsp; &nbsp; &nbsp; &nbsp; &nbsp; &nbsp;<i>កញ្ញា Anchalee Chaichanavijit (ឈរ) ។ រូបភាព ៖ CNA</i></p><p>ទស្សនៈនៃការមិនចង់មានកូនកំពុងឆ្លុះបញ្ចាំងពីការគិតរបស់យុវជនថៃភាគច្រើន។ ការស្ទង់មតិរបស់វិទ្យាស្ថានជាតិសម្រាប់ការអភិវឌ្ឍន៍ថៃ(NIDA)បង្ហាញថា អត្រា ៤៤ភាគរយ មិនមានបំណងចង់មានកូនទេ។</p><p>ហេតុផលចម្បងៗដែលនាំឲ្យយុវជនគិតបែបនេះ ដោយសារការចំណាយលើការចិញ្ចឹមកូន ការព្រួយបារម្ភអំពីផលប៉ះពាល់នៃស្ថានភាពសង្គមលើកុមារ និងមិនចង់មានបន្ទុកមើលថែទាំក្មេង។</p><p>គំនិតទាំងនេះ ក៏ត្រូវបានឆ្លុះបញ្ចាំងផងដែរនៅក្នុងអត្រាកំណើតរបស់ថៃមានត្រឹមតែ ១,០៨ កាលពីឆ្នាំមុន ដែលជាប់ចំណាត់ថ្នាក់ចុងក្រោយនៅអាស៊ីអាគ្នេយ៍។ ប្រសិនបើនិន្នាការនេះនៅតែបន្ត ប្រជាជនថៃត្រូវបានប៉ាន់ប្រមាណថាអាចកាត់បន្ថយពាក់កណ្តាលពី ៦៦លាននាក់ ទៅ៣៣លាននាក់ក្នុងរយៈពេល ៦០ឆ្នាំខាងមុខ។</p><p>នៅឆ្នាំ១៩៧០ ថៃបានចាប់ផ្តើមកម្មវិធីផែនការគ្រួសារក្នុងគោលបំណងកាត់បន្ថយកំណើនប្រជាជន និងជំរុញសេដ្ឋកិច្ច ហើយទទួលបានជោគជ័យបន្ទាប់ពីរយៈពេល ៦ឆ្នាំ។ វានៅតែត្រូវបានអនុវត្តរហូតមកដល់សព្វថ្ងៃ ដែលស្ត្រីរៀបការរួចចំនួន ៣ភាគ៤ បានប្រើប្រាស់វិធានការពន្យារកំណើត។</p><p>​ថៃ​បាន​រក្សា​អត្រា​អាពាហ៍​ពិពាហ៍​​អស់​មួយ​ទសវត្សរ៍​មក​ហើយ ប៉ុន្តែ​គូស្វាមីភរិយា​បានជ្រើសរើស​មិន​មាន​កូន​ជា​បណ្ដោះអាសន្ន ឬ​ជា​អចិន្ត្រៃយ៍។ គូស្វាមីភរិយាទាំងនេះត្រូវប្រឈមមុខនឹងភាពចាស់ដោយអត់មានកូន ខណៈចំនួនមនុស្សលើសពី ៦០ឆ្នាំមានចំនួន ១ភាគ៥ នៃចំនួនប្រជាជនសរុប។</p><p>លោក Thawatchai Potin រស់នៅទីក្រុងបាងកក ដែលជាអ្នកជួសជុលកង្ហារតាំងពីអាយុ ២៥ឆ្នាំ ហើយបន្តរហូតដល់អាយុ ៧៤ឆ្នាំ។&nbsp; លោកនិយាយថា ៖« ខ្ញុំមិនអាចរស់នៅដោយគ្មានការងារធ្វើបានទេ»។ អំឡុងពេលនៃការរីករាលដាលជំងឺកូវីដ-១៩&nbsp; លោកត្រូវសន្សំស៊ុតទុកដើម្បីរស់ ព្រោះប្រសិនបើលោកត្រឡប់ទៅស្រុកកំណើតវិញ Thawatchai មានអារម្មណ៍ថាលោកជាបន្ទុកដល់កូនៗ»។</p><p>របាយការណ៍របស់ក្រុមប្រឹក្សាអភិវឌ្ឍន៍សេដ្ឋកិច្ច និងសង្គមថៃបង្ហាញថា អត្រា ៤១,៤ភាគរយនៃមនុស្សចាស់មានប្រាក់សន្សំតិចជាង ១៥០០ដុល្លារ និងអត្រា ៧៨,៣ភាគរយរកបានតិចជាង ៣០០០ដុល្លារក្នុងមួយឆ្នាំ។ ទន្ទឹមនេះ មនុស្សចាស់ម្នាក់ត្រូវការប្រាក់ប្រហែល ១២៩ពាន់ដុល្លារ ប្រសិនបើចង់ចូលនិវត្តន៍នៅក្នុងទីក្រុង។</p><p>កន្លងមក​ រដ្ឋាភិបាល​ថៃ​បាន​បែង​ចែក​ថវិកា​ជាង​២​លាន​ដុល្លារ​ ​ដើម្បី​ផ្តល់​ប្រាក់​​ដល់​មនុស្ស​ចាស់។ ទោះជាយ៉ាងណាក៏ដោយ ជាមួយនឹងការកើនឡើងនៃចំនួនប្រជាជនវ័យចំណាស់ រដ្ឋាភិបាលនឹងប្រឈមមុខនឹងសម្ពាធថ្មី។</p><p>ការផ្លាស់ប្តូរអត្រាប្រជាសាស្រ្តនេះ នឹងតម្រូវឱ្យមានការចំណាយលើការថែទាំមនុស្សចាស់ជាច្រើន រួមទាំងថ្នាំ ហេដ្ឋារចនាសម្ព័ន្ធវេជ្ជសាស្ត្រ និងការព្យាបាលរាងកាយ។ យោងតាមការប៉ាន់ប្រមាណមនុស្សដែលមានអាយុលើសពី ៦០ឆ្នាំ នឹងមានយ៉ាងហោចណាស់ ២៨ភាគរយនៃចំនួនប្រជាជននៅឆ្នាំ ២០៣៣ ៕&nbsp;</p>',2,69,NULL,'2024-07-03 11:03:34','2024-09-13 14:01:07'),(33,'ការប្រែមុខមាត់កម្ពុជា ពីការយល់ខុសរបស់បរទេស មកជាការលើកតម្កើងប្រកបដោយមោទកភាព','images/post_image/1803529364424009.jpg','<p>ជាយូរមកហើយ ដែលប្រទេស​កម្ពុជាត្រូវបានគេមើលមក និងយល់ខុសថាជាប្រទេស​ដែលមានរឿងកើតឡើងមិនល្អ ដោយសាររូបភាពមួយចំនួនដែលត្រូវបាន​ផ្សព្វផ្សាយក្នុងន័យអវិជ្ជមាន។ មហោស្រពតន្ត្រី <strong>DAKINI SKY MUSIC FESTIVAL</strong> ដែលចាប់ផ្តើមលេចរូបរាង នៅឆ្នាំ ២០២៤ មានបំណងផ្លាស់ប្តូររកាយល់ឃើញទាំងនេះ។ ពិធីបុណ្យ​នេះ​ត្រូវ​បាន​ដាក់​ឈ្មោះ​តាម​ទេពធីតា <strong>Dakini</strong> ដែល​តំណាង​ឱ្យ​ដំណើរ​របស់​ប្រទេស​កម្ពុជា តាំង​ពីសម័យកាលដែលពោរពេញដោយ​ភាព​ចលាចល​ រហូត​ដល់​ពេលវេលាមួយដែលគ្រប់គ្នាមានឱកាសការួមគ្នាប្រារព្ធ​ព្រឹត្តិការណ៍វប្បធម៌អស្ចារ្យ។</p><figure class=\"image\"><img src=\"https://www.posttoday.buzz/media/image_1719979586.png\"></figure><p>រយៈពេល <strong>៥</strong> ទស្សវត្សរ៍មកនេះ កម្ពុជាបានស្ដារឡើងវិញនូវភាពអស្ចារ្យ អាចឲ្យពិភពលោក ទទួលស្គាល់ជាសាកលថា ជាប្រទេសសម្បូរសម្បត្តិវប្បធម៌សព្វបែបយ៉ាង។</p><p>ព្រឹត្តិការណ៍នេះ ត្រូវបានបង្កើតឡើង ដើម្បីបំពេញចន្លោះប្រហោងតន្ត្រី និងលើកកម្ពស់ការផ្លាស់ប្តូរវប្បធម៌។ តាមរយៈការធ្វើជាម្ចាស់ផ្ទះរបស់សិល្បករលំដាប់ពិភពលោកជាច្រើនរូប និងការបង្ហាញអំពីប្រពៃណីខ្មែរ ពិធីបុណ្យនេះមានគោលបំណងផ្លាស់ប្តូរការយល់ឃើញរបស់ពិភពលោកឡើងវិញ ថាកម្ពុជាមានភាពល្អស្អាត និងមានការអភិវឌ្ឍន៍កម្រិតណានៅបច្ចុប្បន្ន។ ជាមួយគ្នានោះ ក៏មាន​ការ​សម្តែង​តន្ត្រី ការ​តាំង​ពិពណ៌​វប្បធម៌ និង​ការបង្ហាញពី​អាហារជាច្រើនមុខ ដែល​ផ្តល់​នូវ​បទ​ពិសោធ​ដ៏​អស្ចារ្យនាំ​ជា​ស្ពាន​ចម្លង​ពី​អតីតកាល និង​បច្ចុប្បន្ន​របស់​ប្រទេស​កម្ពុជា។</p><p><strong>DAKINI SKY MUSIC FESTIVAL</strong> គឺជាភ្លើងបំភ្លឺ ជាសញ្ញានៃក្តីសង្ឃឹម ដែលប្រែក្លាយការមើលមកកម្ពុជាក្នុងផ្លូវមិនល្អ ទៅជាការប្រារព្ធពិធីនៃការចាប់កំណើតឡើងវិញនៃវប្បធម៌ និងការទទួលស្គាល់ជាសកលលោក។</p><p>+ប្រភព : sabay news</p>',2,79,NULL,'2024-07-03 11:07:13','2024-09-13 14:01:05'),(34,'ព្រឹទ្ធាចារ្យកោសល្យវោហារ គង់ ណៃ ទទួលមរណភាព ស្របពេល វណ្ណដា កំពុងនាំតន្ត្រីខ្មែរទៅបង្ហាញលើឆាកអន្តរជាតិ','images/post_image/1803529882386075.jpg','<p>ដំណឹងដ៏សែនក្រៀមក្រំអំពីមរណភាព លោកតាព្រឹទ្ធាចារ្យកោសល្យវោហារ គង់ ណៃ កំពុងធ្វើឱ្យកក្រើកវិស័យសិល្បៈខ្មែរទាំងមូល ដែលនេះជាការបាត់បង់ធនធានមនុស្សផ្នែកចាប៉ីដងវែងដ៏កម្រ ប្រកបដោយសមត្ថភាព ទេពកោសល្យ ដែលធ្លាប់បានចូលរួមយ៉ាងសកម្មក្នុងការលើកកម្ពស់វិស័យសិល្បៈវប្បធម៌ជាតិទាំងនៅឆាកជាតិ និងតំបន់ ក៏ដូចជាការលើកម្ពស់កិត្យានុភាពជាតិនៅលើឆាកអន្តជាតិផងដែរ។</p><p>យោងតាមការបង្ហោះរបស់ទំព័រហ្វេសប៊ុក សមាគមសិល្បករខ្មែរ បានឱ្យដឹងថា លោកតាព្រឹទ្ធាចារ្យកោសល្យវោហារ គង់ ណៃ ដែលបានទទួលមរណភាពនៅថ្ងៃសុក្រ ៧រោច ខែជេស្ន ឆ្នាំរោង ឆស័ក ព.ស.២៥៦៨ ត្រូវនឹងថ្ងៃ ទី២៨ ខែមិថុនា ឆ្នាំ២០២៤ វេលាម៉ោង ១២:៤៥នាទីរសៀល ក្នុងជន្មាយុ ៨០ឆ្នាំ ដោយរោគាពាធ។</p><figure class=\"image\"><img src=\"https://www.posttoday.buzz/media/image_1719979795.png\"></figure><p>&nbsp; &nbsp; &nbsp; &nbsp; &nbsp; &nbsp; &nbsp; &nbsp; &nbsp; &nbsp; &nbsp; &nbsp; &nbsp; &nbsp; &nbsp; &nbsp; &nbsp; &nbsp; &nbsp; &nbsp; &nbsp; &nbsp; &nbsp; &nbsp; &nbsp; &nbsp; &nbsp; &nbsp; &nbsp; &nbsp; &nbsp;&nbsp;<i>រូបភាព៖ ហ្វេសប៊ុក សមាគមសិល្បករខ្មែរ</i></p><p>ដំណឹងមរណភាពរបស់ព្រឹទ្ធាចារ្យកោសល្យវោហារ គង់ ណៃ ធ្វើឱ្យប្រជាជនទូទាំងប្រទេសសោកស្តាយជាពន់់ពេក ព្រោះនេះជាការបាត់បង់ធនធានដ៏សំខាន់ និងជាមរតកមនុស្សរស់របស់កម្ពុជា។</p><p>រឹតតែគួរឱ្យសោកស្តាយជាងនេះទៀតនោះ មរណភាពរបស់ព្រឹទ្ធាចារ្យចាប៉ីដងវែង គង់ ណៃ ស្របពេលដែលតារាចម្រៀងរ៉េប វណ្ណដា កំពុងតែពាំនាំតន្ត្រីខ្មែរទៅបង្ហាញលើឆាកអន្តរជាតិក្នុងមហោស្រពប្រគំតន្ត្រី Sabaidee Fest នៅសហរដ្ឋអាមេរិក។ ក្នុងនោះ វណ្ណដា ក៏បានលើកយកបទ «Time To Rise» ដែលជាស្នាដៃចម្រៀងដ៏ល្អឯកគ្មានពីររវាងលោក និងលោកតា គង់ ណៃ ទៅអង្រួនឆាកមហោស្រពប្រគំតន្ត្រី Sabaidee Fest ផងដែរ។</p><figure class=\"image\"><img src=\"https://www.posttoday.buzz/media/667e7a29e5749_1719564840_medium_1719979957.jpg\"></figure><p><i>&nbsp; &nbsp; &nbsp; &nbsp; &nbsp; &nbsp; &nbsp; &nbsp; &nbsp; &nbsp; &nbsp; &nbsp; &nbsp; &nbsp; &nbsp; &nbsp; &nbsp; &nbsp; &nbsp; &nbsp; &nbsp; &nbsp; &nbsp; &nbsp; &nbsp; &nbsp; &nbsp; &nbsp; &nbsp; &nbsp; &nbsp; &nbsp; &nbsp; &nbsp; &nbsp; រូបភាព៖ ហ្វេសប៊ុក Vann Da - វណ្ណដា</i></p><p>នេះពិតជារឿងដ៏ឱ្យសោកស្តាយពន់ពេក ដែលកំលោះអ្នកខេត្តព្រះសីហនុកំពុងនាំយកសម្លេងចាប៉ីដ៏មានឥទ្ធិពលរបស់លោកតា គង់ ណៃ ទៅចែកចាយឱ្យពិភពលោកបានស្គាល់ និងដឹងឮ បែរជាម្ចាស់សម្លេងត្រូវលាចាកពីលោកនេះគ្មានថ្ងៃវិលត្រឡប់ឡើយ។</p><p>គួររំឮកផងដែរថា កាលពីឆ្នាំ២០២១ តារារ៉េបវ័យក្មេងកំពុងមានឥទ្ធិពលនៅកម្ពុជា វណ្ណដា បានសាងស្នាដៃចម្រៀងដ៏ល្អអស្ចា្យគ្មានពីរជាមួយលោកតាព្រឹទ្ធាចារ្យកោសល្យវោហារ គង់ ណៃ ចំណងជើងថា «Time To Rise»។</p><figure class=\"image\"><img src=\"https://www.posttoday.buzz/media/image_1719980041.png\"></figure><p>&nbsp; &nbsp; &nbsp; &nbsp; &nbsp; &nbsp; &nbsp; &nbsp; &nbsp; &nbsp; &nbsp; &nbsp; &nbsp; &nbsp; &nbsp; &nbsp; &nbsp; &nbsp; &nbsp; &nbsp; &nbsp; &nbsp; &nbsp; &nbsp; &nbsp; &nbsp; &nbsp; &nbsp; &nbsp; &nbsp; &nbsp; &nbsp; &nbsp; &nbsp; &nbsp; &nbsp; &nbsp; &nbsp; &nbsp; &nbsp; &nbsp; &nbsp; &nbsp; &nbsp; &nbsp; &nbsp; &nbsp; &nbsp; &nbsp;&nbsp;<i>រូបភាព៖ ហ្វេសប៊ុក Vann Da - វណ្ណដា</i></p><p>អំឡុងឆ្នាំ២០២២ បទ «Time To Rise» បានបំបែកកំណត់ត្រាមានអ្នកចុចចូលទស្សនា ១០០លានដង លើឆានែលយូធូបផ្លូវការ វណ្ណដា-VannDa Official។ បទនេះមិនត្រឹមតែល្បីសុះសាយក្នុងប្រទេសកម្ពុជា តែឥទ្ធិពលនៃសម្លេងលោកតា គង់ ណៃ និង វណ្ណដា បានធ្វើឱ្យអ្នកស្តាប់បទនេះព្រឺរោមខ្ញាក់ៗ រហូតពិភពលោកងាកមកចាប់អារម្មណ៍ពីភាពរីកចម្រើននៃតន្ត្រីនិងសិល្បៈខ្មែរយើង។</p><p>ទៀតសោត វណ្ណដា ធ្លាប់បានសម្តែងបទចម្រៀង «Time To Rise» ជាលើកទី១ ជាមួយលោកតា គង់ ណៃ ក្នុង «ពិធីបិទកីឡាជាតិលើកទី៣ និងកីឡាជាតិជនពិការ លើកទី១ ឆ្នាំ២០២២» នៅពហុកីឡដ្ឋានជាតិមរតកតេជោ ក្រោមអធិបតីភាពដ៏ខ្ពង់ខ្ពស់របស់សម្តេចអគ្គមហាសេនាបតីតេជោ ហ៊ុន សែន អតីតនាយករដ្ឋមន្ត្រីនៃព្រះរាជណាចក្រកម្ពុជា និងសម្ដេចកិត្តិព្រឹទ្ធបណ្ឌិត ប៊ុន រ៉ានី ហ៊ុនសែន។</p><figure class=\"image\"><img src=\"https://www.posttoday.buzz/media/image_1719980088.png\"></figure><figure class=\"image\"><img src=\"https://www.posttoday.buzz/media/image_1719980232.png\"></figure><p><i>&nbsp; &nbsp; &nbsp; &nbsp; &nbsp; &nbsp; &nbsp; &nbsp; &nbsp; &nbsp; &nbsp; &nbsp; &nbsp; &nbsp; &nbsp; &nbsp; &nbsp; &nbsp; &nbsp; &nbsp; &nbsp; &nbsp; &nbsp; &nbsp; &nbsp; &nbsp; &nbsp; &nbsp; &nbsp; &nbsp; &nbsp; &nbsp; &nbsp; &nbsp; &nbsp; &nbsp; &nbsp; &nbsp; &nbsp; &nbsp; &nbsp; &nbsp; &nbsp; &nbsp; &nbsp; &nbsp; &nbsp; &nbsp; &nbsp; &nbsp; &nbsp; &nbsp; &nbsp; &nbsp; &nbsp; &nbsp; &nbsp; &nbsp; &nbsp; រូបភាព៖ ហ្វេសប៊ុក</i></p><p>គេជឿជាក់ថា តារារ៉េបវ័យ២៧ឆ្នាំរូបនេះ ច្បាស់ជាតក់ស្លុតខ្លាំងពេលឮដំណឹងមរណភាពរបស់លោកតា គង់ ណៃ ព្រោះកន្លងមកលោក និងក្រុមការងារធ្លាប់បានចុះទៅសួរសុខទុក្ខលោកតាផ្ទាល់ដល់គេហដ្ឋាននៅស្រុកកំពង់ត្រាច ខេត្តកំពត ពេលទទួលដំណឹងថា លោកតាធ្លាក់ខ្លួនឈឺ។</p><figure class=\"image\"><img src=\"https://www.posttoday.buzz/media/667e7a30b898e_1719564840_medium_1719980342.jpg\"></figure><figure class=\"image\"><img></figure><p><i>&nbsp; &nbsp; &nbsp; &nbsp; &nbsp; &nbsp; &nbsp; &nbsp; &nbsp; &nbsp; &nbsp; &nbsp; &nbsp; &nbsp; &nbsp; &nbsp; &nbsp; &nbsp; &nbsp; &nbsp; &nbsp; &nbsp; &nbsp; &nbsp; &nbsp; &nbsp; &nbsp; &nbsp; &nbsp; &nbsp; &nbsp; &nbsp; &nbsp; &nbsp; &nbsp; &nbsp; &nbsp; &nbsp; &nbsp; &nbsp; &nbsp; &nbsp; &nbsp; &nbsp; &nbsp; &nbsp; &nbsp; &nbsp; &nbsp; &nbsp; &nbsp; &nbsp; &nbsp; &nbsp; &nbsp; &nbsp; &nbsp; &nbsp; &nbsp; &nbsp; &nbsp; រូបភាព៖ ហ្វេសប៊ុក Vann Da - វណ្ណដា</i></p><p>គួរឱ្យសោកស្តាយដែលពេលនេះ វណ្ណដា កំពុងបំពេញបេសកម្មដ៏សំខាន់នៅសហរដ្ឋអាមេរិកនៅឡើយ។ តាមគម្រោង វណ្ណដា និង វណ្ណថាន មានការសម្តែងមួយទៀតនៅ Showbox SoDo in Seattle, WA មុនពេលអ្នកទាំងពីរធ្វើដំណើរត្រឡប់មកស្រុកខ្មែរវិញ៕</p><p>ប្រភព : SabayNews</p>',2,61,NULL,'2024-07-03 11:15:27','2024-09-12 03:53:17'),(35,'រកឃើញតុកកែប្រភេទ​ថ្មី នៅខេត្តកំពត','images/post_image/1803530576024281.jpg','<p>អ្នកជំនាញនៃក្រសួងបរិស្ថាន សហការជាមួយសាកលវិទ្យាល័យភូមិន្ទភ្នំពេញ អង្គការ Wild Earth Allies អង្គការ IUCN និងអ្នកជំនាញអន្តរជាតិមកពីសាកលវិទ្យាល័យ La Sierra University និងសារមន្ទីរប្រវត្តិសាស្ត្រធម្មជាតិ North Carolina នៃសហរដ្ឋអាមេរិក បានរកឃើញតុកកែប្រភេទថ្មី សម្រាប់ប្រទេសកម្ពុជា និងពិភពលោក ពីតំបន់បេតិភណ្ឌធម្មជាតិភ្នំព្រះគុហារហ្លួង ខេត្តកំពត ប្រទេសកម្ពុជា។ តុកកែប្រភេទថ្មីត្រូវបានអ្នកវិទ្យាសាស្រ្ត បានដាក់ឈ្មោះថា Cyrtodactylus regicavernicolus ឈ្មោះជាភាសាខ្មែរថា តុកកែភ្នំព្រះគុហារហ្លូង និងឈ្មោះជាភាសាអង់គ្លេសថា Royal Cave Bent-toed Gecko។</p><figure class=\"image\"><img src=\"https://www.posttoday.buzz/media/image_1719980667.png\"></figure><p>លោក ឈិន សុភា មន្ត្រីជំនាញនៃនាយកដ្ឋានជីវៈចម្រុះ អគ្គនាយកដ្ឋានគោលនយោបាយ និងយុទ្ធសាស្រ្ត ក្រសួងបរិស្ថាន ដែលបានចូលរួមក្នុងការសិក្សានេះ បានឱ្យដឹងថា ការស្រាវជ្រាវ រុករក និងប្រមូលសំណាក ធ្វើឡើងក្នុងពេលយប់នៅតាមល្អាងភ្នំ នៅតំបន់បេតិភណ្ឌធម្មជាតិភ្នំ ព្រះគុហារហ្លួង តំបន់ជុំវិញ និងតំបន់បេតិភណ្ឌធម្មជាតិ ភ្នំទទុង-ភ្នំតូច ក្នុងស្រុកដងទង់ និងស្រុកបន្ទាយមាស ខេត្តកំពត នៅឆ្នាំ២០២១ និង២០២២។ ដើម្បីអាចបញ្ជាក់បានថាជាប្រភេទកំណត់ត្រាថ្មីសម្រាប់ពិភពលោក អ្នកជំនាញបានធ្វើការពិនិត្យ និងវិភាគទៅលើលក្ខណៈខាងក្រៅ (Morphology) លក្ខណៈខាងក្នុងឬធនធានពន្ធុ (Genetic) និងស្ថិតិវិភាគប្រៀបធៀប ជាមួយនឹងសំណាកនៃប្រភេទ ដែលមានរូបរាងប្រហាក់ប្រហែល ចំនួន១២ប្រភេទផ្សេងគ្នា នៅក្នុងប្រទេសកម្ពុជា និងប្រទេសជិតខាង។</p><p>សូមបញ្ជាក់ថា លក្ខណៈសម្គាល់របស់ តុកកែភ្នំព្រះគុហារហ្លូង គឺជាតុកកែដែលរស់នៅតែក្នុងល្អាងភ្នំថ្មកំបោរនៃតំបន់បេតិភណ្ឌធម្មជាតិភ្នំព្រះគុហារហ្លួង។ ឈ្មោលពេញវ័យមានប្រវែងខ្លួនវែងបំផុត៧៧.៦មម តូចជាងញី ដែលមានប្រវែង៨០.៧មម ខ្លួនមានបង្កង់សម្បុរត្នោតចាស់ពី៤ទៅ៥កង់។ តាមការសិក្សាតុកែនេះអាចចូលទៅក្នុងរូងថ្មដែលអាចមានជម្រៅរហូតដល់២០ម៉ែត្រនៅពេលថ្ងៃ និងចេញមកជិតៗមាត់ល្អាងនៅពេលយប់ដើម្បីរកចំណី។</p><p>តុកកែភ្នំព្រះគុហារហ្លូង គឺជាតុកកែដែលមានវត្តមានតែនៅក្នុងល្អាងភ្នំនៃតំបន់បេតិភណ្ឌធម្មជាតិភ្នំព្រះគុហារហ្លួងតែមួយគត់ (Endemic Species) ហើយក៏ជាតុកែទី៣ដែលត្រូវបានរកឃើញតែនៅក្នុងល្អាងភ្នំថ្មកំបោរក្នុងនោះមាន C. laangensis ពីភ្នំល្អាងនៅកម្ពុជា និង C. disjunctus នៅប្រទេសថៃ។ តុកកែភ្នំព្រះគុហារហ្លូង បានក្លាយជាតុកែបង្កង់ទី១០ ដែលមានវត្តមាននៅកម្ពុជា និងទី៣៦០សម្រាប់អ្នកវិទ្យាសាស្រ្តទូទាំងពិភពលោក។ របកគំហើញនេះបង្ហាញឱ្យឃើញពីភាពសម្បូរបែបនៃជីវៈចម្រុះ និងសក្តានុពលនៃទីជម្រកដ៏ពិសេសដែលមាននៅក្នុងព្រះរាជាណាចក្រកម្ពុជា ដែលតម្រូវឱ្យមានការសិក្សានិងកត់ត្រាឱ្យបានល្អិតល្អន់។</p><figure class=\"image\"><img src=\"https://www.posttoday.buzz/media/image_1719980683.png\"></figure><p><br>អ្នកនាំពាក្យក្រសួងបរិស្ថាន ឯកឧត្តម ខ្វៃ អាទិត្យា បានចាត់ទុកថាការរកឃើញប្រភេទជីវៈចម្រុះថ្មីៗ នៅតាមតំបន់ការពារធម្មជាតិនៅក្នុងប្រទេសកម្ពុជា បង្ហាញតម្លៃធនធានធម្មជាតិកម្ពុជា កំពុងត្រូវបានការពារនិងអភិរក្សយ៉ាងយកចិត្តទុកដាក់ របស់រាជរដ្ឋាភិបាលកម្ពុជា។ លើសពីនេះ កាលពីពេលថ្មីៗនេះ ប្រភេទសត្វព្រៃកម្រ និងកំពុងរងគ្រោះ ក៏បានបង្ហាញខ្លួនជាបន្តបន្ទាប់នៅតាមតំបន់ព្រៃឈើរបស់កម្ពុជា ដែលជាសូចនាករបង្ហាញពីភាពចាំបាច់ ក្នុងការធ្វើការសិក្សាបន្តនៅកន្លែងផ្សេងទៀត ក្នុងប្រទេសកម្ពុជា។</p><p>អ្នកនាំពាក្យក្រសួងបរិស្ថាន ឯកឧត្តម ខ្វៃ អាទិត្យា បានឱ្យដឹងថា រាជរដ្ឋាភិបាលកម្ពុជា បានចេញអនុក្រឹត្យមួយ បង្កើតតំបន់បេតិកភណ្ឌធម្មជាតិ ភ្នំព្រះគុហារហ្លួង នៅឃុំទូកមាសខាងលិច ស្រុកបន្ទាយមាស ខេត្តកំពត ដែលមានផ្ទៃដីទំហំ ២៥ហិចតា។ ឯកឧត្តម ខ្វៃ អាទិត្យា បានបញ្ជាក់បន្ថែមថា តំបន់បេតិកភណ្ឌធម្មជាតិ ភ្នំព្រះគុហារហ្លួង ត្រូវបានបង្កើតឡើងដើម្បី ការពារតួនាទីផ្នែកប្រព័ន្ធអេកូឡូស៊ីសម្រាប់ជាប្រយោជន៍របស់មនុស្សគ្រប់ជំនាន់ និងកម្រិតដល់ការប្រើប្រាស់ធនធានជីវចម្រុះ ធនធានធម្មជាតិ ធនធានវប្បធម៌ និងមុខងារនៃតំបន់នេះ។ មិនតែប៉ុណ្ណោះ ការបង្កើតតំបន់បេតិកភណ្ឌនេះ ក៏ការពារសោភ័ណភាព ទេសភាពធម្មជាតិ និងតម្លៃធម្មជាតិនៃតំបន់នេះ សម្រាប់បម្រើដល់ការកម្សាន្ត ការទស្សនា ការអប់រំ ការសិក្សាស្រាវជ្រាវវិទ្យាសាស្រ្ត និងជំនឿដែលគ្រប់សកម្មភាពទាំងនេះ ពុំបង្កការគំរាមកំហែងដល់បរិស្ថាន ធម្មជាតិ និងវប្បធម៌នៅក្នុងមូលដ្ឋាន។</p><p>អ្នកនាំពាក្យក្រសួងបរិស្ថានបានឱ្យដឹងដែរថា ក្រសួងបរិស្ថានមានសមត្ថកិច្ចរៀបចំ និងគ្រប់គ្រងតំបន់ការបារធម្មជាតិនានា ដោយសហការជាមួយក្រសួង ស្ថាប័នពាក់ព័ន្ធ រដ្ឋបាលខេត្ត ក្រុង ស្រុក និងកងកម្លាំងប្រដាប់អាវុធមានសមត្ថកិច្ច ដើម្បីធានាដល់កិច្ចដល់កិច្ចគាំពារបរិស្ថាន ការអភិរក្សជីវចម្រុះ និងការប្រើប្រាស់ធនធានធម្មជាតិ ប្រកបដោយនិរន្តរភាព៕</p><p><strong>ប្រភព៖ ក្រសួងបរិស្ថាន</strong></p><p>Credit<strong>: Sabay News</strong></p>',2,58,NULL,'2024-07-03 11:26:29','2024-09-11 23:42:47'),(36,'អគ្គិសនី​កាន់តែសំបូរ ខណៈ​គម្រោង​វារីអគ្គិសនី​ស្ទឹងពោធិ៍សាត់១ នឹង​រួចរាល់២ឆ្នាំទៀត','images/post_image/1803530839235605.jpg','<p>ឯកឧត្តម កែវ រតនៈ រដ្ឋមន្រ្តី​ក្រសួងរ៉ែ និងថាមពល បាន​ឱ្យដឹងថា គម្រោង​វារីអគ្គិសនីស្ទឹងពោធិ៍សាត់១ អនុភាព ៨០មេហ្កាវ៉ាត់ មានភាពយឺតយ៉ាវ ដោយមកដល់ពេលនេះទើបតែសម្រេចបានជាង ៣០% ប៉ុណ្ណោះ បើប្រៀបធៀបនឹងផែនការដើម។</p><figure class=\"image\"><img src=\"https://www.posttoday.buzz/media/image_1719980878.png\"></figure><p>ក្នុងពេល​ចុះត្រួត​ពិនិត្យ​ការសាងសង់វារីអគ្គិសនីស្ទឹងពោធិ៍សាត់​១ នៅភូមិតាំងយ៉ ឃុំប្រម៉ោយ ស្រុកវាលវែង ខេត្តពោធិ៍សាត់។ កាលពីថ្ងៃទី៣០ ខែមិថុនា ឆ្នាំ​២០២៤ ឯកឧត្តម កែវ រតនៈ បាន​បញ្ជាក់ថា មូលហេតុនៃការយឺតយ៉ាវ​នេះ គឺដោយសារតែការរីករាលនៃជំងឺកូវីដ១៩ ដែល​ធ្វើឱ្យមានការរាំងស្ទះដល់​ដំណើរការរកហិរញ្ញប្បទាន និងការសាងសង់។</p><figure class=\"image\"><img src=\"https://www.posttoday.buzz/media/image_1719980895.png\"></figure><p>ឯកឧត្តមបន្តថា «នៅពេលគម្រោងចាប់ផ្តើមឡើងវិញ នៅក្រោយកូវីដនេះ យើង​កំពុងខិតខំ​ផ្តល់ការគាំទ្រចាំបាច់ទាំងអស់ ដើម្បីឱ្យគម្រោងនេះអាចចាប់ផ្តើមសាងសង់ទាន់ពេលវេលាថ្មី។ ហើយការគិតគូរនេះ គឺក្នុងឆ្នាំ​២០២៦ គម្រោងនេះត្រូវចេញដំណើរការឱ្យបាន។»</p><figure class=\"image\"><img src=\"https://www.posttoday.buzz/media/image_1719980911.png\"></figure><p>បើតាម​ឯកឧត្តមរដ្ឋមន្រ្តី គោលដៅដំបូង​សម្រាប់គម្រោងនេះ គឺទី១ ចង់បាន​ថាមពលអគ្គិសនីស្អាត ដើម្បីមកជួយបណ្តាញជាតិ រក្សាថ្លៃអគ្គិសនី បង្កើនថាមពលបៃតង ដើម្បីទាក់ទាញ​វិនិយោគ​ពីក្រៅប្រទេស។ ទី២ គឺសម្រាប់ខេត្តពោធិ៍សាត់ ដោយ​កាត់បន្ថយទឹកជំនន់ នៅក្នុងរដូវវស្សា ពោលគឺទំនប់នេះ​នឹងដើរតួជាអាងស្តុកទឹក ហើយពេល​រដូវប្រាំង វានឹងក្លាយ​ជាប្រភពទឹកដ៏សំខាន់មួយ សម្រាប់ស្រោចស្រពកសិកម្ម។</p><figure class=\"image\"><img src=\"https://www.posttoday.buzz/media/image_1719980931.png\"></figure><p>គួររំលឹកថា រាជរដ្ឋាភិបាល​បាន​អនុញ្ញាតឱ្យ​ក្រុមហ៊ុន SPHP (Cambodia) Co.,Ltd សាងសង់គម្រោងនេះ កាលពីថ្ងៃទី៥ ខែមេសា ឆ្នាំ​២០១៩។ គម្រោងនេះ ត្រូវបាន​ចាប់ផ្តើម​ដំណើរការសាងសង់នៅខែកុម្ភៈ ឆ្នាំ​២០២២។</p><figure class=\"image\"><img src=\"https://www.posttoday.buzz/media/image_1719980950.png\"></figure><p>ឯកឧត្តម កែវ រតនៈ បានថ្លែងឱ្យដឹងទៀតថា គម្រោងនេះ ជាការវិនិយោគរួម​របស់ក្រុមហ៊ុនកូរ៉េ សាងសង់ដោយក្រុមហ៊ុនចិន និងជប៉ុនដែលជាអ្នកដាក់ទុនផងដែរ។ «ដូច្នេះ អាចនិយាយបានថា នេះជាគម្រោងរបស់ ៣ប្រទេស​ កូរ៉េ ចិន ជប៉ុន ក្នុងការរួមគ្នា ហើយម្ចាស់ដើមរបស់គម្រោងនេះ គឺ​ប្រជាជនកម្ពុជាយើង»៕</p><figure class=\"image\"><img src=\"https://www.posttoday.buzz/media/image_1719980962.png\"></figure><figure class=\"image\"><img src=\"https://www.posttoday.buzz/media/image_1719980971.png\"></figure><p>ប្រភព: <strong>Sabay News</strong></p>',2,33,NULL,'2024-07-03 11:30:40','2024-09-12 00:16:59'),(37,'Ronaldo ប្រកាស​ថា នេះ​ជា​ EURO លើក​ចុង​ក្រោយ​របស់​ខ្លួនហើយ','images/post_image/1803531056107275.png','<p>Cristiano Ronaldo ​បាន​ប្រកាស​ថា នេះ​ជា​ការ​ចូលរួម​ព្រឹត្តិការណ៍ EURO លើក​ចុង​ក្រោយ​របស់​លោក​ហើយ។ ​ការ​លើក​ឡើង​នេះ​ក្រោយ​ការ​ប្រកួត​ចប់​រវាង​ ​ព័រទុយហ្គាល់ និង​ក្រុម​ជម្រើស​ជាតិ​ ស្លូវើនៀ ក្នុង​វគ្គ​១៦​ក្រុម​ចុង​ក្រោយ​ ដែល​បញ្ចប់​ទៅ​ដោយ​លទ្ធផល​ ០-០ ហើយ​ឈាន​ដល់​​ការ​​បាល់​កាត់​សេចក្ដី​១១​ម៉ែត្រ​ ​ព័រទុយហ្គាល់​ ឈ្នះ​ ៣-០ ។</p><p>​Cristiano Ronaldo បាន​និយាយ​ថា «​បាទ​!​វា​ច្បាស់​ណាស់​នេះ​ជា​​ការ​ប្រកួត​ក្នុង EURO ​ចុង​ក្រោយ​បង្អស់​របស់​ខ្ញុំ​ហើយ​។ ខ្ញុំ​នឹង​​មិន​ចាកចេញ​​​​ដោយ​​បែប​នេះ​ទេ និយាយ​រួម​ខ្ញុំ​នឹង​ចាក​ចេញ​ដោយ​ភាព​រីករាយ។ សម្រាប់​កា​រ​ប្រកួត​នេះ​ខ្ញុំ​ពិត​ជា​សុំ​ទោស​ចំពោះ​អ្នក​គាំទ្រ​ ខ្ញុំ​តែង​តែ​ធ្វើ​អ្វី​ដែល​ខ្ញុំ​មាន​សម្រាប់​​ជម្រើស​ជាតិ​របស់​ខ្ញុំ​ ​និង​សម្រាប់​ទង់ជាតិ​ ព័រទុយហ្គាល់ ដែល​មាន​នៅ​លើ​អាវ​​ខ្ញុំ​កំពុង​តែ​ពាក់​​នេះ​»។ ​</p><figure class=\"image\"><img src=\"https://www.posttoday.buzz/media/image_1719981161.png\"></figure><p>«​​ក្នុង​ជីវិត​ជា​កីឡាករ​បាល់ទាត់​របស់​ខ្ញុំ​ ខ្ញុំ​​តែង​តែ​ប្រាប់​ខ្លួន​ឯង​ថា ធ្វើ​អ្វី​​ឲ្យ​អស់​សមត្ថភាព បើ​ទោះ​ជា​ការ​ប្រកួត​របស់​ខ្ញុំ​មាន​​ពេល​ខ្លះ​ខក​ខានឱកាស​ ឬ​មិន​​ខក​ខាន​​ឱកាស​ក៏​ដោយ​​។ ​នេះ​ជា​ការ​ទទួល​ខុស​ត្រូវ​មួយ​សម្រាប់​កីឡាករ​មិន​ថា​តែ​ខ្ញុំ​ឬ​អ្នក​ផ្សេង​ក៏​ដោយ​»។ នេះ​ជា​ការ​បន្ថែម​របស់​ខ្សែ​ប្រយុទ្ធ​វ័យ​​៣៩​ឆ្នាំ​។</p><figure class=\"image\"><img src=\"https://www.posttoday.buzz/media/image_1719981140.png\"></figure><p>​គិត​​ត្រឹម​​ថ្ងៃ​ទី​២​ ខែ​កក្កដា​ ឆ្នាំ​២០២៤ មុន​ការ​ប្រកួត​ជា​មួយ​បារាំង​​នៅ​វគ្គ​៨​ក្រុម​ចុង​ក្រោយ​ថ្ងៃ​ទី​៦ ខែ​​កក្កដា ឆ្នាំ​២០២៤ Ronaldo នៅ​តែ​រក្សា​កំណត់​ត្រា​នាម​ជា​​អ្នក​រក​គ្រាប់​បាល់​​​បាន​ច្រើន​ជាង​គេ​ក្នុង​ព្រឹត្តិការណ៍ EURO ​ពោល​គឺ​១៤​គ្រាប់​ក្នុង​ការ​បង្ហាញ​ខ្លួន​ក្នុង​ព្រឹត្តិការណ៍​នេះ​៦​លើក​ជាប់​ៗ​គ្នាគិត​ចាប់​ពី​ឆ្នាំ​២០០៤​​មក​ដល់​២០២៤​៕</p><p>&nbsp;</p>',2,66,NULL,'2024-07-03 11:34:07','2024-09-13 16:30:38'),(38,'លោកត្រាំសន្យាផ្តល់កាតបៃតងដល់និស្សិតបរទេសសិក្សានៅអាម៉េរិក','images/post_image/1803531322639169.jpg','<p><strong>អតីតប្រធានាធិបតីអាម៉េរិក លោក ដូណាល់ ត្រាំ បានលើកឡើងថា និស្សិតបរទេសដែលបានបញ្ចប់ការសិក្សាពីសាកលវិទ្យាល័យនៅអាម៉េរិក គួរតែត្រូវបានផ្តល់កាតបៃតងដោយស្វ័យប្រវត្តិ ដោយបង្កើតលក្ខខណ្ឌសម្រាប់ការស្នាក់នៅក្នុងប្រទេសនេះ។</strong></p><p><br>ការចង់ទៅរស់នៅអាម៉េរិក ជារឿងដែលពិបាកក្នុងការទទួលបានប័ណ្ណស្នាក់នៅអចិន្ត្រៃយ៍ ដោយសារមានប្រជាជនមកពីបណ្តាប្រទេសជាច្រើនចង់ទៅរស់នៅទីនោះ។ យ៉ាងណាមិញ ​លោក ដូណាល់ ត្រាំ បានលើកឡើងពីគំនិតផ្តល់កាតបៃតងដល់និស្សិតបរទេសបញ្ចប់ការសិក្សានៅអាម៉េរិក ដើម្បីចូលរួមអភិវឌ្ឍប្រទេសនេះ មុនការបោះឆ្នោតប្រធានាធិបតី នៅខែវិច្ឆិកា។&nbsp;</p><p>«នៅពេលអ្នកបញ្ចប់ការសិក្សាពីមហាវិទ្យាល័យ ខ្ញុំគិតថាអ្នកគួរតែទទួលបានកាតបៃតងជាមួយនឹងសញ្ញាបត្ររបស់អ្នក ដូច្នេះអ្នកអាចស្នាក់នៅក្នុងប្រទេសនេះបាន»។ លោក ត្រាំ បានបញ្ជាក់បែបនេះនៅក្នុងកម្មវិធី podcast «All-In» រៀបចំដោយវិនិយោគិនបច្ចេកវិទ្យាមកពី Silicon Valley នៅថ្ងៃទី២០ ខែមិថុនា​។</p><p>ប័ណ្ណបៃតង ឬប័ណ្ណស្នាក់នៅអចិន្ត្រៃយ៍ អនុញ្ញាតឱ្យអ្នកប្រើប្រាស់មានសិទ្ធិរស់នៅ និងធ្វើការជាអចិន្ត្រៃយ៍នៅក្នុងអាម៉េរិក ហើយក៏ជាផ្លូវសម្រាប់ជ្រើសសញ្ជាតិអាម៉េរិក។</p><p>លោក ត្រាំ បានបញ្ជាក់ថា ៖«មិនថាអ្នកណាដែលបញ្ចប់ការសិក្សាបន្ទាប់ពីរៀនបាន ២ ឬ ៤ឆ្នាំនៅអាម៉េរិក ឬទទួលបានបណ្ឌិតនៅសាកលវិទ្យាល័យនៅទីនេះ អ្នកអាចស្នាក់នៅក្នុងប្រទេសនេះបាន»។&nbsp;</p><p>យ៉ាងណាមិញ មិនច្បាស់ទេថាតើលោក ត្រាំ សំដៅលើជនបរទេសទាំងអស់នៅអាម៉េរិក រួមទាំងអ្នកដែលមកអាម៉េរិកដោយខុសច្បាប់ ឬស្នាក់នៅហួសទិដ្ឋាការ ឬគ្រាន់តែជាអ្នកដែលទទួលទិដ្ឋាការនិស្សិតនៅក្នុងប្រទេសនេះ។ នេះបើតាមការចុះផ្សាយរបស់ទីភ្នាក់ងារព័ត៌មាន Reuters។&nbsp;</p><p>ការ​លើកគំនិតបែប​នេះ​ ​ជាបរិបទមួយនៃ​ការ​ផ្លាស់​ប្តូរជំហររបស់​លោក ត្រាំ កន្លងមកដែល​តឹងរ៉ឹង​លើ​ជន​អន្តោប្រវេសន៍​រស់នៅ​អាម៉េរិក។ អំឡុងពេលកាន់តំណែងនៅសេតវិមាន លោក ត្រាំ បានព្យាយាមសាងសង់ជញ្ជាំងនៅតាមព្រំដែនភាគខាងត្បូងជាមួយម៉ិកស៊ិក ដើម្បីការពារជនអន្តោប្រវេសន៍មិនឱ្យចូលអាម៉េរិក។</p><p>លើសពីនេះ លោក ត្រាំ និងក្រុមជំនួយការបានពិភាក្សាច្រើនអំពីការធ្វើគោលនយោបាយនាពេលអនាគត ប្រសិនបើជាប់ឆ្នោតឡើងវិញ។ កន្លងមក​ បេក្ខជនប្រធានាធិបតីមកពីបក្សសាធាររដ្ឋរូបនេះ បានពិចារណាលើសំណើជាច្រើន ដូចជាការស្ដារឡើងវិញនូវការហាមឃាត់ការចូលសញ្ជាតិពីប្រទេសមូស្លីម និងការបង្ក្រាបជនអន្តោប្រវេសន៍ដែលគ្មានឯកសារព្រមទាំងបង្កើតការឃុំខ្លួនជនភៀសខ្លួនធំ នៅជំរំជិតព្រំដែនភាគខាងត្បូង។ បន្ថែមពីនេះ លោក​ក៏បានពិចារណាផងដែរអំពីការបញ្ចប់គោលនយោបាយផ្តល់សញ្ជាតិដល់មនុស្សដែលកើតនៅអាម៉េរិក៕</p>',2,60,NULL,'2024-07-03 11:38:21','2024-09-12 04:32:14'),(39,'ក្រុមរាំកុមារ ពន្លឺព្រះច័ន្ទ Dance cover បទ «ទេវរាជ» យ៉ាងរស់រវើក ផ្ទុះការសរសើរព្រាត!','images/post_image/1803531689791262.png','<p>ពិតជាគួរឱ្យស្ញប់ស្ញែងខ្លាំងមែនទែន ដែលថ្មីៗនេះទំព័រហ្វេសប៊ុក ព្រះកាយច័ន្ទ ក្លឹប បានបង្ហោះវីដេអូរបស់ក្រុមរាំកុមារ Moonlight-ពន្លឺព្រះច័ន្ទ ដែលកុមារីគួរឱ្យស្រលាញ់ទាំង ៦រូប កំពុងបង្ហាញក្បាច់រាំរបស់រស់វើកតាមចង្វាក់ភ្លេងនៃបទ «ទេវរាជ» ជាសំនៀងដើមរបស់ ទេព បូព្រឹក្ស។</p><figure class=\"image\"><img src=\"https://www.posttoday.buzz/media/image_1719981587.png\"></figure><figure class=\"image\"><img src=\"https://www.posttoday.buzz/media/image_1719981595.png\"></figure><p><i>&nbsp; &nbsp; &nbsp; &nbsp; &nbsp; &nbsp; &nbsp; &nbsp; &nbsp; &nbsp; &nbsp; &nbsp; &nbsp; &nbsp; &nbsp; &nbsp; &nbsp; &nbsp; &nbsp; &nbsp; &nbsp; &nbsp; &nbsp; &nbsp; &nbsp; &nbsp; &nbsp; &nbsp; &nbsp; &nbsp; &nbsp; &nbsp; &nbsp; &nbsp; &nbsp; &nbsp; &nbsp; &nbsp; &nbsp; &nbsp; &nbsp; រូបភាព៖ វីដេអូ Dance cover បទ «ទេវរាជ»</i></p><p><i>ក្រុមរាំកុមារ ពន្លឺព្រះច័ន្ទ Dance cover បទ «ទេវរាជ» បានយ៉ាងល្អប្រសើរ ដោយពន់ពេនខ្លួនបញ្ចេញក្បាច់រាំដ៏រស់រវើក តាមបែបកុមារ។ កាយវិការ និងចលនារាំរបស់កុមារីទាំង ៦រូប មើលទៅពិតជាគួរឱ្យស្រលាញ់ គួបផ្សំការតុបតែងខ្លួនបែបសហសម័យ ជំរុញឱ្យការ Dance cover រឹតតែមានភាពទាក់ទាញថែមមួយកម្រិតទៀត។</i></p><figure class=\"image\"><img src=\"https://www.posttoday.buzz/media/image_1719981647.png\"></figure><figure class=\"image\"><img src=\"https://www.posttoday.buzz/media/image_1719981655.png\"></figure><figure class=\"image\"><img src=\"https://www.posttoday.buzz/media/image_1719981660.png\"></figure><p><i>&nbsp; &nbsp; &nbsp; &nbsp; &nbsp; &nbsp; &nbsp; &nbsp; &nbsp; &nbsp; &nbsp; &nbsp; &nbsp; &nbsp; &nbsp; &nbsp; &nbsp; &nbsp; &nbsp; &nbsp; &nbsp; &nbsp; &nbsp; &nbsp; &nbsp; &nbsp; &nbsp; &nbsp; &nbsp; &nbsp; &nbsp; &nbsp; &nbsp; &nbsp; &nbsp; &nbsp; &nbsp; &nbsp;រូបភាព៖ វីដេអូ Dance cover បទ «ទេវរាជ»</i></p><p><i>ទោះការរាំរបស់ក្រុម ពន្លឺព្រះច័ន្ទ ពុំទាន់ល្អឥតខ្ចោះក៏ពិតមែន តែប្អូនៗទទួលពាក្យសរសើរយ៉ាងច្រើនពីមហាជន ដែលមានភាពក្លាហានហ៊ានបញ្ចេញក្បាច់រាំបទ «ទេវរាជ» បានយ៉ាងល្អ ថែមទាំងឆ្លៀតរំលេចតំបន់ទេសចរណ៍តាមរយៈវីដេអូនោះថែមទៀតផង។ វីដេអូ Dance cover រយៈពេលជាង ៦នាទីរបស់កូនសិស្ស ព្រះកាយច័ន្ទ ផ្ទុះការចាប់អារម្មណ៍យ៉ាងខ្លាំងក្លាពីមហាជន ពិសេសអ្នកប្រើប្រាស់បណ្តាញសង្គមហ្វេសប៊ុកតែម្តង។</i></p><figure class=\"image\"><img src=\"https://www.posttoday.buzz/media/image_1719981694.png\"></figure><figure class=\"image\"><img src=\"https://www.posttoday.buzz/media/image_1719981703.png\"></figure><figure class=\"image\"><img src=\"https://www.posttoday.buzz/media/image_1719981709.png\"></figure><p><i>&nbsp; &nbsp; &nbsp; &nbsp; &nbsp; &nbsp; &nbsp; &nbsp; &nbsp; &nbsp; &nbsp; &nbsp; &nbsp; &nbsp; &nbsp; &nbsp; &nbsp; &nbsp; &nbsp; &nbsp; &nbsp; &nbsp; &nbsp; &nbsp; &nbsp; &nbsp; &nbsp; &nbsp; &nbsp; &nbsp; &nbsp; &nbsp; &nbsp; &nbsp; &nbsp; &nbsp; &nbsp; &nbsp; &nbsp; &nbsp; &nbsp; &nbsp; &nbsp; &nbsp; &nbsp;រូបភាព៖ ហ្វេសប៊ុក Moonlight-ពន្លឺព្រះច័ន្ទ</i></p><p><i>សូមជម្រាបផងដែរថា Moonlight-ពន្លឺព្រះច័ន្ទ ជាក្រុមរាំកុមារបង្កើតឡើងដោយ តារាសម្តែង និងជាគ្រូរបាំបុរាណ ព្រះកាយច័ន្ទ។ ពន្លឺព្រះច័ន្ទ មានសមាជិក ៦រូប សុទ្ធសឹងជាកុមារី រួមមាន៖ លឹម ជូលីណា , ផុន អេនជីលីកា , ពេជ្រ អ៊ែលឡា , រស្មី វិជ្ជារ៉ា , ប្រាក់ ធារីខេលស៊ី និង ចម្រើន ស័ក្កទ្រីយ៉ា។</i></p><figure class=\"image\"><img src=\"https://www.posttoday.buzz/media/image_1719981741.png\"></figure><p><i>&nbsp; &nbsp; &nbsp; &nbsp; &nbsp; &nbsp; &nbsp; &nbsp; &nbsp; &nbsp; &nbsp; &nbsp; &nbsp; &nbsp; &nbsp; &nbsp; &nbsp; &nbsp; &nbsp; &nbsp; &nbsp; &nbsp; &nbsp; &nbsp; &nbsp; &nbsp; &nbsp; &nbsp; &nbsp; &nbsp; &nbsp; &nbsp; &nbsp; &nbsp; &nbsp; &nbsp; &nbsp; &nbsp; &nbsp;រូបភាព៖ ហ្វេសប៊ុក Moonlight-ពន្លឺព្រះច័ន្ទ</i><br>ក្រោមការបណ្តុះបណ្តាលយ៉ាងយកចិត្តទុកដាក់របស់ ព្រះកាយច័ន្ទ ក្លឹប កុមារីទាំង ៦រូប មានសមត្ថភាពខ្ពស់អាចរាំបានទាំងបុរាណ និងសម័យបានយ៉ាងល្អ។ កន្លងមក ក្រុម ពន្លឺព្រះច័ន្ទ បានចូលរួមកម្មវិធីសិល្បៈផ្សេងៗជាហូរហែរ និងធ្លាប់បានចូលរួមប្រកួតកម្មវិធី Cambodia’s got Talent រដូវកាលទី៣ ថែមទៀតផង៕</p><p>&nbsp;</p><p><img src=\"https://www.posttoday.buzz/media/668269c3a7b0f_1719822780_medium_1719981813.jpg\"><br>&nbsp;</p>',2,120,NULL,'2024-07-03 11:44:11','2024-09-13 14:01:02'),(40,'ទិដ្ឋាភាព​អ៊ូអរ​ និង​គគ្រឹកគគ្រេង​ «ពិធីបុណ្យមហាផ្កាប្រាក់សាមគ្គី» ​ធ្វើ​ឡើង​នៅ​សណ្ឋាគារ​សុខា​សៀមរាប​ ខេត្តសៀមរាប','images/post_image/1803551382068259.jpg','<p>ពិធី​បុណ្យ​ប្រពៃណី​សាសនា​ «បុណ្យ​មហា​ផ្កា​ប្រាក់​សាមគ្គី​» ដែល​ធ្វើ​ឡើង​រយៈពេល​ ៣ថ្ងៃ​កាល​ពី​ថ្ងៃ​ទី២៧​ ដល់​ ៣០​ ខែ​មិថុនា​ ឆ្នាំ​២០២៤​ នៅ​សណ្ឋាគារ​សុខា​សៀមរាប​ ខេត្ត​សៀមរាប ​ក្នុង​គោលបំណង​ដើម្បី​ចូលរួម​ចំណែក​កសាង​ព្រះ​ពុទ្ធប្បដិមា​ដ៏​ធំ​ស្កឹមស្កៃ​កម្ពស់ ​១០៨ម៉ែត្រ​នៅ​លើ​ខ្នង​ភ្នំបូកគោ​ដែល​គម្រោង​កសាង​នេះ​នឹង​ត្រូវ​ចំណាយ​ទឹកប្រាក់​ប្រមាណ​ជា​ ៦០លាន​ដុល្លារ​អាមេរិក​គឺ​បញ្ចប់​ដោយ​ភាព​ឱឡារិក និង​អ៊ូអរ​កាល​ទាំង​៣ថ្ងៃ​កន្លង​ទៅ។​</p><figure class=\"image\"><img src=\"https://www.posttoday.buzz/media/image_1720000485.png\"></figure><p><br>&nbsp;</p><figure class=\"image\"><img src=\"https://www.posttoday.buzz/media/image_1720000507.png\"></figure><p>ពិធី​បុណ្យ​រយៈពេល​ ៣ថ្ងៃ​នេះ​មាន​ការ​និមន្ត​ចូលរួម​ពី​សម្តេច​ព្រះព្រហ្មរតនមុនី ពិន សែម ​ឧត្តម​ទីប្រឹក្សា គណៈសង្ឃនាយក និងជាសមាជិកថេរសភាព្រះពុទ្ធសាសនា គណៈមហានិកាយ នៃព្រះរាជាណាចក្រកម្ពុជា ជាព្រះគ្រូចៅអធិការវត្តរាជបូណ៍ ក្រុង​សៀមរាប​ និង​ព្រះសុមង្គលសីលាចារ្យអាភាករោ ជុំ គឹមឡេង​ និង​ព្រះតេជគុណ​ចៅអធិការវត្ត​ជា​ច្រើន​ផង​ដែរ។​ ជា​មួយ​គ្នា​នោះ​ដែរ​ឯកឧត្តម ប្រាក់ សោភ័ណ អភិបាល​ នៃ​គណៈ​អភិបាល​ខេត្តសៀមរាប​ ព្រមទាំងថ្នាក់ដឹកនាំ និងមន្ត្រីរាជការ​ ពុទ្ធបរិស័ទ​យ៉ាង​ច្រើន​កុះករ​ចូលរួម​ពិធី​បុណ្យ​ខាង​លើ​នេះ។​</p><p><picture><source srcset=\"https://cdn.sabay.com/cdn/media.sabay.com/media/sabay-news/Social-/Other/Other-E/668280845425d_1719828600_large.jpg\" media=\"(min-width: 1920px)\"><source srcset=\"https://cdn.sabay.com/cdn/media.sabay.com/media/sabay-news/Social-/Other/Other-E/668280845425d_1719828600_medium.jpg\" media=\"(min-width: 980px)\"><source srcset=\"https://cdn.sabay.com/cdn/media.sabay.com/media/sabay-news/Social-/Other/Other-E/668280845425d_1719828600_small.jpg\" media=\"(min-width: 320px)\"><img></picture></p><p><picture><source srcset=\"https://cdn.sabay.com/cdn/media.sabay.com/media/sabay-news/Social-/Other/Other-E/6682807f5e95a_1719828600_large.jpg\" media=\"(min-width: 1920px)\"><source srcset=\"https://cdn.sabay.com/cdn/media.sabay.com/media/sabay-news/Social-/Other/Other-E/6682807f5e95a_1719828600_medium.jpg\" media=\"(min-width: 980px)\"><source srcset=\"https://cdn.sabay.com/cdn/media.sabay.com/media/sabay-news/Social-/Other/Other-E/6682807f5e95a_1719828600_small.jpg\" media=\"(min-width: 320px)\"><img></picture>សម្រាប់​ពុទ្ធបរិស័ទ​ជិត​ឆ្ងាយ​ដែល​មាន​សទ្ធា​ជ្រះថ្លា​ និង​ចង់​ចូលរួម​ចំណែក​កសាង​ព្រះ​ពុទ្ធប្បដិមា​ដ៏​ធំ​ស្កឹមស្កៃ​កម្ពស់ ​១០៨ម៉ែត្រ​នៅ​លើ​ខ្នង​ភ្នំបូកគោ​ជា​មួយ​ក្រុម​ហ៊ុន​សុខាអូតែល​ ក៏​អាច​ទំនាក់ទំនង​ទៅ​កាន់​លេខ​ទូរស័ព្ទ​ទាំង​នេះ​ 031 7777 108, 014 777 108, 015 777 108 ៕​ ទស្សនា​ទិដ្ឋភាព​ពិធី​បុណ្យ​ដូច​ខាង​ក្រោម៖​</p><figure class=\"image\"><img src=\"https://www.posttoday.buzz/media/image_1720000538.png\"></figure><p><br><img src=\"https://www.posttoday.buzz/media/image_1720000565.png\"></p><figure class=\"image\"><img src=\"https://www.posttoday.buzz/media/668280810ab0f_1719828600_medium_1720000611.jpg\"></figure><p>&nbsp;</p><p>+ប្រភព : Sabay News</p>',6,95,NULL,'2024-07-03 16:57:11','2024-09-13 14:00:49'),(41,'អ្នកវិទ្យាសាស្ត្របង្ហើបគន្លឹះឲ្យរស់នៅបានលើសពី ១០០ឆ្នាំ','images/post_image/1803551831259355.png','<p>ជាច្រើនឆ្នាំមកហើយដែលអ្នកវិទ្យាសាស្ត្រកំពុងព្យាយាមស្រាវជ្រាវស្វែងរកមធ្យោបាយដើម្បី<a href=\"https://hellokrupet.com/%e1%9e%9f%e1%9e%bb%e1%9e%81%e1%9e%97%e1%9e%b6%e1%9e%96%e1%9e%98%e1%9e%93%e1%9e%bb%e1%9e%9f%e1%9f%92%e1%9e%9f%e1%9e%85%e1%9e%b6%e1%9e%9f%e1%9f%8b/%E1%9E%87%E1%9F%86%E1%9E%84%E1%9E%BA%E1%9E%A7%E1%9E%9F%E1%9F%92%E1%9E%9F%E1%9E%B6%E1%9E%A0%E1%9F%8D%E1%9E%80%E1%9E%BE%E1%9E%8F%E1%9E%9B%E1%9E%BE%E1%9E%98%E1%9E%93%E1%9E%BB%E1%9E%9F%E1%9F%92%E1%9E%9F%E1%9E%85%E1%9E%B6%E1%9E%9F%E1%9F%8B/34712/\">ពន្យារភាពចាស់</a> នឹងអាចរស់នៅបានលើសពី ១០០ឆ្នាំ ខណៈពេលដែលមិនទាន់បានទទួលចម្លើយជាក់ស្តែងនៅឡើយក៏ដោយ។</p><p>ខណៈពេលដែលកំពុងធ្វើដំណើរការស្រាវជ្រាវ អ្នកវិទ្យាសាស្ត្របានបង្វែរទៅផលិតជា<a href=\"https://hellokrupet.com/%e1%9e%9b%e1%9f%86%e1%9e%a0%e1%9e%b6%e1%9e%8f%e1%9f%8b%e1%9e%94%e1%9f%92%e1%9e%9a%e1%9e%b6%e1%9e%8e/%e1%9e%87%e1%9f%86%e1%9e%9a%e1%9e%bb%e1%9e%89%e1%9e%80%e1%9e%b6%e1%9e%9a%e1%9e%a0%e1%9e%b6%e1%9e%8f%e1%9f%8b%e1%9e%94%e1%9f%92%e1%9e%9a%e1%9e%b6%e1%9e%8e/95196/\">អាហារបំប៉នធម្មជាតិ</a>ដើម្បីជួយពន្យារភាពចាស់ ដោយឡែកអ្នកវិទ្យាសាស្ត្រមួយចំនួន ផ្សេងទៀតផលិតនូវសក្តានុពលប្រឆាំងភាពចាស់តាមរយៈភេសជ្ជៈបំប៉នសុខភាពផ្សេងៗ ទម្រាំការស្រាវជ្រាវរកមធ្យោបាយពន្យារភាពចាស់ចេញជាលទ្ធផលជាក់លាក់។</p><p>​អ្នកជំនាញវិទ្យាសាស្ត្រ​ ៣ ​រូប​ក្នុង​វិស័យប្រត្តិបត្តិការណ៍​ស្រាវជ្រាវការពន្យារភាពចាស់បានប្រាប់​ពី​<a href=\"https://hellokrupet.com/%e1%9e%9f%e1%9e%bb%e1%9e%81%e1%9e%97%e1%9e%b6%e1%9e%96%e1%9e%91%e1%9e%bc%e1%9e%91%e1%9f%85/%e1%9e%85%e1%9f%86%e1%9e%8e%e1%9f%81%e1%9f%87%e1%9e%8a%e1%9e%b9%e1%9e%84%e1%9e%91%e1%9e%bc%e1%9e%91%e1%9f%85/55104/\">ទម្លាប់​រស់នៅ</a>ដ៏​​ខ្ជាប់ខ្ជួនរបស់ខ្លួនថា ​ការទទួលទានអាហារដែលមានសុខភាពល្អ និងធ្វើលំហាត់ប្រាណ គឺជាគន្លឹះសំខាន់ដែលអាចជួយឲ្យពួកគេរស់នៅរហូតដល់អាយុ ១២០ឆ្នាំ​ បាន។<img src=\"https://www.posttoday.buzz/media/051013-2_1720000991.jpeg\">វេជ្ជបណ្ឌិត David Clancy នៃសាកលវិទ្យាល័យ Lancaster ដែលបានចំណាយពេលជាច្រើនទសវត្សរ៍ក្នុងការស្រាវជ្រាវពីរបៀបពន្យារភាពចាស់បាននិយាយថា ការធ្វើ<a href=\"https://hellokrupet.com/%e1%9e%9b%e1%9f%86%e1%9e%a0%e1%9e%b6%e1%9e%8f%e1%9f%8b%e1%9e%94%e1%9f%92%e1%9e%9a%e1%9e%b6%e1%9e%8e/%e1%9e%9b%e1%9f%86%e1%9e%a0%e1%9e%b6%e1%9e%8f%e1%9f%8b%e1%9e%94%e1%9f%92%e1%9e%9a%e1%9e%b6%e1%9e%8e%e1%9e%95%e1%9f%92%e1%9e%9f%e1%9f%81%e1%9e%84%e1%9e%91%e1%9f%80%e1%9e%8f/100914/\">លំហាត់ប្រាណ</a>ជាវិធីជួយឲ្យរាងកាយនៅក្មេងបានយូរ។ ការគ្រប់គ្រងសុខភាពបេះដូង កម្រិតនៃកូឡេស្តេរ៉ុល ក៏ដូចជាសម្ពាធឈាមឲ្យបានត្រឹមត្រូវ គឺអាចកាត់បន្ថយហានិភ័យដល់អាយុជីវិតផងដែរ។</p><p>ដោយឡែកអ្នកស្រាវជ្រាវនៅប្រទេសហ្វាំងឡង់បានរកឃើញថា ការហាត់ប្រាណច្រើនអាចជួយពន្យារភាពចាស់ និងអាចរស់នៅបានយូរ បូករួមនឹងរបបអាហារដែលមានសុខភាពល្អ និងគេងបានគ្រប់គ្រាន់។ វេជ្ជបណ្ឌិត Clancy បានពន្យល់ថា ការថែរក្សារាងក៏អាចជួយសម្អាតកោសិកា Senescent ដែលជាកោសិកាម៉្យាងបង្កើនល្បឿននៃភាពចាស់ បង្កើនស្ត្រេស បញ្ចេញជាតិពុលដែលជំរុញឱ្យរលាកអវៈយវៈផ្សេងៗ។</p><p>ក្រៅពីការហាត់ប្រាណ លោកវេជ្ជបណ្ឌិតក៏បានបន្ថែមអាហារបំប៉នប្រភេទថ្នាំគ្រាប់ប្រចាំថ្ងៃដែលផលិតឡើងពីស្លឹកស្ងួតរបស់ Ginkgo ដែលជាប្រភេទដើមឈើមានវ័យចំណាស់ជាងគេបំផុតរបស់ពិភពលោក ដោយហ្វូស៊ីលនៃស្លឹករបស់វាសម្បូរទៅដោយសារធាតុប្រឆាំងអុកស៊ីតកម្ម ជួយដល់ដំណើរការនៃបេះដូង និងជំនួយដល់សុខភាពភ្នែកថែមទៀតផង។</p><p>&nbsp;</p><p>Credit: hellokrupet</p>',6,90,NULL,'2024-07-03 17:04:20','2024-09-13 14:01:15'),(42,'ធ្លាប់មានកូនក្រៅស្បូន អាចពពោះលើកក្រោយបានអត់?','images/post_image/1803552126151266.jpg','<p>ស្រ្តីដែលមាន<a href=\"https://hellokrupet.com/search/?s=%E1%9E%80%E1%9E%BC%E1%9E%93%E1%9E%80%E1%9F%92%E1%9E%9A%E1%9F%85%E1%9E%9F%E1%9F%92%E1%9E%94%E1%9E%BC%E1%9E%93&amp;page=1\">កូនក្រៅស្បូន</a>តែងតែបារម្ភថាអាចប៉ះពាល់ដល់ការមានផ្ទៃ​ពោះ​លើកក្រោយ ឬអាចលែង​​មានកូនជារៀងរហូត។ តើស្រ្តីធ្លាប់មានកូនក្រៅ<a href=\"https://hellokrupet.com/search/?s=%E1%9E%9F%E1%9F%92%E1%9E%94%E1%9E%BC%E1%9E%93&amp;page=1\">ស្បូន</a>​អាចមានកូនលើក​ក្រោយ​ទៀតដែរឬទេ?</p><p>ទាក់ទងនឹង​ចម្ងល់​នេះ លោកវេជ្ជបណ្ឌិត ចាន់ ស៊ីណេត ប្រធានផ្នែកសម្ភព និងរោគស្រ្តី​នៅមន្ទីរពេទ្យ​បង្អែកមិត្តភាពកម្ពុជា-ចិន សែនសុខបានលើកឡើងថា ស្រ្តីនៅតែអាច​មានផ្ទៃពោះ​ដោយជោគជ័យ​ដរាបណាស្បូនរបានជាសះស្បើយពេញលេញ ឬដរាបណា​<a href=\"https://hellokrupet.com/search/?s=%E1%9E%8A%E1%9F%83%E1%9E%9F%E1%9F%92%E1%9E%94%E1%9E%BC%E1%9E%93&amp;page=1\">ដៃ​ស្បូន</a>របស់​ស្រ្តី​នៅ​សល់​ម្ខាង។</p><p>ករណីកូនក្រៅស្បូនរីកធំ ធ្វើឱ្យរហែកដៃស្បូន និងបណ្តាលឱ្យធ្លាក់ឈាមច្រើន គ្រូពេទ្យ​ត្រូវ​ធ្វើ​ការ​វះកាត់ដើម្បីយកជាលិកាកូនក្រៅស្បូនចេញ និងព្យាបាលដៃស្បូន។ ប្រសិនបើដៃស្បូនខូចខ្លាំង គ្រូពេទ្យត្រូវកាត់វាចេញ។</p><figure class=\"image\"><img src=\"https://www.posttoday.buzz/media/shutterstock_1341667013_1720001311.jpg\"></figure><p>យោងតាមស្ថិតិ ស្ត្រី ៦៥% អាចមានផ្ទៃពោះដោយជោគជ័យក្នុងរយៈពេល ១៨ ខែបន្ទាប់​ពីមានកូន​ក្រៅស្បូន។ ឱកាសនៃការមានកូនក្រៅស្បូនម្តងទៀតមានត្រឹមតែ ១ ភាគ ១០ ប៉ុណ្ណោះ។ យ៉ាងណា​មិញ ប្រសិនស្រ្តីមានកូនក្រៅស្បូនលើស​ពីម្តង ឱកាសនៃការមានកូនក្រៅស្បូនម្តងទៀតគឺខ្ពស់។ ការ​សិក្សាជាច្រើនបានបង្ហាញថា ការមានកូនក្រៅស្បូនមិនទាក់ទងនឹងកត្តាហ្សែនទេ ប៉ុន្តែវាអាច​ប៉ះ​ពាល់​ដល់ផ្លូវចិត្តម្តាយ។</p><p>&nbsp;</p><p>ជាធម្មតាក្រោយពេលមានកូនក្រៅស្បូន គ្រូពេទ្យនឹងណែនាំឱ្យស្ត្រីរង់ចាំដល់ក្រោយពេលមករដូវពីរដង មុននឹងព្យាយាម​មាន​ផ្ទៃពោះ​ម្តងទៀតដែលជាធម្មតាត្រូវចំណាយពេលប្រហែល ៣ ខែ។ ក្នុងរយៈពេលនេះ​រាងកាយ​ស្រ្តី​នឹងមានពេលវេលាជាសះស្បើយ មុនពេលបង្កកំណើតម្តងទៀត និងជាពីរបួស​ផ្លូវចិត្តពីការបាត់​បង់​កូនលើកមុន។</p><h2><strong>ហេតុអីកូនក្រៅស្បូន មិនអាចទ្រទ្រង់ការលូតលាស់បាន?</strong></h2><figure class=\"image\"><img src=\"https://www.posttoday.buzz/media/shutterstock_1578825694_1720001671.jpg\"></figure><p>ស្ត្រី​ដែល​បង្ក​កំណើត​កូន​ក្រៅ​ស្បូន​ប្រឈម​នឹង​គ្រោះថ្នាក់​ខ្លាំង ប្រសិនបើ​មិន​អាច​ជួយ​បាន​ទាន់​ពេល​វេលា បណ្ដាល​ឲ្យ​បែក​ឈាម​ពេញ​ពោះ។ តើ​ហេតុអ្វីបានជាដៃស្បូនមិនអាចទ្រទ្រង់ការលូតលាស់របស់គភ៌បាន?</p><p>សាស្ត្រាចារ្យ​វេជ្ជបណ្ឌិត <strong>កែវ មួយស្រូយ</strong> ឯកទេស​សម្ភព និង​រោគ​ស្ត្រីថាកូន​ក្រៅ​ស្បូន​ជា​កូន​ដែល​មិន​នៅ​ក្នុង​ស្បូន ដែល​វា​ទុំ​លើ​ដៃ​ស្បូន​អាច​ខាង​ឆ្វេង ឬ​ស្ដាំ ហើយ​ដៃ​ស្បូន​មាន​សភាព​ទន់​ៗ តូច​មែនទែន​ប្រហាក់ប្រហែល​សរសៃ​ធូប និង​កន្លែង​ខ្លះ​ប៉ុន​ជើង​ធូប​តែ​ប៉ុណ្ណោះ មិន​អាច​រីក​រួម​ដូច​តួ​ស្បូន​បាន​ឡើយ។</p><p>អនុប្រធាន​មជ្ឈមណ្ឌល​ជាតិ​គាំពារ​មាតា និង​ទារក​បាន​បន្ត​ទៀត​ថា ព្រោះតែដៃស្បូន​មាន​សាច់ដុំ​បន្តិចបន្តួច និងវា​មាន​ចលនា​តែ​នាំ​គ្រាប់​ពូជ​ពី​ក្រពេញ​ទៅ​ក្នុង​ស្បូន ដើម្បី​ឲ្យ​គ្រាប់​ពូជ​បង្ក​កំណើត​ ​ហើយការ​កបង្កកំណើត​នោះ ១/៣ នៅ​ដៃ​ស្បូន​នៅ​ខាង​ក្រៅ​។ បន្ទាប់ពី​បង្ក​កំណើត​ហើយ​បាន​ត្រឡប់​ចូល​ទៅ​ក្នុង​ស្បូន​វិញ ហើយ​ដៃ​ស្បូន​ជា​អ្នក​បឺត​ចូល​ទៅ។ លោក​បន្ថែម​ទៀត​ថា បើ​មាន​ឧបសគ្គ​ណា​មួយ ​គ្រាប់​ពូជ​ដែល​បង្ក​កំណើត​ហើយ​នោះ មិន​អាច​រត់​ចូល​ទៅ​ក្នុង​ស្បូន​ទាន់​ក្នុង​អំឡុង​ថ្ងៃ​ទី ៥ គឺ​នៅ​ជាប់​ត្រង់​នោះ ដែល​ហៅ​ថា​កូន​ក្រៅ​ស្បូន។</p><p>ចំពោះ​មូលហេតុ​ដែល​ដៃ​ស្បូន​មិន​អាច​ទ្រទ្រង់​ការ​រីក​ធំ​ធាត់​របស់​គភ៌​បាន ព្រោះ​ក្នុង​មួយ​ខែ​គភ៌​វិវត្តន៍​បាន​ទំហំ ១ សង់ទីម៉ែត្រ តែ​ដៃ​ស្បូន​មាន​រូបរាង​ប៉ុន​ធូប ឬ​ទំហំ​ស្មើ​នឹង​កន្លះ​សង់ទីម៉ែត្រ។ នៅ​ពេល​គភ៌​ធំ ដៃ​ស្បូន​នឹង​រីក​ប៉ោង​រហូត​ប្រេះ ហើយ​យ៉ាង​យូរ​លើស​ពី​មួយ​ខែ​បន្តិច​បណ្ដាល​ឲ្យ​បែក​សរសៃ​ឈាម បូក​រួម​ទាំង​ដៃ​ស្បូន​សម្បូរ​សរសៃ​ឈាម​ទៀត​នោះ ឈាម​នឹង​ហូរ​ពេញ​ពោះ។</p><p>ក្រោយ​ពេល​បែក​ហូរ​ឈាម​ពេញ​ពោះ​ស្ត្រី​នឹង​មាន​អារម្មណ៍​ថា​ឈឺ​អួល​ៗ និង​សភាព​ស្លេក​ទៅ​ៗ​ព្រោះ​បាត់បង់​ឈាម​នោះ​ឯង។ ការ​បែក​ឈាម​តាម​សរសៃ​ឈាម​ដៃ​ស្បូន​រហូត​ដក់​ក្នុង​ពោះ អាច​បណ្ដាល​ឲ្យ​គ្រោះថ្នាក់​ដល់​ជីវិត។ ប្រសិនបើ​ការ​ហូរ​ឈាម​លើស​ពី ១ លីត្រ​ស្រ្តី​អាច​មាន​សញ្ញា​ចង់​សន្លប់ ដោយសារ​ការ​ខ្វះ​ឈាម ហើយ​បើ​ហូរ​អស់ ៣ លីត្រ​ជាង​ពី​ក្នុង​ខ្លួន​អាច​ស្លាប់​បាន បើ​សង្គ្រោះ​មិន​ទាន់​ពេល​វេលា។</p><p>Cred: hellokrupet</p>',6,116,NULL,'2024-07-03 17:09:01','2024-09-13 14:01:17'),(43,'ការហាត់ប្រាណអាចជួយកាត់បន្ថយជំងឺចុកចាប់សន្លាក់កម្រិតស្រាល','images/post_image/1803552730887640.jpg','<figure class=\"image\"><img src=\"https://www.posttoday.buzz/media/ហាត់ប្រាណ_1720001915.jpg\"></figure><p>ជំងឺឈឺចុកចាប់សន្លាក់ ជាបញ្ហាមួយដែលកើតឡើងភាគច្រើនចំពោះមនុស្សវ័យចំណាស់ អ្នកមានមាឌ<a href=\"https://hellokrupet.com/%e1%9e%9b%e1%9f%86%e1%9e%a0%e1%9e%b6%e1%9e%8f%e1%9f%8b%e1%9e%94%e1%9f%92%e1%9e%9a%e1%9e%b6%e1%9e%8e/%e1%9e%9b%e1%9f%86%e1%9e%a0%e1%9e%b6%e1%9e%8f%e1%9f%8b%e1%9e%94%e1%9f%92%e1%9e%9a%e1%9e%b6%e1%9e%8e%e1%9e%95%e1%9f%92%e1%9e%9f%e1%9f%81%e1%9e%84%e1%9e%91%e1%9f%80%e1%9e%8f/54492/\">ធាត់​លើស​ទម្ងន់</a>​ និង អ្នកមានជំងឺទឹកនោមផ្អែមជាដើម។ ការប្រឈមមុខនឹងជំងឺនេះ ភាគច្រើនអ្នកជំងឺគ្មានមធ្យោបាយអ្វីក្រៅពីផ្ញើសេចក្ដីទុកចិត្ដ​ក្រៅពីការប្រើប្រាស់ឱសថសម្រាប់ព្យាបាល ឬបើមានអាការៈធ្ងន់ធ្ងរអាចឈានទៅដល់ការសម្រេចចិត្ដវះកាត់ព្យាបាល។ ការសម្រេចចិត្ដដល់ការវះកាត់គឺជាការព្យាបាលមួយល្អហើយ សម្រាប់មនុស្សធម្មតា ប៉ុន្ដែសម្រាប់អ្នកដែលមានមាឌធាត់ឬ<a href=\"https://hellokrupet.com/%e1%9e%9f%e1%9e%bb%e1%9e%81%e1%9e%97%e1%9e%b6%e1%9e%96%e1%9e%95%e1%9f%92%e1%9e%9b%e1%9e%bc%e1%9e%9c%e1%9e%8a%e1%9e%84%e1%9f%92%e1%9e%a0%e1%9e%be%e1%9e%98/%e1%9e%87%e1%9f%86%e1%9e%84%e1%9e%ba%e1%9e%9a%e1%9e%94%e1%9f%81%e1%9e%84/134946/\">ទឹកនោមផ្អែម</a> អាចនឹងពិបាក បន្ដិចព្រោះវាអាចប៉ះពាល់ទៅដល់ផ្នែកផ្សេងទៀត។</p><p>របកគំហើញថ្មីចេញផ្សាយដោយវិទ្យាស្ថានជាតិថែរទាំសុខភាពនៅអង់គ្លេស បានងបង្ហាញថា លំហាត់ប្រាណមួយចំនួនអាចកាត់បន្ថយ និងព្យាបាលអាការៈឈឺចុករួយសន្លាក់បាន ដោយកាត់បន្ថយទម្លាប់ប្រើប្រាស់ឱសថជាប្រចាំ។</p><p>លោកវេជ្ជបណ្ឌិត Dr Wendy Holden អ្នកនាំពាក្យរបស់​វិទ្យាស្ថានខាង​លើ ប្រាប់សារព័ត៌មាន BBC កាលពីពេលថ្មីៗនេះថា មានមនុស្សភាគច្រើនគិតខុសចំពោះចំណុចនេះ ដោយយល់ថា ការហាត់ប្រាណធ្វើឲ្យរឹតតែមានការឈឺចាប់ដល់សន្លាក់ ប៉ុន្ដែមិនដូច្នោះទេការហាត់ប្រាណគឺជាវិធីសាស្ដ្រសកម្មភាពរាងកាយព្យាបាលជំងឺឈឺចុករួយសន្លក់ មិនត្រឹមតែប៉ុណ្ណោះក៏ជាផ្នែកមួយជួយផ្លាស់ប្ដូរទម្លាប់រស់នៅប្រចាំថ្ងៃឲ្យកាន់តែប្រសើរ។</p><p><a href=\"https://hellokrupet.com/%e1%9e%9f%e1%9e%bb%e1%9e%81%e1%9e%97%e1%9e%b6%e1%9e%96%e1%9e%91%e1%9e%bc%e1%9e%91%e1%9f%85/%e1%9e%96%e1%9f%90%e1%9e%8f%e1%9f%8c%e1%9e%98%e1%9e%b6%e1%9e%93/65244/\">ការហាត់ប្រាណ</a> មិន​ត្រឹម​តែ​ជួយបង្កើតសាច់ដុំទេ តែក៏អាចចូលរួមចំណែកក្នុងការសម្រកទម្ងន់ ដែលនេះគឺជាមូលហេតុសំខាន់អាចគ្រប់គ្រងទៅលើជំងឺសន្លាក់គ្រប់ប្រភេទលើរាងកាយ។ ការហាត់ប្រាណប្រសិនមានការឈឺចាប់ យើងអាចប្រើប្រាស់ គ្រីមរឹត ឬលាប ប្រឆាំងការរលាកផ្សេងៗ ជំនួយការព្យាលបាលបាន។ ការព្រួយបារម្ភភាគច្រើនអ្នកដែលមានជំងឺឈឺចុករួយសន្លាក់មិនបានចាប់អារម្មណ៍ប្រើប្រាស់វិធីនេះទេ ដោយផ្ដោតសំខាន់លើការប្រើប្រាស់ថ្នាំព្យាបាលច្រើនជាង។</p><p><strong>មានវិធីសាស្ដ្រហាត់ប្រាណមួយចំនួនដែលវេជ្ជបណ្ឌិតបានណែរនាំដូចជា៖</strong></p><p>ការហាត់ប្រាណដែលមានអំពើតិចទៅលើសន្លាក់ ដូចជាការដើរ ការជិះកង់ ឬសកម្មភាពហាត់ប្រាណផ្សេងទៀត ជាប្រភេទការហាត់ប្រាណដែលអាចធ្វើបាននៅក្នុងទឹក និងការហែលទឹកជាដើម។</p><figure class=\"image\"><img src=\"https://www.posttoday.buzz/media/ហាត់ប្រាណរាល់ថ្ងៃ_1720001869.jpg\"></figure><p>សកម្មភាពហាត់ប្រាណដែលពង្រឹងទៅលើផ្នែករចនាសម្ពន្ធសាច់ដុំកាន់តែសំខាន់ ដូចជាការហាត់ប្រាណ ដោយលើក​ជើងឡើងលើ ដែលការហាត់ប្រាណបែបនេះអាចមានផលល្អសម្រាប់អ្នកដែលមានបញ្ហាជង្គង់ ព្រោះការហាត់ប្រាណបែបនេះអាចជួយ<a href=\"https://hellokrupet.com/%e1%9e%87%e1%9f%86%e1%9e%84%e1%9e%ba%e1%9e%88%e1%9e%b6%e1%9e%98/%e1%9e%87%e1%9f%86%e1%9e%84%e1%9e%ba%e1%9e%88%e1%9e%b6%e1%9e%98%e1%9e%95%e1%9f%92%e1%9e%9f%e1%9f%81%e1%9e%84%e1%9e%91%e1%9f%80%e1%9e%8f/168645/\">ពង្រឹងសាច់ដុំ</a> និង ជួយការពារពីផលប៉ះពាល់សន្លាក់។</p><p>ការហាត់ប្រាណបែបពត់ពេនដងខ្លួន ការហាត់ប្រាណបែបយូហ្គានិង ការហាត់ប្រាណបែប Aerobic ទាំងនេះអាចជួយមិនត្រឹមតែរាងកាយនោះទេ ថែមទាំងជួយដល់ដំណើការបេះដូងទៀតផង។</p><p>វេជ្ជបណ្ឌិត Dr Paul Chrisp មកពីវិទ្យាស្ថានជាតិថែរទាំសុខភាពនៅអង់គ្លេសដូចគ្នា មានប្រសាសន៍ថា ការចាប់ផ្ដើម​ហាត់ប្រាណដំបូងអាចមានការលំបាកបន្ដិច ដូច្នេះសម្រាប់អ្នកចាប់ផ្ដើម លុះត្រាតែមានការណែរនាំ ផ្ដល់ព័ត៌មានឲ្យគ្រប់គ្រាន់ទើបអាចរៀបចំគ្រប់គ្រងពេលវេលា និងបង្ហាញពីលក្ខខណ្ឌជំងឺ សុខភាពពួកគេក្នុងការធ្វើវា ឲ្យបានយូរអង្វែង។ អ្វីដែលជាការបង្ហាញទាំងអស់ គឺមិនលើកចិត្ដឲ្យអ្នកជំងឺប្រើប្រាស់ថ្នាំព្យាបាលជាប្រចាំនោះទេ ដូចជាប្រភេទថ្នាំបារ៉ាសេតាម៉ុល(Paracetamol) និងពពួកថ្នាំបំបាត់ការឈឺចុកចាប់សន្លាក់ផ្សេងទៀត។ មានករណីខ្លះការប្រើប្រាស់ថ្នាំបំបាត់ការឈឺចាប់ វាមិនបានជួយយើងក្នុងរយៈពេលវែងនោះទេ តែវាក៏អាចបង្កបញ្ហាផ្សេងទៀតបានក្នុងពេលជាមួយគ្នា ដោយករណីខ្លះអាចកើតមានជាទម្លាប់​ញៀន​ប្រើប្រាស់ថ្នាំប្រភេទនោះដោយមិនអាចខ្វះបាន។</p>',2,106,NULL,'2024-07-03 17:18:37','2024-09-13 14:00:59'),(44,'រដ្ឋមន្រ្តី​ក្រសួងឧស្សាហកម្ម ជំរុញ​ឱ្យក្រុមហ៊ុន ហុង ដា សហការផលិតគ្រឿងបង្គុំ​ក្នុងស្រុក សម្រាប់ម៉ូតូហុងដា','images/post_image/1803552991216282.jpg','<p>ឯកឧត្តម ហែម វណ្ណឌី រដ្ឋមន្ត្រីក្រសួងឧស្សាហកម្ម វិទ្យាសាស្ត្រ បច្ចេក​វិទ្យា និងនវានុវត្តន៍ បានលើកទឹកចិត្តក្រុមហ៊ុន ហុងដា ឱ្យពិនិត្យលទ្ធភាពសហការជាមួយសហគ្រាសធុនតូច និង​មធ្យម​ក្នុងស្រុក ដើម្បីសិក្សាសក្តានុពលនៃការផលិតគ្រឿងបង្គុំមួយចំនួន ក្នុងចំណោមគ្រឿងបង្គុំជាង ៥០០ សម្រាប់ម៉ូតូហុងដាមួយគ្រឿង។ ការថ្លែងនេះ ធ្វើឡើង​ក្នុងពេល​ឯកឧត្តម ធ្វើទស្សនកិច្ចនៅរោងចក្រផលិតម៉ូតូ ហុងដា នៅរាជ​ធានី​ភ្នំពេញ កាលពីថ្ងៃទី២៤ ខែមិថុនា ឆ្នាំ​២០២៤។</p><figure class=\"image\"><img src=\"https://www.posttoday.buzz/media/image_1720002055.png\"></figure><p>ក្នុងដំណើរទស្សនកិច្ចនេះ តំណាងក្រុមហ៊ុន ហុងដា បានបង្ហាញទិដ្ឋភាពទូទៅ​នៃខ្សែច្រវាក់ផលិត​កម្ម​របស់ក្រុមហ៊ុន ដោយបង្ហាញដំណើរការផលិត ពីការសង្កត់ពុម្ព និងការផ្សារគ្រឿងបង្គុំ រហូតដល់ការជ្រលក់ថ្នាំ និងផ្គុំដំឡើង។</p><p>បច្ចុប្បន្ន រោងចក្រមានសមត្ថភាពផលិតម៉ូតូហុងដាឌ្រីមចំនួន ១.៥០០ គ្រឿងក្នុងមួយវេន (៨ម៉ោង)។ មកទល់ពេលបច្ចុប្បន្ន ក្រុមហ៊ុន ហុងដា បានផលិតម៉ូតូជាង ៤,៣ លានគ្រឿង និងមានបណ្តាញចែកចាយដ៏ទូលំទូលាយនៅទូទាំងប្រទេស។</p><p>ឯកឧត្តមរដ្ឋមន្ត្រី បានលើកឡើងថា ម៉ូតូជាមធ្យោបាយធ្វើដំណើរដ៏មានសារៈសំខាន់ទាំងសម្រាប់ ជីវភាពរស់នៅប្រចាំថ្ងៃ និងសម្រាប់សេដ្ឋកិច្ចរបស់ប្រជាជនកម្ពុជា។ ឯកឧត្តមបានកោតសរសើរក្រុមហ៊ុន ចំពោះប្រតិបត្តិការផលិត ក្នុងរយៈពេលជាង២៥ឆ្នាំកន្លងមកនេះ។</p><figure class=\"image\"><img src=\"https://www.posttoday.buzz/media/image_1720002077.png\"></figure><p>បច្ចុប្បន្ន គ្រឿងបង្គុំម៉ូតូហុងដា ឌ្រីម (Honda Dream) ភាគច្រើនត្រូវបានផលិតនៅក្នុងប្រទេសកម្ពុជា។ មិនតែប៉ុណ្ណោះ​គ្រឿង​បង្គុំមួយចំនួនក៏ត្រូវបានផលិតនាំចេញទៅប្រទេសជិតខាងផងដែរ។ ការអភិវឌ្ឍ​នេះ​បានលើកមុខ​មាត់​ផលិត​ផលកម្ពុជា និងបង្ហាញពីការរីកចម្រើននៃវិស័យឧស្សាហកម្មក្នុងស្រុក។</p><p>ឯកឧត្តមរដ្ឋមន្ត្រីបានលើកទឹកចិត្តក្រុមហ៊ុនឱ្យបើកខ្សែច្រវាក់ផលិតកម្មរបស់ខ្លួនដល់សហគ្រាសធុនតូច និង​មធ្យម បានមកសិក្សាស្វែងយល់ពីស្តង់ដារ និងវិន័យការងាររបស់ក្រុមហ៊ុន។ ឯកឧត្តមបានកោតសរសើរក្រុមហ៊ុនចំពោះកិច្ចខិតខំប្រឹងប្រែងក្នុងការផលិតក្នុងស្រុកជំនួសឱ្យការនាំចូល និងបានបញ្ជាក់ការគាំទ្ររបស់រាជរដ្ឋាភិបាលចំពោះកិច្ចខិតខំប្រឹងប្រែងនេះ។</p><figure class=\"image\"><img src=\"https://www.posttoday.buzz/media/image_1720002097.png\"></figure><p>ឯកឧត្តមរដ្ឋមន្ត្រីបានស្នើឱ្យក្រុមហ៊ុន ហុងដា ពិចារណាបើកឱកាសដល់វិចិត្រករខ្មែរអាចរួមចំណែកដល់ការរចនាម៉ូត ទន្ទឹមនឹងនោះស្វែងរកជម្រើសផ្តល់ហិរញ្ញប្បទាន ដើម្បីពង្រីកលទ្ធភាពរបស់ប្រជាជនកម្ពុជាក្នុងការទិញម៉ូតូ ហុងដា និងបង្កើនភាពងាយស្រួលក្នុងការធ្វើដំណើរ។</p><p>ក្រុមហ៊ុន ហុងដា តាមរយៈដៃគូក្នុងស្រុករបស់ខ្លួនគឺ NCX Co., Ltd. បានបង្កើតការងារជាង ២,០០០ កន្លែងក្នុងប្រទេសកម្ពុជា។ NCX គឺជាក្រុមហ៊ុនផលិត និងចែកចាយផ្តាច់មុខនូវម៉ូតូ ហុងដា នៅកម្ពុជា ហើយ​បានរួមចំណែកយ៉ាងសំខាន់ដល់ការបង្កើតការងារ តាមរយៈប្រតិបត្តិការផលិត ផ្គុំ និងចែកចាយ​ផលិតផល ហុងដា របស់ខ្លួន៕</p><figure class=\"image\"><img src=\"https://www.posttoday.buzz/media/667d0eb508968_1719471780_medium_1720002127.jpg\"></figure><p><strong>&nbsp; &nbsp; &nbsp; &nbsp; &nbsp; &nbsp; &nbsp; &nbsp; &nbsp; &nbsp; &nbsp; &nbsp; &nbsp; &nbsp; &nbsp; &nbsp; &nbsp; &nbsp; &nbsp; &nbsp; &nbsp; &nbsp; &nbsp; &nbsp; &nbsp; &nbsp; &nbsp; &nbsp; &nbsp; &nbsp; &nbsp; &nbsp; &nbsp; &nbsp; &nbsp; &nbsp; ប្រភព៖ ក្រសួងឧស្សាហកម្ម វិទ្យាសាស្ត្រ បច្ចេក​វិទ្យា និងនវានុវត្តន៍</strong></p><p>&nbsp;</p><p><strong>&nbsp; ប្រភព៖&nbsp;Sabay News</strong></p>',2,90,NULL,'2024-07-03 17:22:46','2024-09-13 19:33:11'),(45,'CoolApp របស់ខ្មែរ​ដែលមានលក្ខណៈដូច Telegram ដាក់ដំណើរការហើយ ក្រោយ​ចំណាយពេលបង្កើត ៣ឆ្នាំ','images/post_image/1803553174520586.jpg','<p>CoolApp ជាបណ្តាញទំនាក់ទំនងសង្គម Chat លើកដំបូងរបស់កម្ពុជា ដែលមានលក្ខណៈស្តង់ដារបរទេសដូច Telegram និង WhatsApp បច្ចុប្បន្នបានដាក់ដំណើរការនៅលើ​ App Store និង Play Store ហើយ។</p><figure class=\"image\"><img src=\"https://www.posttoday.buzz/media/image_1720002243.png\"></figure><figure class=\"image\"><img src=\"https://www.posttoday.buzz/media/image_1720002252.png\"></figure><p>CoolApp មានលក្ខណៈស្តង់ដារដូចអន្តរជាតិ ធ្វើឡើងដោយក្រុមជំនួញបច្ចេកទេសខ្មែរជាច្រើននាក់ ដែលជាអ្នកជំនាញផ្នែកបច្ចេកវិទ្យា IT។ កម្មវិធីទំនាក់ទំនងឆាត CoolApp នេះបានចំណាយពេលជាង៣ឆ្នាំមកហើយ ចាប់តាំងពីឆ្នាំ២០២១ មកដល់ឆ្នាំ២០២៤នេះ ដែលទើបចេញរូបរាងនៅពេលនេះ។</p><p>CoolApp មានមុខងារជាច្រើនរួមមាន Chat និង Call និង Video Call ដោយប្រើប្រាស់តាមស្តង់ដារអន្តរជាតិ ទិន្នន័យ Data និង Call ស្ថិតក្នុងលក្ខណៈ Encryption និងសុវត្ថិភាពទាំងអស់ ដោយប្រើប្រាស់ប្រព័ន្ធ Internet Local (Dix) ដែលធ្វើឲ្យ Call ស្តាប់សំឡេងច្បាស់ និង Chat ផ្ញើរូបភាព វិដេអូ មានភាពរហ័ស ព្រោះ Internet មិនចេញទៅក្រៅប្រទេស។</p><p>បណ្តាញទំនាក់ទំនងសង្គមឆាត CoolApp ជាមោទនភាពរបស់ជាតិយើង ដែលជា​កម្មវិធីដំបូងជារបស់ខ្មែរ និងប្រើប្រាស់ក្នុងដែនសុវត្ថិភាពរបស់ខ្មែរ។</p><figure class=\"image\"><img src=\"https://www.posttoday.buzz/media/image_1720002286.png\"></figure><p>សូមដោនឡូតកម្មវិធីនេះ តាមរយៈតំណភ្ជាប់ខាងក្រោម</p><p>iOS version (iPhone &amp; iPad) <a href=\"https://apps.apple.com/kh/app/coolapp-messenger/id1617434516\">https://apps.apple.com/kh/app/coolapp-messenger/id1617434516</a></p><p>Android version <a href=\"https://play.google.com/store/apps/details?id=asia.coolapp.chat&amp;fbclid=IwZXh0bgNhZW0CMTAAAR17wr0NF7CtrkJMdJqq1DlQUfkXaYe4Ak516iWzhdmwqYYk3BcYolaztDM_aem_ZmFrZWR1bW15MTZieXRlcw&amp;pli=1\">https://play.google.com/store/apps/details...</a></p><p>Desktop version <a href=\"https://coolapp.chat/desktop/?fbclid=IwZXh0bgNhZW0CMTAAAR0X0VVeNM0GPzHwwzgsGxSAk1WiQc2tksHxase5bOcsnoPmHHMFqMY0oN4_aem_ZmFrZWR1bW15MTZieXRlcw\">https://coolapp.chat/desktop/</a></p><p>Mac iOS <a href=\"https://coolapp.chat/desktop/?fbclid=IwZXh0bgNhZW0CMTAAAR1wQa6URO8NITTcd4Ol0AFE80vfruQ-yE0uF7UtpFuPFXFJ3qXYZPhRxPo_aem_ZmFrZWR1bW15MTZieXRlcw\">https://coolapp.chat/desktop/</a></p><p><strong>ប្រភព៖ ផេកសម្តេចតេជោ ហ៊ុន សែន</strong></p><p><strong>ប្រភព៖ Sabay News</strong></p>',2,88,NULL,'2024-07-03 17:25:40','2024-09-13 14:01:28'),(46,'ក្រោយបាយរួច ព្យាយាមកុំធ្វើរឿងនេះ ទើបមិនបាច់ទៅជួបពេទ្យ','images/post_image/1803615110623271.jpg','<figure class=\"image\"><img src=\"https://image.thmeythmey.com/pictures/2024/07/03/d.jpg\"></figure><p><strong>ខាងក្រោមនេះ យើងខ្ញុំនឹងបង្ហាញអ្នកពីរឿងទាំងឡាយណា ដែលអ្នកមិនគួរធ្វើក្រោយញ៉ាំបាយរួច។ តើមានអ្វីខ្លះទៅ?</strong></p><p><br>ក្រោយពេលដែលអ្នកទើបតែញ៉ាំបាយឆ្អែត មិនគួរហាត់ប្រាណភ្លាមទេ ព្រោះក្រពះ និងពោះវៀន ត្រូវការរយៈពេលចន្លោះពី៤ ដល់៦ម៉ោង ដើម្បីរំលាយ។ ប្រសិនជាឆ្អែតភ្លាម ហាត់ប្រាណភ្លាម នឹងអាចធ្វើឲ្យអ្នកថប់ទ្រូង បើធ្ងន់ធ្ងរអាចក្អួត និងប៉ះពាល់ដល់សរសៃឈាម ក៏ថាបានដែរ។ ដូចនេះ ប្រសិនជាអ្នកចង់ហាត់ប្រាណខ្លាំង គួរតែចាំដល់ក្រោយ៤៥នាទី ទើបអាចពិចារណាហាត់ប្រាណបាន ប៉ុន្តែមិនគួរហាត់ដោយប្រើចលនាខ្លាំងៗទេ ដោយអាចដើរហាត់ប្រាណបាន។</p><ul><li>ក្រោយពិសាបាយរួច មនុស្សភាគច្រើនតែងតែងងុយគេងជានិច្ច ដោយសារតែឈាមភាគច្រើន រត់ទៅផ្គត់ផ្គង់នៅក្រពះ និងពោះវៀនដើម្បីរំលាយអាហារ។ ជាហេតុដែលធ្វើឲ្យខួរក្បាលខ្វះឈាម និងខ្វះអុកស៊ីសែន ទើបធ្វើឲ្យចង់តែគេង។ ប៉ុន្តែតើអ្នកដឹងទេថា គេងភ្លាមក្រោយបាយឆ្អែតភ្លាម នឹងធ្វើឲ្យអាហារ ពិបាករំលាយខ្លាំងណាស់ ថែមទាំងអាចធ្វើឲ្យច្រាលមកខាងលើផងដែរ។ ដូចនេះ អ្នកអាចសម្រាកដោយអង្គុយបាន មិនគួរគេងភ្លាមនោះទេ។</li><li>ក្រោយបាយរួចភ្លាម ក៏មិនគួរទៅងូតទឹកភ្លាមដែរ ព្រោះខួរក្បាល បេះដូង កំពុងតែស្ថិតក្នុងសភាពខ្វះឈាម។ នៅពេលដែលអ្នកងូតទឹក នឹងធ្វើឲ្យសរសៃឈាមរីកធំ ដោយធ្វើឲ្យរាងកាយអ្នក អាចប្រឈមនឹងគ្រោះថ្នាក់បាន។</li><li>ក្រោយពេលដែលទើបតែបរិភោគបាយឆ្អែតរួច បើអ្នកជក់បារី នឹងធ្វើឲ្យសុខភាពប្រឈមនឹងបញ្ហាធំណាស់។ នៅពេលដែលសារធាតុពុលដែលមានក្នុងបារីនោះចូលទៅក្នុងរាងកាយអ្នក នឹងធ្វើឲ្យអ្នកងាយប្រឈមនឹងជំងឺមហារីកខ្លាំង ថែមទាំងអាចធ្វើឲ្យសរសៃឈាមអ្នក កករឹងបានផងដែរ។</li><li>ជើងជាបេះដូងទី២របស់អ្នក ព្រោះឈាមដំណើរការនៅទីនោះច្រើន។ ដូចនេះ ប្រសិនជាអ្នកមានទម្លាប់ត្រាំជើងក្រោយបាយរួច គួរតែកែចេញ ព្រោះវាអាចធ្វើឲ្យឈាមមិនអាចទៅផ្គត់ផ្គង់ក្រពះ និងពោះវៀន ដោយធ្វើឲ្យពិបាករំលាយអាហារខ្លាំងណាស់៕<br><br>+ត្រួតពិនិត្យដោយ៖ <a href=\"www.health.com.kh\">www.health.com.kh</a><br>+ &nbsp; ប្រភព : https://thmeythmey.com/</li></ul>',2,66,NULL,'2024-07-04 09:50:07','2024-09-13 14:01:19'),(47,'ក្រៅពីដាំបន្លែ អ្នកស្រី សន សុកន ជាគ្រូបង្គោលបង្រៀនដាំដុះដល់កសិករក្នុងសហគមន៍','images/post_image/1803615259630807.jpg','<p><strong>កំពង់ធំ ៖ ពីកសិករធ្វើស្រែ និងដាំបន្លែបន្តិចបន្តួច អ្នកស្រី សន សុកន វិវត្តខ្លួនជាគ្រូបង្គោលចែករំលែកបច្ចេកទេសដាំដុះដល់កសិករក្នុងសហគមន៍។ ទោះបីរវល់ធ្វើស្រែចម្ការ តែកសិករវ័យ៥២ឆ្នាំរូបនេះ តែងតែចូលរួមសង្វាត់ចូលរួមវគ្គបណ្តុះបណ្តាពីអង្គការនានា ដើម្បីទទួលបានចំណេះផ្នែកកសិកម្មបន្ថែម។ ជាគ្រូបង្គោលដល់កសិករជាង១០នាក់ អ្នកស្រី សុកន សប្បាយចិត្តដែលអ្នកស្រីអាចជួយកសិករក្នុងសហគមន៍ឱ្យចេះពីបច្ចេកទេសដាំដុះច្បាស់លាស់ និងទទួលបានទិន្នផលល្អ។</strong></p><p><br>រស់នៅភូមិព្រៃក្លា ឃុំប្រឡាយ ស្រុកស្ទោង ខេត្តកំពង់ធំ អ្នកស្រី សុកន អាចរកចំណូលបាន មួយថ្ងៃពី៣-៤ ម៉ឺនរៀលពីការដាំបន្លែចម្រុះនៅផ្ទះ។ ពីកសិករក្លាយជាគ្រូបង្គោលដ៏ឆ្នើមម្នាក់ អ្នកស្រី សុកន តែងតែលះបង់ពេលវេលារៀនបច្ចេកទេសដាំដុះពីអង្គការនានា ដើម្បីយកមកអនុវត្តន៍ និងចែករំលែកដល់កសិករដទៃទៀត។&nbsp; «ខ្ញុំរៀនបច្ចេកទេសដាំដុះតាំងពីឆ្នាំ ២០០៦មក លុះមកដល់ឆ្នាំ ២០១៦ទើបធ្វើជាគ្រូបង្គោល ខ្ញុំរៀនជាមួយអង្គការជាច្រើន តាំងពីធ្វើជីធម្មជាតិ ថ្នាំពុលធម្មជាតិ រហូតដល់ចេះផលិតទឹកមេជីទទួលបានជោគជ័យ»។ នេះជាកាបញ្ចាក់របស់អ្នកស្រី សុកន។</p><p>អ្នកស្រី សន សុកន សប្បាយចិត្តបានក្លាយជាគ្រូបង្គោលស្ម័គ្រចិត្ត ទោះបីមិនទទួលបានថវិការក៏ដោយ។ កសិកររូបនេះ ចាត់ទុកតួនាទីគ្រូបង្គោលមានតម្លៃសម្រាប់អ្នកស្រី ក៏ព្រោះអាចជួយកែប្រែជីវភាពរបស់កសិករក្នុងសហគមន៍បានច្រើន។ លើសពីនេះអ្នកស្រីចង់ឱ្យកសិករក្នុងសហគមន៍មានចំណេះដឹង ដាំដុះបន្លែឱ្យមានស្តង់ដាដើម្បីចងក្រងជាសហគមន៍នាំចេញទៅលក់នៅផ្សារទំនើប៕&nbsp;</p><p>+ប្រភព : &nbsp;https://thmeythmey.com/</p>',2,141,NULL,'2024-07-04 09:52:29','2024-09-13 14:00:48'),(48,'ក្រុមហ៊ុនចិន ផលិតអាគុយសម្រាប់​យន្តហោះអគ្គិសនី ពេលសាកពេញ​អាចហោះបានចម្ងាយ ៣០០០គីឡូម៉ែត្រ','images/post_image/1803616216484853.jpg','<p>ក្រុមហ៊ុនផលិតអាគុយដ៏ធំបំផុតរបស់​ចិន CATL ដែលស្ថិតក្នុងគម្រោងផលិត​​យន្តហោះអគ្គិសនីមួយ បាន​បង្ហាញ​ក្តីរំពឹងថា អាគុយ​របស់ខ្លួន​នឹង​ជួយឱ្យយន្តហោះ​ ធ្វើដំណើរបានដល់ចម្ងាយប្រហែល ២០០០ ទៅ ៣០០០គីឡូម៉ែត្រ នៅត្រឹមឆ្នាំ​២០២៧-២០២៨។</p><figure class=\"image\"><img src=\"https://www.posttoday.buzz/media/image_1720062455.png\"></figure><p>លោក Robin Zeng ប្រធាន​ក្រុមហ៊ុន CATL បាន​ឱ្យដឹង​ក្នុងវេទិកាសេដ្ឋកិច្ច​ពិភពលោកប្រចាំឆ្នាំ ដែលធ្វើឡើងនៅក្រុង Dalian ខេត្ត Liaoning ប្រទេសចិនថា នេះគឺជាលើកដំបូងហើយ ដែល​ក្រុមហ៊ុន​បាន​បញ្ចេញព័ត៌មាន​អំពី​ចម្ងាយ​បើកបរ​របស់​យន្តហោះអគ្គិសនី។</p><p>គួរដឹងថា គម្រោង​យន្តហោះអគ្គិសនីនេះ គឺជាកិច្ចសហប្រតិបត្តិការរវាងក្រុមហ៊ុន CATL និង ក្រុមហ៊ុនរដ្ឋចិន Commercial Aircraft Corporation បន្ទាប់ពីចូលរួមទុនជាមួយគ្នា​កាលពីខែកក្កដា ឆ្នាំ​២០២៣។</p><p>ក្រុមហ៊ុននេះ បានទទួលជោគជ័យរួចមកហើយក្នុងការធ្វើតេស្ត​បើកបរ​យន្តហោះអគ្គិសនីទម្ងន់ ៤តោន ហើយរំពឹងថា នឹងអាច​បន្តធ្វើតេស្ត​លើយន្តហោះទម្ងន់ ៨តោន​ទៀត នៅក្នុងអំឡុងបីបួនឆ្នាំខាងមុខ។</p><p>គម្រោងយន្តហោះអគ្គិសនីរបស់ក្រុមហ៊ុន CATL នេះ គឺប្រើប្រាស់​អាគុយប្រភេទ Condensed Battery ដែល១បន្ទះអាចផ្ទុកថាមពលច្រើនជាង២ដង នៃបន្ទះអាគុយ​រថយន្តអគ្គិសនី។ អាគុយ​នេះ ត្រូវបានក្រុមហ៊ុន CATL បង្ហាញ​ចេញកាលពីឆ្នាំមុន សម្រាប់​ប្រើប្រាស់​ក្នុងវិស័យឧស្សាហកម្មយន្តហោះអគ្គិសនី៕</p><figure class=\"image\"><img src=\"https://www.posttoday.buzz/media/image_1720062412.png\"></figure><p>ប្រភព : news.sabay.com.kh</p>',2,96,NULL,'2024-07-04 10:07:42','2024-09-13 14:01:26'),(49,'Foden ៖ ខ្ញុំ​គិត​ថា ទម្រង់​លេង​អង់គ្លេស​កីឡាករ​ក៏​មាន​ចំណែក​ក្នុងនោះដែរ​មិន​មែន​មក​ពី Southgate ​ម្នាក់ឯងទេ​..','images/post_image/1803616452996095.jfif','<p>​ក្រុម​បាល់ទាត់​ជម្រើស​ជាតិ​អង់គ្លេស​​រង​ការ​រិះគន់​មិន​តិច​នោះ​​ទេ​ ពី​អ្នក​គាំទ្រ​ក្នុង​ការ​ប្រកួត​​​​ពាន​រង្វាន់ EURO 2024 ដែល​កំពុង​ធ្វើ​ឡើង​នៅ​​ក្នុង​ប្រទេស​អាល្លឺម៉ង់ ​ហើយ​​​លោក Gareth Southgate​ ​ដែល​គ្រូ​បង្គោល​រង​ការ​រិះគន់​យ៉ាង​​ចាស់ដៃ​​ខ្លាំង​ជាង​គេ​ ប៉ុន្តែ​សម្រាប់ Phil Foden យល់​ថា បញ្ហា​ទាំង​អស់​មិន​មែន​មក​ពី​​គ្រូ​​ឯង​ទេ​​ក៏​អាច​មក​ពី​កីឡាករ​​​ដែរ​។</p><figure class=\"image\"><img src=\"https://www.posttoday.buzz/media/image_1720062616.png\"></figure><p>​​ក្រុម​ជម្រើស​ជាតិ​អង់គ្លេស​បាន​ឡើង​ទៅ​កាន់​វគ្គ​៨​ក្រុម​ចុង​ក្រោយ​ហើយ ដែល​ត្រូវ​តទល់​ជា​មួយ​ក្រុម​ស្វីស​នា​ថ្ងៃ​​ទី​៦​ ខែ​កក្កដា ឆ្នាំ​២០២៤ នៅ​លើ​ទឹក​ដី Venue Düsseldorf Arena ក្នុង​ប្រទេស​អាល្លឺម៉ង់​។ ​​​យ៉ាង​ណា​អង់គ្លេស​​បាន​ឡើង​មក​កាន់​វគ្គ​៨​ក្រុម​នេះ​​អ្នក​គាំទ្រ​​មើល​ឃើញ​ថា ​ពិបាក​ភ្នែក​ខ្លាំង​មែនទែន​ដ្បិត​អី​ស្ទើរ​តែ​ធ្លាក់​ទៅ​ហើយ​កុំ​តែ​បាន​គ្រាប់​បាល់​សំណាង​របស់ J. Bellingham តាម​ស្មើ​នៅ​ចុង​ម៉ោង​នាទី ៩០+៥ ដើម្បី​ទទួល​បាន​ឱកាស​បន្ត​ដល់​ម៉ោង​បន្ថែម​១៥​នាទី​ពីរ​ដង ទើប​អាច​វាយ​បក​វិញ​២-១ នៅ​ក្នុង​ម៉ោង​បន្ថែម​នោះ​​​។</p><p>​​​​​​​​ក្រោយ​មក​អ្នក​កាសែត​បាន​​ធ្វើ​ការ​សួរ​ទៅ​កាន់​ខ្សែប្រយុទ្ធ​របស់​អង់គ្លេស Phil Foden ​​ជុំ​វិញ​​ការ​រិះគន់​ទម្រង់​​លេង​​ ការ​ចុច​កីឡាករ​ ​និង​ការ​បង្វឹក​របស់ Gareth Southgate​ មុន​ការ​ប្រកួត​ទល់​ក្រុម​ស្វីស​។ Foden ​​មាន​អារម្មណ៍​ថា​ពិត​ជា​​សុំ​ទោស​ទៅ​កាន់​អ្នក​ចាត់​ការ​ក្រុម​របស់​ខ្លួន​ ហើយ​គេ​បង្វែរ​ស្ថាន​ការ​ថា ​បញ្ហា​​​​ទាំង​អស់​មិន​មែន​​ដោយសារ​តែ​​គ្រូ​របស់​​តែ​ម្នាក់​នោះទេ​កីឡាករ​ផ្ទាល់​ក៏​មាន​ចំណែក​ក្នុង​នោះ​ដែរ​។</p><p>​« កីឡាករ​គួរ​តែ​ទទួល​បាន​ការ​រិះគន់​ខ្លះ​​ទើប​សម​ ។​ អ្នក​ចាត់​ការ​គាត់ ( Gareth Southgate​ ​) មាន​​ភារកិច្ច​​ស្វែង​រក​ដំណោះ​ស្រាយ​នៅ​ពេល​ដែល​ក្រុម​លេង​មិន​ល្អ ​ហើយ​យើង​ប្រឹងប្រែង​ធ្វើ​វា​ទាំង​អស់​គ្នា​ ដើម្បី​ទទួល​បាន​​លទ្ធផល​​ទាំង​នោះ​ទាំង​អស់​គ្នា​។ ​នៅ​​ពេល​ហ្វឹកហាត់​គាត់ ( Gareth Southgate​ ​) ​ប្រាប់​យើង​ពី​របៀប​ក្នុង​​ការ​លេង​​ ប្រាប់​​ឲ្យ​តាម​ដេញ​បាល់, ឲ្យ​យើង​ព្យាយាម​ចាប់​គេ និង​ប្រាប់​យើង​ឲ្យ​ឡើង​ឬ​ចុះ​ជា​ដើម​...»។ នេះ​ជា​ការ​លើក​ឡើង​របស់ Phil Foden​</p><p>​កីឡាករ​ដដែល​​បាន​បន្ថែម​ថា «​ បាទ​នេះ​ជា​អ្វី​ដែល​គាត់​បាន​ធ្វើ ​ហើយ​ខ្ញុំ​យល់​ថា​ទម្រង់​លេង​របស់​យើង​ក៏​អាច​មក​ពី​កីឡាករ​ខ្លះ​ដែរ​។ ខ្ញុំ​​ពិត​ជា​សុំ​ទោស​ទៅ​កាន់ ( Gareth Southgate​ ​) ​ហើយ​ខ្ញុំ​មាន​អារម្មណ៍​ថា គាត់​រ៉ាប់​រង​ការ​រិះ​គន់​តែ​ម្នាក់​ឯង​ទាំង​ដែល​ការ​ពិត​យើង​ជា​កីឡាករ​ខ្លួន​ឯង​​ក៏​មាន​ចំណែក​ខុស​នៅ​ក្នុង​នោះ​ដែរ​»៕</p><figure class=\"image\"><img src=\"https://www.posttoday.buzz/media/image_1720062645.png\"></figure><p><strong>ប្រភព៖ </strong><a href=\"https://www.bbc.com/sport/football/articles/cg645ydk400o\">BBC</a> &nbsp;</p><p><strong>ប្រភព៖ &nbsp;news.sabay.com.kh</strong></p>',2,62,NULL,'2024-07-04 10:11:27','2024-09-13 14:01:01'),(50,'ផ្លែឈើធម្មតាៗ ញុំាប្រចាំថ្ងៃ ការពារជំងឺលើសសម្ពាធឈា.ម និងជំងឺបេះដូង','images/post_image/1803616679144572.jpg','<figure class=\"image\"><img src=\"https://admin.healthy-cambodia.com/assets/4db6d22f-2c07-406a-aced-e735da13488c\"></figure><p>តើនរណាគេខ្លះចូលចិត្តញុំាផ្លែត្របែក តែមិនដឹងថា​អត្ថប្រយោជន៍របស់ផ្លែត្របែកមានអ្វីខ្លះត្រុវអត់?ឥឡូវនេះក្នុងអត្ថបទនេះក្រុមការងារចាបបៃតង នឹងលើកយកអត្ថប្រយោជន៍របស់ផ្លែត្របែក ដូច្នេះបើសិនបងប្អូនមិនទាន់ដឹងពីអត្ថប្រយោជន៍របស់ផ្លែត្របែកទេអាចសាកល្បងញុំាបាន គឺមិនចាញ់ផ្លែឈើតម្លៃថ្លៃប៉ុន្មាននោះទេ។</p><p>នេះបើយោងតាមរយៈការចែករំលែករបស់វេជ្ជបណ្ឌិត&nbsp;Dr. Nikita Toshi បានបញ្ជាក់ថា ការញុំាផ្លែត្របែកមានអត្ថប្រយោជន៍ជួយសុខភាពដូចខាងក្រោម៖</p><p>១.កាត់បន្ថយសម្ពាធឈាម និងការពារបេះដូង៖ យោងតាមរយៈការសិក្សាក្នុងឆ្នាំ២០១៦ ចែករំលែកចេញពីប្រភព pharmeasy គេបានរកឃើញថា ការញុំាផ្លែត្របែក ទឹកត្របែក គឺមានអត្ថប្រយោជន៍ជួយបន្ថយសម្ពាធឈាមលើស និងការពារសុខភាពរបស់បេះដូង នេះក៏ព្រោះតែក្នុងផ្លែត្របែកសម្បូរដោយ វីតាមីនស៊ី ជាតិសរសៃ ប៉ូតាស្យូម និងសម្បូរសារធាតុល្អជាច្រើនទៀត ដែលជួយសុខភាពរបស់អ្នកញុំា។ ដូច្នេះហើយបងប្អូនឧស្សាហ៍ញុំាត្របែកផង តម្លៃសមរម្យ ហើយងាយស្រួលរក រសជាតិក៏ឆ្ងាញ់ដែរ។</p><p>&nbsp;</p><p>២.ល្អសម្រាប់អ្នកសម្រកគីឡូ៖ ជាការពិតណាស់ សម្រាប់អ្នកមានបំណងសម្រកគីឡូអាចសាកល្បងញុំាផ្លែត្របែក ឬក៏ផឹកទឹកត្របែកព្រោះ វាសម្បូរដោយជាតិរ៉ែ វីតាមីនស៊ី ជាតិសរសៃច្រើន​ជាតិស្ករតិច បើធៀបជាមួយផ្លែឈើផ្សេង។ ញុំាឬក៏ផឹកគឺអាចជួយសម្រកគីឡូបានលឿន ល្អសម្រាប់សុខភាពរបស់ក្រពះពោះវៀនបានផងដែរ។</p><p>៣.ការពារជំងឺមហារីក និងជំនួយភ្នែក៖ មានដឹងអត់ថាផ្លែត្របែកគឺមានប្រយោជន៍ច្រើនណាស់ សម្រាប់សុខភាពរបស់អ្នក​ជួយការពារជំងឺមហារីក ជាពិសេសក៏ជំនួយដល់សុខភាពភ្នែករបស់អ្នកដូចគ្នា។ អាស្រ័យហេតុនេះហើយ បងប្អូនគួរតែឧស្សាហ៍ញុំាផ្លែត្របែកខ្លះផងព្រោះមានប្រយោជន៍មិនចាញ់ផ្លែឈើថ្លៃៗឡើយ៕</p><p>&nbsp;</p><p>+ប្រភព : https://healthy-cambodia.com/article/gava-juice</p>',2,74,NULL,'2024-07-04 10:15:03','2024-09-13 14:01:20'),(51,'ទម្លាប់អាក្រក់៣ បង្កគ្រោះថ្នាក់ដល់ទ្វារមាស មានបញ្ហាឆ្លងមេរោគ ធ្លាក់សរ៉ាំរ៉ៃ រមាស់ ក្លិនមិនល្អតាំងពីក្មេង','images/post_image/1803616952392125.jpg','<p>&nbsp;</p><p>ទ្វារមាសរបស់មនុស្សស្រី ជាតំបន់ដែលងាយក្នុងការមានបញ្ហា ឆ្លងមេរោគ បាក់តេរី ប្រសិនបើយើងមានទ​ម្លាប់ប្រចាំថ្ងៃអត់ល្អ ហើយមិនចេះរក្សាអនាម័យ។</p><p>ក្នុងនោះដែរ គឺមានទម្លាប់អាក្រក់ចំនួន៣ ដែលមនុស្សគួរតែចៀសវាងកុំធ្វើ ប្រសិនបើមិនចង់ឱ្យតំបន់ទ្វារមាសមានការឆ្លេងមេរោគ៖</p><p><strong>ទម្លាប់ទី១</strong> ការស្លៀកខោក្នុងតឹងរឹបខ្លាំងហើយលើសម៉ោងកំណត់ ជាទូទៅខោក្នុងមួយគឺគេតម្រូវឱ្យស្លៀកត្រឹមតែរយៈពេល១២ម៉ោងប៉ុណ្ណោះ ហើយចំពោះខោក្នុងនេះដែរគឺគេមិនណែនាំឱ្យស្លៀកខោក្នុងដែលមានសាច់ក្រាស់ តឹង ហើយរឹងខ្លាំងនោះទេ ពីព្រោះវាធ្វើឱ្យគ្មានខ្យល់ចេញចូលនៅតំបន់ទ្វារមាសបានល្អ ជាហេតុនាំឱ្យមានការឆ្លងមេរោគ។</p><p><strong>ទម្លាប់ទី២</strong> ការដុះសាប៊ូដែលមានក្លិនក្រអូបនៅតំបន់ទ្វារមាស បងប្អូនស្រ្តីមួយចំនួនគាត់នៅមានទម្លាប់តែងតែដុសស្អាតទ្វារមាសជាមួយសាប៊ូដុសខ្លួនរាល់ពេលដែលគាត់ងូតទឹកដោយគាត់យល់ថាការធ្វើបែបនេះគឺជួយឱ្យទ្វារមាសរបស់គាត់ស្អាត គ្មានមេរោគគ្មានក្លិន។ ប៉ុន្តែការធ្វើបែបនេះគឺគ្រោះថ្នាក់ខ្លាំងមែនទែន ព្រោះថានៅតំបន់ទ្វារមាសគឺមានរបាំងការពារធម្មជាតិ បើដុះសាប៊ូដែលមានក្លិនក្រអូប គឺវាធ្វើឱ្យងាប់របាំងការពារ ជាហេតនាំឱ្យមេរោគខាងក្រៅងាយឆ្លងចូលបំផុត ដូច្នេះរាល់ពេលងូតទឹកបងប្ងូនគ្រាន់តែដុសលាងទ្វារមាសជាមួយទឹកស្អាតធម្មតាបានហើយហាមប្រើសាប៊ូ។</p><p><strong>ទម្លាប់ទី៣</strong> ដែលបងប្ងូនស្រ្តីតែងនិយមចូលចិត្តធ្វើនោះគឺ ការញ៉ាំអាហារហឹរ អាហារលើសជាតិផ្អែម គ្រឿងកំប៉ុង អាហារបំពង អាហារកែច្នៃ មីអីជាដើម ស្រ្តីដែលចូលចិត្តញ៉ាំពពួកអាហារគឺវាធ្វើឱ្យទ្វារមាសមានសភាពស្ងួត ក្តៅក្នុងជាហេតុនាំឱ្យបងប្អូនងាយនឹងធ្លាក់សបំផុត។ លើសពីទៀតហាសបងប្ងូនស្រ្តីដែលគាត់ចូលចិត្តញ៉ាំខ្ទឹមបារាំងក៏អត់ល្អដែរ ពីព្រោះនៅពេលយើងញ៉ាំខ្ទឹមបារាំងគឺវានឹងបញ្ចេញក្លិនមិនល្អមកក្រៅតាមរយៈការបត់ជើងតូច ហើយក្លិនទាំងនោះវានឹងនៅជាប់នឹងទ្វារមាស ជាហេតុនាំឱ្យទ្វារមាសនឹងគឺមានក្លិនអាក្រក់។</p><p>សរុបមកវិញវិញ ប្រសិនបើបងប្ងូនស្រ្តីដែលបានស្តាប់វីដេអូនេះហើយ ហើយទម្លាប់ទាំង៣ខាងលើជាទម្លាប់ដែលបងប្អូនតែងធ្វើជាប្រចាំនោះ គឺត្រូវប្រញាប់បញ្ឈប់ និងងាកមកថែសុខភាពទ្វារមាសឱ្យបានល្អ ញ៉ាំអាហារល្អ រក្សាអនាម័យ កាលណាទ្វារមាសសុខភាពល្អ បងប្អូននឹងចេះធ្លាក់ស ហើយស្បូនក៏គ្មានជំងឺដែរ។</p><p>ប្រភព​ : https://healthy-cambodia.com/article/habit-bad-for-vagina</p>',2,96,NULL,'2024-07-04 10:19:24','2024-09-13 14:01:22'),(52,'ឥទ្ធិពលនៃការធ្វើមាតុភូមិនិវត្តន៍វត្ថុបុរាណមកលើសង្គមកម្ពុជា','images/post_image/1803646238298707.jpg','<p>ការធ្វើមាតុភូមិនិវត្តន៍នៃវត្ថុបុរាណរបស់ខ្មែរ គឺជាពេលវេលាដែលបញ្ជាក់ពីការខិតខំប្រឹងប្រែងរបស់អាជ្ញាធរពាក់ព័ន្ធ និងការព្យាបាលបេះដូងរបស់ប្រជាជន និងការស្តារឡើងវិញសម្រាប់កម្ពុជា ក្រោយមរតកជាតិទាំងនោះត្រូវ​បានឃ្លាតឆ្ងាយពីប្រទេសកំណើតជាយូរទសវត្ស។ គំនិត​ផ្តួចផ្តើម​នេះ​មាន​គោលបំណង​យក​មកវិញ​ នូវ​សម្បត្តិ​វប្បធម៌​ដែល​លួច​នោះ មកវិញ លើក​កម្ពស់មោទកភាព​ជាតិ និង​អត្តសញ្ញាណ​វប្បធម៌​។</p><p>ក្នុង​អំឡុង​ពេល​នៃ​ជម្លោះ ជាពិសេស​ក្នុង​សម័យ​ខ្មែរក្រហម កម្ពុជា​មានអ្នក​លួច​ប្លន់​វត្ថុ​បុរាណ​វប្បធម៌​របស់​ខ្លួន​ជាច្រើន។ ប្រាសាទ និង​កន្លែង​ប្រវត្តិសាស្ត្រ​ត្រូវ​បាន​ប្លន់​យក​ទៅ​ ដែលធ្វើ​ឱ្យ​បាត់បង់​បេតិកភណ្ឌ​វប្បធម៌​ជាបន្តបន្ទាប់។ ការ​លួច​ប្លន់​នេះ​មិន​ត្រឹម​តែ​ធ្វើ​ឲ្យ​កម្ពុជា​បាត់បង់​សម្បត្តិ​សិល្បៈ​ប៉ុណ្ណោះ​ទេ ប៉ុន្តែ​ក៏​ប៉ះពាល់​ដល់​អត្តសញ្ញាណ​វប្បធម៌​របស់​ជាតិ​ដែរ។</p><p>កិច្ច​ខិត​ខំ​ប្រឹង​ប្រែង​ទាមទារ​យក​វត្ថុ​បុរាណ​ទាំង​នេះ​មក​វិញ​មាន​ការ​សហការ​គ្នា​រវាង​អាជ្ញាធរ​កម្ពុជា និង​អង្គការ​អន្តរជាតិ​ដូច​ជា​អង្គការ <strong>UNESCO</strong> ជាដើម។ ជោគជ័យសំខាន់ៗរួមមានការត្រឡប់មកវិញនូវរូបចម្លាក់ និងសារីរិកធាតុសំខាន់ៗ ដែលសម្បត្តិនីមួយៗត្រូវបានប្រារព្ធឡើង ជាជ័យជម្នះសម្រាប់ការស្តារវប្បធម៌ឡើងវិញ។ យ៉ាងណាមិញ ការតស៊ូមតិពីសកម្មជនវប្បធម៌ពិតជាបានដើរតួយ៉ាងសំខាន់ ក្នុងកិច្ចខិតខំប្រឹងប្រែង ចំពោះការធ្វើមាតុភូមិនិវត្តន៍ទាំងនេះ។</p><p>ការ​វិល​ត្រឡប់​មក​វិញ​នូវ​វត្ថុ​បុរាណ​ខ្មែរ​ ពិតជាមាន​ឥទ្ធិពល​យ៉ាង​ខ្លាំង​ដល់​ប្រទេស​កម្ពុជា។ វាស្ដារឡើងវិញនូវមោទកភាពជាតិ និងអត្តសញ្ញាណវប្បធម៌ ដោយផ្តល់នូវទំនាក់ទំនងជាក់លាក់ឆ្លុះបញ្ចាំងទៅអតីតកាល។ វត្ថុបុរាណទាំងនេះ បានក្លាយជាតឹកតាងជាប្រយោជន៍សម្រាប់វិស័យអប់រំ ជួយឲ្យក្មេងជំនាន់ក្រោយយល់ និងដឹងគុណបំផុតចំពោះបុព្វបុរសជំនាន់មុន សម្រាប់ការបន្សល់ទុកនូវមរតកដល់កូនចៅជំនាន់ក្រោយ។ លើសពីនេះ វត្ថុបុរាណដែលបានធ្វើមាតុភូមិនិវត្តន៍ ក៏ជួយលើកស្ទួយវិស័យទេសចរណ៍វប្បធម៌ ទាក់ទាញភ្ញៀវទេសចរឲ្យចាប់អារម្មណ៍លើប្រវត្តិសាស្ត្រដ៏សម្បូរបែបរបស់កម្ពុជា។</p><p>ការធ្វើមាតុភូមិនិវត្តន៍វត្ថុបុរាណ ជំរុញកិច្ចសហប្រតិបត្តិការអន្តរជាតិ និងការគោរពបេតិកភណ្ឌវប្បធម៌។ កិច្ចការដ៏ជោគជ័យនេះ បានកំណត់គំរូសម្រាប់ប្រជាជាតិផ្សេងទៀតដែលប្រឈមមុខនឹងបញ្ហាស្រដៀងគ្នានេះ ដោយលើកទឹកចិត្តឱ្យមានការសន្ទនាជាសកលស្តីពីការរក្សាអត្តសញ្ញាណវប្បធម៌។ ស្មារតីសហការនេះគូសបញ្ជាក់ អំពីតម្រូវការសម្រាប់កិច្ចខិតខំប្រឹងប្រែងជាបន្តបន្ទាប់ដើម្បីការពារ និងស្ដារបេតិកភណ្ឌវប្បធម៌ទូទាំងពិភពលោក។</p><p><br>&nbsp;ប្រភព : Sabay news</p>',6,144,NULL,'2024-07-04 18:04:53','2024-09-13 21:29:46'),(53,'ការសម្រេចដ៏លំបាក! ម្ខាងម្ដាយ ម្ខាងនារីជាទីស្រឡាញ់ បេះដូង Nine ពេលនេះស្ទើរលាយទៅហើយ','images/post_image/1803930428153596.jpg','<p>រឿងគ្រប់យ៉ាងគ្មានអ្នកណាស្មានដល់ឡើយ ទើបសាងអនុស្សាវរីយ៍ល្អនឹងគ្នាកាលពីខែឧសភា នៅប្រទេសស្វីស ត្រឡប់មកវិញ តារាសម្ដែង <strong>Nine Naphat</strong> និង <strong>Baifern Pimchanok</strong> ក៏ត្រូវឈានដល់ការសម្រេចបែកគ្នា។</p><figure class=\"image\"><img src=\"https://www.posttoday.buzz/media/image_1720361759.png\"></figure><p>ជាក់ស្ដែងនៅថ្ងៃទី ០៤ ខែកក្កដា ឆ្នាំ ២០២៤ <strong>Nine</strong> បាន​បើកសន្នីសិទកាសែតមួយ ដើម្បី​ប្រកាសជាសាធារណ​ៈថា លោក​ និង <strong>Baifern</strong> បាន​ថយក្រោយមួយជំហានម្នាក់ ក្លាយមកត្រឹមមិត្តភ័ក្តវិញហើយ។</p><figure class=\"image\"><img src=\"https://www.posttoday.buzz/media/image_1720361818.png\"></figure><p>លោកបាន​បន្ថែមថា៖ <strong>«ពួកយើងមិនបានខឹងគ្នាទេ យើងមានចេតនាល្អចំពោះគ្នា...ហើយក៏មិនមែនមកពីមានជនទី៣ឯណាដែរ។ ខ្ញុំពុំស្ដាយនូវអ្វីដែលបាន​កើតឡើងទេ ក្នុងបេះដូងខ្ញុំគាត់នៅតែជានារីដ៏អស្ចារ្យជានិច្ច!...មួយវិញទៀតគ្រប់គ្នាបន្ទោសមកពីម៉ាក់ខ្ញុំ ប៉ុន្តែខ្ញុំសូមនិយាយថា គ្រប់យ៉ាងមិនមែនជាកំហុសអ្នកណាទេ អ្នកដែលខុសគឺខ្ញុំ ដោយសារខ្ញុំមិនបានគ្រប់គ្រងទំនាក់ទំនងនេះឲ្យបានល្អ»</strong>។</p><p><img src=\"https://www.posttoday.buzz/media/image_1720361880.png\"></p><p>ទោះជាយ៉ាងណា <strong>Nine</strong> នៅតែរក្សាជំហរគោរព <strong>Baifern</strong> ជានិច្ច <strong>«Baifern ពិតជាគួរឲ្យស្រឡាញ់! គាត់តែងតែគិតអារម្មណ៍គេជាងខ្លួនឯងទៅទៀត។ គាត់ជាមនុស្សអស្ចារ្យម្នាក់ ដែលតែងតែមានបេះដូងស្មោះត្រង់ជាមួយមនុស្សគ្រប់គ្នា»</strong>។</p><p><img src=\"https://www.posttoday.buzz/media/image_1720361913.png\"></p><p>ដំណឺងនៃការចែកផ្លូវគ្នានេះ បានធ្វើឲ្យអ្នកគាំទ្រសោកសៅពេកទៅហើយ ប៉ុន្តែកាន់តែមាន​អាណិត <strong>Nine</strong> ខ្លាំងឡើង ពេលឃើញតារាប្រុសរូបនេះ យំកណ្ដាលហ្វូងអ្នកសារព័ត៌មាន បន្ទាប់ពីចុះពីវេទិកាសន្និសីទកាសែត។</p><p><img src=\"https://www.posttoday.buzz/media/image_1720361966.png\"><img src=\"https://www.posttoday.buzz/media/image_1720362021.png\"></p><p>ទាក់ទងនឹងការបែកគ្នាពេលនេះ មនុស្ស​ជា​ច្រើន​បាន​រិះ​គន់​ម្ដាយ​របស់​ <strong>Nine</strong> ចំពោះ​ការ​មិន​ <strong>«រៀន​ទទួល​ស្គាល់​ថា​កូន​ប្រុស​របស់​ខ្លួន​ធំហើយ»</strong> ហើយកូនក៏មានជីវិតរបស់កូន និងចង់ស្វែងរកក្ដីសុខជីវិតគូដែរ។ ប៉ុន្តែទោះជាយ៉ាងណា ពួក​គេ​ក៏គោរព​ការ​សម្រេច​ចិត្ត​របស់​តារា​សម្ដែងរូបនេះដែរ៕</p><p>ប្រភព៖ Sabay news</p>',6,90,NULL,'2024-07-07 21:21:58','2024-09-13 14:00:58'),(54,'Toyota ត្រៀម​ចេញ​ EV ដែលប្រើប្រព័ន្ធបើកបរអូតូពេញលេញ​ដូច Tesla','images/post_image/1803930838564169.jpg','<p>ក្រុមហ៊ុនយក្សជប៉ុន Toyota គ្រោង​នឹង​បញ្ចេញ​រថយន្តអគ្គិសនី​ដែលបំពាក់​ប្រព័ន្ធបើកបរស្វ័យប្រវត្តិពេញលេញ​ដូច Tesla នៅក្នុងប្រទេស​ចិន បន្ទាប់ពី​ចំនួន​លក់រថយន្តរបស់ខ្លួនក្នុងទីផ្សារមួយនេះ បាន​នឹងកំពុងធ្លាក់ចុះ។</p><p>រថយន្តអគ្គិសនីដែលបំពាក់​ប្រព័ន្ធបើកបរអូតូនេះ គឺ​នឹងអភិវឌ្ឍឡើងក្រោមកិច្ចសហការរវាង Toyota និងក្រុមហ៊ុនចិន GAC។ រថយន្តនេះ អាចនឹងជាម៉ូឌែល Bozhi 3X ប្រភេទ SUV គ្រោង​បញ្ចេញ​ឆ្នាំក្រោយ។</p><p><img src=\"https://www.posttoday.buzz/media/image_1720362401.png\"></p><p>រថយន្ត​ EV នេះ នឹង​បំពាក់​ប្រព័ន្ធជំនួយបើកបរ​សម្រាប់​ការចត និង​ទិសដៅ​ចរាចរលើផ្លូវហាយវេ និង​ផ្លូវកកស្ទះក្នុងក្រុង។</p><p>គួរដឹងថា GAC និង Toyota កំពុងអភិវឌ្ឍន៍ប្រព័ន្ធបើកបរនេះ​ជាមួយក្រុមហ៊ុន Momenta Global ដែល​ជំនាញ​ Software បើកបរ​អូតូ សម្រាប់​ក្រុមហ៊ុនរថយន្ត ក្នុងនោះរួមមានទាំង Mercedes-Benz ផងដែរ។</p><p>GAC Toyota មានគោលដៅ​ស្តារចំណែកទីផ្សារ​របស់ខ្លួនឡើងវិញ ក្នុងប្រទេសចិន ដោយ​ប្រជែង​លើបច្ចេកវិទ្យា Hybrid, អាគុយ និងយានយន្តវៃឆ្លាត។ ដូច្នេះ រថយន្តដែលបំពាក់បច្ចេកវិទ្យាស្វ័យប្រវត្តិនេះ នឹង​ជួយ​ដល់ភាព​ឈានមុខគេ​របស់រថយន្តអគ្គិសនី Toyota ​ក្នុងប្រទេសចិន៕</p><p>ប្រភព៖ Sabay news</p>',6,71,NULL,'2024-07-07 21:28:29','2024-09-13 19:31:20'),(55,'សម្តេចតេជោ៖ ចិន មាន Wechat, វៀតណាម មាន Zalo, កូរ៉េខាងត្បូង មាន Kakao Talk ឯកម្ពុជាមាន CoolApp ដែលបរទេស​ពិបាក​ជ្រៀតជ្រែកយកព័ត៌មាន','images/post_image/1803931091733087.png','<p>សម្តេចតេជោ ហ៊ុន សែន បាន​បញ្ជាក់ថា សម្រាប់​ការប្រើប្រាស់​កម្មវិធី CoolApp ដែល​កូនខ្មែរបានផលិត គឺ​សម្តេច​ត្រូវគិត​ពីសុវត្ថិភាព​សម្រាប់​សន្តិសុខជាតិ ដែល​បរទេស​ពិបាកជ្រៀតជ្រែក​យកព័ត៌មានពី​យើងបាន។</p><p><img src=\"https://www.posttoday.buzz/media/image_1720362632.png\"></p><p>សម្តេចបាន​បង្ហោះនៅលើទំព័រហ្វេសប៊ុកកាលពីថ្ងៃទី២៣ ខែមិថុនា ឆ្នាំ​២០២៤ យ៉ាងដូច្នេះថា៖ «ប្រទេសគេមានប្រព័ន្ធទំនាក់ទំនងរបស់គេ ដូចជា Wechat របស់ចិន, Zalo របស់វៀតណាម, Kakao Talk របស់កូរ៉េខាងត្បូង, Telegram របស់រុស្ស៉ី ដូច្នេះកម្ពុជាយើងមាន CoolApp។ រឿងសំខាន់មួយទៀតគឺការធានាដល់ទំនាក់ទំនងក្នុងប្រទេសរបស់យើង ក្នុងករណីបណ្តាញទំនាក់ទំនងរបស់បរទេស ជួបការរអាក់រអួលដោយប្រការណាមួយ។ ដូចនេះមន្ត្រីរាជការស៉ីវិល និងកងកម្លាំងប្រដាប់អាវុធគួរបង្កើតឲ្យមាន CoolApp ដើម្បីធានាម្ចាស់ការលើរក្សាការសម្ងាត់ផង និងការដាច់ទំនាក់ទំនងពីប្រព័ន្ធបរទេសផង។»</p><p><img src=\"https://www.posttoday.buzz/media/image_1720362666.png\"></p><p>CoolApp ប្រើប្រព័ន្ធរក្សាការសម្ងាត់​បំផុត គឺប្រព័ន្ធ Encryption ដែលពុំអាចមើល ឬអានសាររបស់អ្នកប្រើប្រាស់​ទេ សូម្បីតែក្រុមហ៊ុន CoolApp ផ្ទាល់ក៏ដោយ។</p><p>សម្តេច​បាន​ឱ្យដឹងទៀតថា សម្តេចបានឹងកំពុងប្រើ ៨ប្រព័ន្ធ​ រាប់ទាំង CoolApp ថ្មីផង ដោយសម្តេចបានមើលឃើញមានភាពងាយស្រួលលើចំណុច៣គឺ៖</p><p>១. ងាយស្រួលបង្កើតដោយមិនពិបាករកលេខកូដពីកន្លែងផ្សេង ឬរង់ចាំយូរ។</p><p>២. បញ្ជូនសារជាអក្សរ រូបថត វីដេអូ និងសារសម្លេងបានលឿន។</p><p>៣. ហៅនិយាយឆ្លងឆ្លើយនិង Video call បានយ៉ាងច្បាស់ល្អ។</p><p>សរុបមកវាប្រើ Internet តិចជាងប្រពន្ធ័ផ្សេងទៀត៕</p><p><img src=\"https://ads.sabay.com/openx/www/delivery/lg.php?bannerid=0&amp;campaignid=0&amp;zoneid=723&amp;loc=https%3A%2F%2Fnews.sabay.com.kh%2Farticle%2F1356169%23utm_campaign%3Donpage&amp;referer=https%3A%2F%2Fnews.sabay.com.kh%2Ftopics%2Ftechnology&amp;cb=f25dfcb435\" alt=\"\"></p><p><strong>អត្ថបទ៖ Sabay News</strong></p>',6,78,NULL,'2024-07-07 21:32:31','2024-09-13 16:23:07'),(56,'របៀបផឹកកាហ្វេត្រូវក្បួនពេទ្យ ទទួលអត្ថប្រយោជន៍ច្រើន លែងញ័រខ្លួន តែបើផឹកខុសប្រឈមកើតជំងឺច្រើនមុខ','images/post_image/1804063555328753.png','<p>មនុស្សស្ទើរតែគ្រប់គ្នាទៅហើយ នៅពេលក្រោកពីដំណេកភ្លាម ស្រមៃនឹកឃើញកាហ្វេមុនគេ ហើយប្រសិនបើមិនបានកាហ្វេចូលក្នុងពោះទេនោះ ការងារអ្វីក៏ធ្វើមិនស្រណុកនោះដែរ។ ប៉ុន្តែចំពោះអ្នកផ្សេងទៀតប៉ះកាហ្វេមិនបាននោះទេ នៅពេលប៉ះម្ដងណាក៏ញ័រសព្វពេញខ្លួនប្រាណ ហើយក៏មានករណីបេះដូងលោយញាប់ទៀតផង។ នៅក្នុងនោះដែរ យើងឃើញមានគេនិយាយតគ្នាៗថា កុំផឹកកាហ្វេញឹកញាប់ពេក ពីព្រោះកាហ្វេធ្វើឱ្យប៉ះពាល់ដល់បេះដូង។ តើកាហ្វេពិតជាបង្កផលប៉ះពាល់ដល់បេះដូងមែនឬទេ?</p><p>បើយោងតាមប្រភព <a href=\"https://www.osfhealthcare.org/blog/i-heart-coffee-coffees-health-effects-on-the-heart/#:~:text=Caffeine%20increases%20heart%20rate%20and,about%20four%20cups%20of%20coffee.\">OSF Healthcare</a> បានចុះផ្សាយថា ជនជាតិអាមេរិកប្រមាណ៦២%ផឹកកាហ្វេជារៀងរាល់ថ្ងៃ។&nbsp;នៅក្នុងនោះដែរ កាហ្វេសម្បូរទៅសារធាតុចិញ្ចឹមល្អៗ ដែលជាអត្ថប្រយោជន៍សម្រាប់រាងកាយ។ បើយោងតាមប្រភព​ មហាវិទ្យាល័យជំងឺបេះដូងអាមេរិក បានបញ្ជាក់ឱ្យដឹងយ៉ាងដូច្នេះថា ការផឹកកាហ្វេ ២ទៅ៣ពែង ក្នុងមួយថ្ងៃ អាចរក្សាបេះដូងរបស់អ្នកឱ្យមានសុខភាពល្អ។</p><p>មិនតែប៉ុណ្ណោះទេ លោកវេជ្ជបណ្ឌិត Sudhir Mungee ឯកទេសជំងឺបេះដូង បាននិយាយថា&nbsp;អ្វីដែលលោករកឃើញនោះគឺ ការផឹកកាហ្វេ២ទៅ៣ពែងក្នងមួយថ្ងៃមិនបង្កគ្រោះថ្នាក់ដល់សុខភាពរបស់អ្នកគ្រប់គ្នានោះទេ ផ្ទុយទៅវិញអ្នកដែលចូលចិត្តផឹកកាហ្វេនឹងទទួលបាននូវភាពប្រសើរឡើងនៃសុខភាពសរសៃឈាមបេះដូងល្អ។</p><p>គួរជម្រាបថា ភាពប្រសើរឡើងនៃសរសៃឈាមបេះដូងត្រូវបានផ្សារភ្ជាប់ជាមួយនឹងហានិភ័យទាបចំពោះជំងឺរួមមាន ការវិវត្តនៃជំងឺសរសៃឈាមបេះដូង ជំងឺខ្សោយបេះដូង និងបញ្ហាលើចង្វាក់បេះដូងជាដើម។ ប្រសិនបើអ្នកផឹកកាហ្វេមួយថ្ងៃមួយពែង សុខភាពរបស់ល្អប្រសើរ ហើយហានិភ័យនៃការស្លាប់ដោយសារជំងឺបេះដូង និងជំងឺដាច់សរសៃឈាមខួរក្បាលក៏មានកម្រិតទាប ចំពោះអ្នកដែលផឹកកាហ្វេមួយពែងក្នុងមួយថ្ងៃ។</p><p>ឥទ្ធិពលនៃជាតិកាហ្វេអ៊ីនចំពោះសុខភាពទូទៅ ជាការពិតណាស់ ជាតិកាហ្វេអ៊ីនបង្កើនចង្វាក់បេះដូង និងសម្ពាធឈាម ហើយនៅពេលអ្នកផឹកច្រើនពេក​វាអាចបណ្ដាលឱ្យមានអាការដូចជា ការថប់បារម្ភ គេងមិនលក់ ឈឺក្បាល​ រលាកក្រពះ និងចង្វាក់បេះដូងដើរមិនទៀងទាត់។</p><p>វេជ្ជបណ្ឌិត Sudhir Mungee បានណែនាំថា អ្នកគ្រប់គ្នាគួរតែត្រឹមផឹកកាហ្វេប្រមាណ៤០០មីលីក្រាមនៅក្នុងមួយថ្ងៃ(ស្មើនឹងកាហ្វេ៤ពែង)។ កម្រិតនេះវាជាកម្រិតអតិបរមានៃជាតិកាហ្វេអ៊ីន ដែលអ្នកគួរទទួលទានក្នុង១ថ្ងៃ។</p><p>កាហ្វេក៏អាចបង្កឱ្យអ្នកមានជំងឺបានដែរ ប្រសិនបើអ្នកផឹកកាហ្វេបន្ថែមស្ករច្រើន ដើម្បីកាត់បន្ថយជាតិល្វីង។ ការបន្ថែមស្ករនេះអាចបណ្ដាលឱ្យអ្នក ឡើងទម្ងន់ កើតជំងឺទឹកនោមផ្អែម និងការកើនឡើងកម្រិតជាតិស្ករក្នុងឈាម ដែលអាចនាឱ្យកើតជំងឺបេះដូង និងបង្កឱ្យមានបញ្ហាសុខភាពផ្សេងៗទៀត៕</p><p><img src=\"https://healthy-cambodia.com/uploads/blog/News/ec250574334a562872f31f42020d1840.jfif\">*ប្រភព: Healthy Cambodia&nbsp;</p>',6,92,NULL,'2024-07-09 08:37:58','2024-09-13 14:01:24'),(57,'ផលអវិជ្ជមាន ៣យ៉ាងធ្វើឱ្យបាត់ខ្លួនឯង ព្រោះតែរងឥទ្ធិពលពីសម្តីអ្នកជិតខាងនេះឯង','images/post_image/1804108524910545.png','<figure class=\"image\"><img src=\"https://admin.healthy-cambodia.com/assets/b6b41477-1e26-47fa-b0c4-d8b8d26cd3a8\"></figure><p>មនុស្សយើងមិនតិចទេដែលរស់នៅព្រោះតែសំឡេងអ្នកដទៃ គំនិតអ្នកដទៃ និងតាមសង្គមជាអ្នកកំណត់ឱ្យជីវិតពួកគេ។ បើអ្នកគ្មានគោលជំហានលើខ្លួនឯងទេ អ្នកនឹងរស់នៅក្នុងជីវិតរបស់អ្នកដទៃដោយមានការឈឺចាប់បំផុត។ នេះជាផលអវិជ្ជមាន ៣យ៉ាងធ្វើឱ្យប៉ះពាល់បាត់បង់ជាខ្លួនឯង។</p><p><strong>១.បាត់បង់ក្ដីស្រមៃរបស់ខ្លួន៖</strong> មនុស្សមិនតិចទេដែលត្រូវបានគេរិះគុណ វាយតម្លៃនៅពេលមិនទាន់សម្រេចលទ្ធផលជាដុំកំភួន តែគេនៅតែទទួលបានជោគជ័យក្នុងជីវិត ឫក្ដីស្រមៃរបស់គេ ដោយសារការតាំងជំហរ ខ្លួនឯងជាប់ មានគោលការណ៍ជីវិតច្បាស់លាស់ មិនបណ្ដោយឱ្យឥទ្ធិពលនៃគំនិតអវិជ្ជមានក្នុងសង្គម មកគ្រប់គ្រងបាន។ ប៉ុន្តែក៏មានមនុស្សក្នុងសង្គមមិនតិចដែរ ដែលធ្លាប់បាត់បង់អ្វីដែលជារបស់ខ្លួនដូចជាគោលដៅនិងក្ដីស្រមៃជាដើម ដោយសារការរង់ឥទ្ធិពលមិនល្អ តាមបែបអគតិ ពីមជ្ឈដ្ឋានជុំវិញ។ហេតុនេះអ្នកបង្កើតការពិចារណាឱ្យបានស៊ីជម្រៅថា ពាក្យសម្ដីណាឫគតិណាគួរយកមកគិតដើម្បីឱ្យខ្លួនរីកចម្រើន ឯសំលេងឥតប្រយោជន៍បែបណាគួរបោះចោល និងបម្លែងជាកម្លាំងចិត្ត។</p><p><strong>២. ស្តាប់សំឡេងអ្នកដទៃ៖</strong> តាមសៀវភៅ លំហូរចិត្ត បានចុះផ្សាយថា បើអ្នកស្តាប់សំឡេងអ្នកដទៃច្រើនជាងបេះដូងរបស់ខ្លួន។ បន្ទាប់មកអ្នកអាចសម្រេចចិត្តយកអាជីពក្នុងជីវិតដោយពឹងផ្អែកទៅលើមិត្តភក្តិ បងប្អូន និងឪពុកម្តាយប្រាប់អ្នកឱ្យធ្វើវា ទោះបីអាជីពនោះអាចរកចំណូលបានច្រើនហើយធ្វើឱ្យឪពុកម្តាយរបស់អ្នកសប្បាយក៏ដោយ តែវាមិនមែនជាខ្លួនអ្នកហើយថ្ងៃណាមួយជីវិតរបស់អ្នកនឹងរស់នៅក្នុងការខកចិត្ត ការឈឺចាប់ និងបាក់ទឹកចិត្តដោយមិនដឹងពីប្រភពរបស់វាកើតមកពីណា? ព្រោះអ្វី? មកពីខ្លួនអ្នកនិងបេះដូងរបស់អ្នកបានកាត់ផ្តាច់ទំនាក់ទំនងចេញពីគ្នា។ អ៊ីចឹងហើយបានលោក Marshall Goldsmith &nbsp;បានលើកឡើងថា “បើអ្នកអាចបញ្ឈប់ការស្តាប់សំឡេងនិងការគិតរបស់អ្នកដទៃមកលើបេះដូងខ្លួនឯងនោះ អ្នកនឹងមើលឃើញឱកាសដ៏អស្ចារ្យក្នុងការផ្លាស់ប្តូរជីវិតហើយអ្នកអាចបង្ហាញពីតម្លៃលក្ខណៈខ្លួនឯងដល់ពិភពលោក”។</p><p><strong>៣. ៤.លែងខ្វល់ខ្វាយពីខ្លួនឯង៖ </strong>កុំថាឡើយតែលែងខ្វល់ពីអ្នកដទៃសូម្បី តែខ្លួនឯងក៏មិនសូវរវីរវល់ដែរ។ស្រួលមិនស្រួល អ្នកអាចកើតជំងឺបាក់ទឹកចិត្ត អស់ទំនុកចិត្តលើខ្លួនឯងទៀតផង បើអ្នកបន្តការស្រមើស្រមៃលើការវាយប្រហារ តាមពាក្យសម្ដីរបស់ មនុស្សគិតអវិជ្ជមានទាំងនោះ។បើអ្នកគិតថាខ្លួនឯងពិតជាដូចគេនិយាយមែន ត្រូវទៅស្វែងរកវិធីលើកទឹកចិត្តខ្លួនឯង រកចំណេះជំនាញដែលគេថាយើងគ្មានក្នុងខ្លួននោះមកបំពេញ។កុំផ្ដេកផ្តួលតាមពាក្យគេថា តាំងស្មារតីឱ្យរឹងមាំ ហើយឆ្ពោះទៅរកចំណុចដែលអ្នកចង់ទៅនោះ ដោយភាពក្លាហាន មិនងាករេ មិនអស់សង្ឃឹម ហើយការរស៊ូទាំងនោះនឹងបង្ហាញលទ្ធផលឱ្យគេបានឃើញដោយខ្លួនឯង។ដល់ពេលនោះអ្នកមិនត្រឹមតែអាច បញ្ឈប់ការវាយតម្លៃពីអ្នកដទៃទេ សូម្បីអ្នកខ្លួនឯងក៏មានមោទនភាពចំពោះខ្លួនឯងដែរ ពិសេសអាចរក្សាភាពជាខ្លួនឯងបានទៀតផង៕ អត្ថបទដោយ៖ ទ្រ សុភាព</p>',6,75,NULL,'2024-07-09 20:32:44','2024-09-13 14:00:46'),(58,'នារីៗ រើសបុរសមាន ៤ចំណុច កុំឱ្យរបូតពីដៃ ជាគូជីវិតកម្រណាស់','images/post_image/1804108715837696.png','<figure class=\"image\"><img src=\"https://admin.healthy-cambodia.com/assets/ff5f00b9-be91-4fb9-9d99-229e34fb24c1\"></figure><p>នៅក្នុងជីវិតមនុស្សស្រីខ្លាចបំផុតរើសប្តីខុស បើមួយថ្ងៃៗ ឈ្លោះគ្នា ប្តីវ៉ៃប្រពន្ធ ហើយចាត់ទុកប្រពន្ធត្រឹមតែបម្រើតណ្ហាខ្លួននោះ នារីនោះច្បាស់ជាគ្រាំចិត្តមិនខានទេ។ ប៉ុន្តែបើនារីៗ ចង់រើសគូស្រករឱ្យបានត្រឹមត្រូវ ហើយរស់នៅជាមួយគ្នាដល់អាយុ ១០០ឆ្នាំ នារីៗ ត្រូវតែមើលបុរសនោះ <strong>តើគាត់មាន ៤ចំណុចនេះដែរទេ?</strong></p><p><strong>១. មានចិត្តមេត្តា៖</strong> ខ្ញុំបានឃើញពត៌មានមួយបានបង្ហោះលើហ្វេសប៊ុកគឺថា មានបុរសម្នាក់ បានវ៉ៃនារីជាដៃគូឡើងជាំពេញខ្លួន បែកម៉ាត់ចេញឈាមហើយធ្វើបាបបេះដូងនាងថែមទៀត។ តើធ្វើបែបណា ដើម្បីដឹងបុរសនោះមានចិត្តមេត្តា? ងាយណាស់! តើគាត់មានបេះដូងជួយគេទេ? តើគាត់មានក្តីអាណិតចំពោះជនអត់ឃ្លានទេ? តើសម្តីគាត់និយាយជាមួយអ្នកដទៃ និងជាមួយគ្រួសារបែបណា? ពេលគាត់ខឹង ទង្វើគាត់បញ្ចេញមកបែបណា? ពេលគាត់ធ្វើខុស តើគាត់មានទំនួលខុសត្រូវទេ? ខ្ញុំសំណួរទាំងអស់នេះ ជួយឱ្យអ្នកអាចមើលឃើញពីចិត្តបុរសដែលខ្លួនស្រឡាញ់នោះ មានមេត្តាឬអត់។ ដៃគូមានចិត្តមេត្តាចំពោះគ្នាតែងតែបានសេចក្តីសុខក្នុងផ្លូវចិត្ត។</p><p><strong>២. មានចំណេះដឹង</strong>៖ តាមសុភាសិតអាឡឺម៉ងបានប្រដៅកូនគេថា “ចូលកូនរើសបុរសណាមានចំណេះដឹងខ្ពស់ និងមានសីលធម៌ ទោះបីពេលនេះគេក្រមែន តែអនាគតគេមិនមែនក្រទេ”។ ព្រោះចំណេះដឹងមានអំណាចជួយកែប្រែជីវិតមនុស្សឱ្យល្អប្រសើរឡើង។ បុរសដែលមានចំណេះដឹងខ្ពស់ គេមានទំនួលខុសត្រូវ គេឱ្យតម្លៃ និងគោរពដៃគូជីវិតរបស់គេណាស់។ នៅខ្មែរយើងមានបុរសច្រើនស្វែងចំណេះដឹង ដើម្បីកសាងជីវិតខ្លួនឱ្យរុងរឿង មុនគេសម្រេចចិត្តរើសដៃគូ។ នារីៗ មុនរើសបុរសណាម្នាក់ ត្រូវមើលចំណុចនេះផង។ បុរសភាគច្រើនមានចំណេះដឹងខ្ពស់ គេនិយាយមានហេតុមានផល មានអារម្មណ៍ចាស់ទុំ និងខំធ្វើការដើម្បីអនាគតផងដែរ។</p><p><strong>៣. តាមការពាររូបអ្នក</strong>៖ ពេលអ្នកធ្វើខុសលើរឿងអ្វីមួយ បុរសនោះ គេមិនស្តីថាឱ្យ មិនបន្ទោស និងមិនចាប់កំហុស ប៉ុន្តែគេបែបជាការពារ ឬទទួលខុសត្រូវជំនួសអ្នក។ ត្រឹមតែប៉ុណ្ណោះទេ ពេលអ្នកអស់កម្លាំងចិត្ត មានគេដើរចេញលែងគាំទ្រ ប៉ុន្តែបុរសនេះតែងតែនៅក្បែរអ្នក ញញឹមដាក់អ្នក ចាំលើកទឹកចិត្តឱ្យអ្នកគ្រប់ពេល។ ចំពោះបុរសបែបនេះ នារីៗ គួរតែព្យាយាមកុំឱ្យរបូតពីដៃណា។ បុរសបែបនេះ ស្រឡាញ់នារីណា ដែលមានទំនួលខុសត្រូវដែរ។</p><p><strong>៤. ផ្តល់ពេលវេលាឱ្យនាង</strong>៖ បុរស​ដែលមានបេះដូងស្មោះ​ គេ​តែង​តែ​ចាត់​ទុកនារីជាទីស្រឡាញ់​របស់​ខ្លួន​នៅលំដាប់លេខរៀងទី១ជានិច្ច។ ទោះបីគេរវល់យ៉ាងណា ក៏គេឆ្លៀតពេលនៅជាមួយ មើលថែ និងផ្តល់ពេលឱ្យនាងដែរ។ គេតែងតែនាំនារីដែលខ្លួនស្រឡាញ់ទៅ​ដើរ​ទិញ​ឥវ៉ាន់ ហូបអាហារជុំគ្នា ឬ​ធ្វើ​ដំណើរ​កម្សាន្ត និងទៅផឹកកាហ្វេជាមួយគ្នា។ បុរសបែបនេះ គេមានបេះដូងផ្តល់​តម្លៃនារី ភាគច្រើនគេមិនសូវចំណាយពេលដើរ​ផឹកស៊ីផ្ដេសផ្ដាសច្រើនដែរ៕ អត្ថបទដោយ៖ ទ្រ សុភាព &nbsp;</p><p>*ប្រភព៖ Healthy Cambodia&nbsp;</p>',6,80,NULL,'2024-07-09 20:35:46','2024-09-13 14:00:44'),(59,'បន្ទាប់ពី​រោងចក្រ​ដំឡើងរថយន្ត! សម្តេចធិបតី ស្នើឱ្យ Toyota បើក​រោងចក្រ​ផលិតគ្រឿងបន្លាស់​ និង Accessories ផ្គត់ផ្គង់​ក្នុងស្រុក និងក្រៅប្រទេសទៀត','images/post_image/1804109070750186.jpg','<p>សម្តេច​មហាបវរធិបតី ហ៊ុន ម៉ាណែត នាយករដ្ឋមន្រ្តី​កម្ពុជា បាន​ស្នើឱ្យ​ក្រុមហ៊ុន Toyota ពិនិត្យលទ្ធភាព​ក្នុងការ​ផលិត​គ្រឿងបន្លាស់​របស់​ក្រុមហ៊ុន​តូយ៉ូតា ដែល​មិនត្រឹមតែ​សម្រាប់ការ​ផ្គត់ផ្គង់​ដល់ក្រុមហ៊ុន​ Toyota នៅកម្ពុជា​នោះទេ ប៉ុន្តែថែមទាំង​ផ្គត់ផ្គង់ដល់ក្រុមហ៊ុន Toyota នៅតាមបណ្ដាប្រទេសផ្សេងៗទៀត និងពិនិត្យលទ្ធភាព​លើការភ្ជាប់កិច្ចសហការជាមួយនឹងបណ្ដាក្រុមហ៊ុនក្នុងស្រុកដែលអាចផ្គត់ផ្គង់ជាសម្ភារបរិក្ខារបន្ទាប់បន្សំ (Accessories) បំពាក់លើរថយន្តតូយ៉ូតា។</p><figure class=\"image\"><img src=\"https://www.posttoday.buzz/media/image_1720532355.png\"></figure><p>ការលើកឡើង​របស់​សម្តេចធិបតីខាងលើនេះ ធ្វើឡើង​ក្នុង​ជំនួបជាមួយ​លោក Fujita Ryoji នាយកក្រុមហ៊ុន Toyota Tsusho Manufacturing Cambodia កាលពីថ្ងៃទី៨ ខែកក្កដា ឆ្នាំ​២០២៤។</p><figure class=\"image\"><img src=\"https://www.posttoday.buzz/media/image_1720532376.png\"></figure><p>គួររំលឹក​ថា កាលពីដើមឧសភាកន្លងទៅ ​រោងចក្រ​ផ្គុំ និងដំឡើងរថយន្តរបស់​ក្រុមហ៊ុន Toyota Tsusho Manufacturing Cambodia ត្រូវបានសម្ពោធជាផ្លូវការ ដោយមានទីតាំងនៅក្នុងតំបន់សេដ្ឋកិច្ចពិសេស រ៉ូយ៉ាល់គ្រុប ភ្នំពេញ ជាមួយទុនវិនិយោគប្រមាណជិត ៣៧លានដុល្លារអាមេរិក។ វត្តមានរបស់រោងចក្រដំឡើងរថយន្ត Toyota នៅកម្ពុជា បង្ហាញពីទំនុកចិត្តរបស់វិនិយោគិនជប៉ុននៅកម្ពុជា និងសញ្ញាវិជ្ជមានអំពីសក្ដានុពលរបស់កម្ពុជាសម្រាប់ការវិនិយោគ ទាំងក្នុងវិស័យយានយន្ត ក៏ដូចជាវិស័យ កម្មន្តសាល និងវិស័យឧស្សាហកម្មធុនធ្ងន់ដទៃទៀត។</p><figure class=\"image\"><img src=\"https://www.posttoday.buzz/media/image_1720532397.png\"></figure><p>សម្រាប់ឆ្នាំ២០២៤ រោងចក្រ​នេះ មានសមត្ថភាពដំឡើង​រថយន្ត ២ប្រភេទ បានចំនួន ១៣២០គ្រឿង ក្នុងនោះ ម៉ាក Fortuner ចំនួន ២៩០គ្រឿង និង Hilux ចំនួន ១០៣០គ្រឿង។</p><figure class=\"image\"><img src=\"https://www.posttoday.buzz/media/image_1720532417.png\"></figure><p>ក្នុងឱកាស​នៃជំនួបនេះដែរ លោកនាយកក្រុមហ៊ុន ក៏បានគោរពរាយការណ៍ជូនសម្ដេចធិបតីអំពីវឌ្ឍនភាព និងដំណើរការអាជីវកម្មរបស់រោងចក្រដំឡើងរថយន្តរបស់ក្រុមហ៊ុន។ បន្ថែមលើនេះ លោកនាយកក្រុមហ៊ុន ក៏បានគោរពជម្រាបជូនសម្ដេចធិបតី អំពីគំនិតផ្ដួចផ្ដើមរបស់ក្រុមហ៊ុន​ក្នុងការបង្កើតសាលាបណ្ដុះបណ្ដាលជំនាញយានយន្ត (Toyota Academy) នៅកម្ពុជា។</p><p>សម្តេចធិបតី ក៏បានផ្ដល់អនុសាសន៍ដល់ក្រុមហ៊ុនក្នុងការរៀបចំបង្កើតសាលាបណ្តុះបណ្តាលនេះជា២ជម្រើស៖ (១)ក្រុមហ៊ុនអាចរៀបចំបង្កើតសាលាបណ្ដុះបណ្ដាល ដោយក្រុមហ៊ុនផ្ទាល់តែម្តង និង(២) ជាទម្រង់កូនកាត់ (Hybrid) ដោយសហការជាមួយនឹងសាលាបណ្តុះបណ្តាលរបស់រាជរដ្ឋាភិបាលដែលមានស្រាប់ តាមរយៈកិច្ចសហការជាមួយនឹងក្រសួងការងារ និងបណ្ដុះបណ្ដាលវិជ្ជាជីវៈ៕</p><p>*ប្រភព៖ Sabay news</p>',6,90,NULL,'2024-07-09 20:41:24','2024-09-13 17:09:09'),(60,'\'Rockstar\' ឈរលេខរាងទី១ លើ Billboard Global Excl ជាលើកដំបូងសម្រាប់ Lisa','images/post_image/1804109639130374.jpg','<p>\"<strong>Rockstar\"</strong> របស់ <strong>LISA</strong> ឈរលេខរាងលំដាប់ទី <strong>១ នៅលើ Billboard Global Excl សហរដ្ឋអាមេរិក</strong>។ ក្នុងតារាងចម្រៀងល្បីៗសហរដ្ឋអាមេរិក បទចម្រៀងរបស់ lisa ជាប់លេខ១ ជាលើកដំបូងរបស់នាង។</p><figure class=\"image\"><img src=\"https://www.posttoday.buzz/media/image_1720532929.png\"></figure><p>Lisa បានក្លាយជាសមាជិកទី ៣ របស់ BLACKPINK ជាមួយនឹងចំណាត់ថ្នាក់ទោលលេខ ១ លើការស្ទង់មតិ ដោយក្រុមខ្លួនបានជាប់ចំណាត់ថ្នាក់កំពូលតារាងចំនួន ៣ ។ BLACKPINK គឺជាក្រុមតែមួយគត់ដែលមានសមាជិកជាច្រើនដែលបានដឹកនាំបញ្ជីទោល ហើយឥឡូវនេះបានក្លាយជាក្រុមដំបូងដែលមានសមាជិករហូតដល់បីនាក់ដែលមានបានជាប់លេខ ១ ដោយខ្លួនឯងលើ Billboard Global Excl។</p><figure class=\"image\"><img src=\"https://www.posttoday.buzz/media/image_1720532955.png\"></figure><p>“<strong>Rockstar” របស់ LISA ជាប់លេខ១ នៅ Global Excl សហរដ្ឋអាមេរិកជាមួយនឹងការផ្សាយចំនួន ៩៤.២ លាន និង ៤៤,០០០</strong> បានលក់នៅសហរដ្ឋអាមេរិកចាប់ពីថ្ងៃទី ២៨ ខែមិថុនាដល់ថ្ងៃទី ៤ ខែកក្កដា បន្ទាប់ពីការចេញផ្សាយនៅថ្ងៃទី ២៧ ខែមិថុនា។</p><figure class=\"image\"><img src=\"https://www.posttoday.buzz/media/image_1720532979.png\"></figure><p>*ប្រភព៖ Sabay news</p>',6,85,NULL,'2024-07-09 20:50:26','2024-09-13 16:49:37'),(61,'ពូទីន គាំទ្រ​គំនិត​របស់​ដូណាល់ ត្រាំ ក្នុង​ការ​បញ្ចប់​សង្គ្រាម​អ៊ុយក្រែន','images/post_image/1804110238362828.png','<p>ប្រធានាធិបតី​រុស្ស៊ី​លោក វ្ល៉ាឌីមៀរ ពូទីន គាំទ្រ​គំនិត​របស់​បេក្ខភាព​ប្រធានាធិបតី​សហរដ្ឋអាមេរិក​មក​ពី​គណបក្ស​សាធារណរដ្ឋ លោក ដូណាល់ ត្រាំ ទាក់ទិន​នឹងការ​បញ្ចប់​សង្គ្រាម​នៅ​អ៊ុយក្រែន។ នេះ​បើ​តាម​ការ​ចុះ​ផ្សាយ​របស់​សារព័ត៌មាន​រ៉យទ័រ (Reuters)។</p><figure class=\"image\"><img src=\"https://www.posttoday.buzz/media/image_1720533470.png\"></figure><p><br>ថ្លែង​ពី​ប្រទេស​កាហ្សាក់ស្ថាន​នៅ​ថ្ងៃ​ព្រហស្បតិ៍ នៅ​ក្នុង​សន្និសីទ​កាសែត​មួយ​ក្រោយ​កិច្ចប្រជុំ​អង្គការ​កិច្ចសហប្រតិបត្តិការ​សៀងហៃ (SCO) លោក​ពូទីន បាន​លើកឡើង​ថា៖ «ដោយ​សារ​តែ​លោកត្រាំ ជា​បេក្ខភាព​ប្រធានាធិបតី ប្រកាស​ថា ត្រៀម​ខ្លួន​ក្នុង​ការ​បញ្ចប់​សង្គ្រាម​នៅ​អ៊ុយក្រែន ប្រាកដ​ណាស់ យើង​ពិត​ជា​ស្ដាប់​លោក​យ៉ាង​យក​ចិត្តទុក​ដាក់»។</p><figure class=\"image\"><img src=\"https://www.posttoday.buzz/media/image_1720533486.png\"></figure><p>«ជា​ការពិត ខ្ញុំ​មិន​ច្បាស់​ថា តើ​លោក [ដូណាល់ ត្រាំ] នឹង​អនុវត្ត​ផែនការ​របស់​លោក​យ៉ាង​ណា​នោះ​ទេ។ នេះ​ជា​បញ្ហា​គន្លឹះ​មួយ»។ នេះ​ជា​ការ​បន្ថែម​របស់​លោក​ពូទីន។</p><p>លោក​បាន​បន្ត​ថា៖ «ប៉ុន្តែ​ខ្ញុំ​ជឿជាក់​ថា លោក [ដូណាល់ ត្រាំ] ប្រាកដ​ជា​និយាយ​ចេញ​ពី​ចិត្ត​លើ​រឿង​នេះ [ផែនការ​បញ្ចប់​សង្គ្រាម​នៅ​អ៊ុយក្រែន] ដូច្នេះ​ហើយ យើង​គាំទ្រ​សំណើ​របស់​លោក»។</p><figure class=\"image\"><img src=\"https://www.posttoday.buzz/media/image_1720533519.png\"></figure><p><br>កាសែត​អាមេរិក វ៉ាស៊ីនតោន​ប៉ុស្តិ៍ បាន​ចុះ​ផ្សាយ​កាល​ពី​ខែ​មេសា​ថា លោក​ត្រាំ បាន​និយាយ​ជា​សម្ងាត់​ជាមួយ​លោក​ពូទីនថា លោក​ពូទីន​អាច​យក​ទឹកដី​​មួយ​ចំនួន ដែល​រុស្ស៊ី​ដណ្ដើម​បាន​រួម​មាន គ្រីមៀ និង​តំបន់​ដុនបាស ដើម្បី​បាន​សន្តិភាព​នៅ​អ៊ុយក្រែន។ ក្រុមការងារ​របស់​លោក​ត្រាំ នៅ​មិន​ទាន់​បញ្ជាក់​ពី​រឿង​នេះ​ទេ។</p><figure class=\"image\"><img src=\"https://www.posttoday.buzz/media/image_1720533538.png\"></figure><p>បន្ថែម​ពី​នេះ​ទៅ​ទៀត ក្រុម​ការងារ​របស់​លោក​ត្រាំ បាន​បង្ហាញ​ពី​ផែនការ​បញ្ចប់​សង្គ្រាម​នៅ​អ៊ុយក្រែន ដោយ​ប្រាប់​អ៊ុយក្រែន​ថា ប្រទេស​នេះ​នឹង​មិន​ទទួល​បាន​អាវុធ​ពី​អាមេរិក​ទៀត​ទេ បើ​មិន​ជជែក​ជាមួយ​រុស្ស៊ី។ នេះ​បើ​តាម​ការ​ចុះ​ផ្សាយ​របស់​រ៉យទ័រ។</p><p>អាមេរិក​នឹង​ធ្វើ​ការ​បោះឆ្នោត​ជ្រើស​រើស​ប្រធានាធិបតី​នៅ​ខែ​វិច្ឆិកា ឆ្នាំ​នេះ ដោយ​មាន​បេក្ខភាព ២រូប​សំខាន់ៗ​រួម​មាន លោក​ប្រធានាធិបតី ចូ បៃដិន មក​ពី​គណបក្ស​ប្រជាធិបតេយ្យ និង​លោក​​ប្រធានាធិបតី​ទី៤៥ ដូណាល់ ត្រាំ មក​ពី​គណបក្ស​សាធារណរដ្ឋ៕</p><figure class=\"image\"><img src=\"https://www.posttoday.buzz/media/image_1720533561.png\"></figure><p>*ប្រភព៖ Sabay news&nbsp;</p>',6,82,NULL,'2024-07-09 20:59:58','2024-09-13 16:49:35'),(62,'ឯកឧត្តម កែវ រតនៈ ចេញវីដេអូពន្យល់ច្បាស់ៗអំពី​ការដាក់សូឡា ដែលមិនចាំបាច់​ធ្វើ​ស្វ័យប្រកាស','images/post_image/1804548226605184.png','<p>នៅថ្ងៃទី៩ ខែកក្កដា ឆ្នាំ​២០២៤នេះ ឯកឧត្តម កែវ រតនៈ រដ្ឋមន្រ្តីក្រសួងរ៉ែ និងថាមពល បាន​បញ្ចេញ​វីដេអូ​ពន្យល់ក្បោះក្បាយ​អំពី​ការដាក់ប្រព័ន្ធ​អគ្គិសនី​ពន្លឺព្រះអាទិត្យ (ថាមពលសូឡា) ដែលមិនភ្ជាប់​ជាមួយ​បណ្តាញ​សាធារណៈ ពោលគឺ​ទោះមាន​ទំហំ និងអនុភាព​ប៉ុនណាក៏ដោយ គឺមិនចាំបាច់​ប្រកាស និងរាយការណ៍នោះទេ។</p><figure class=\"image\"><img src=\"https://www.posttoday.buzz/media/image_1720951288.png\"></figure><p>&nbsp; &nbsp; &nbsp; &nbsp; &nbsp; &nbsp; &nbsp; សូមទស្សនាវីដេអូខាងក្រោមនេះ៖</p><p>&nbsp; &nbsp; &nbsp; &nbsp; &nbsp; &nbsp; &nbsp; &nbsp; &nbsp; &nbsp; &nbsp; https://web.facebook.com/RottanakkeoPursat/videos/884513003519189/?ref=embed_video&amp;t=1&amp;_rdc=1&amp;_rdr</p><p>សូមរំលឹក​ថា កាលពីថ្ងៃទី៥ ខែកក្កដាកន្លងទៅ អាជ្ញាធរអគ្គិសនី​កម្ពុជា​ បាន​ចេញ​សេចក្តីជូនដំណឹង​ស្តីពីការធ្វើ​ស្វ័យប្រកាស​អំពីការដំឡើង​ និងការប្រើប្រាស់​ប្រព័ន្ធ​ថាមពលពន្លឺព្រះអាទិត្យ​នៅលើដំបូល ដោយពុំមានការអនុញ្ញាត ដោយតម្រូវ​ឱ្យអ្នកប្រើប្រាស់​ទៅ​ដាក់ពាក្យប្រកាស​អំពី​ការប្រើប្រាស់​ប្រព័ន្ធថាមពលនេះ នៅទីស្នាក់ការរបស់​អគ្គិសនីកម្ពុជា ឬទីស្នាក់ការ​របស់​អ្នកផ្គត់ផ្គង់​អគ្គិសនីឯកជន ដែល​ស្ថិត​នៅក្នុងតំបន់​ដែល​ខ្លួន​កំពុងប្រើប្រាស់​អគ្គិសនី។ យ៉ាងណាមិញ ការចេញសេចក្តីជូនដំណឹងនេះ បានធ្វើឱ្យប្រជាជនមួយចំនួន មានការភាន់ច្រឡំ ចម្ងល់ និងបញ្ចេញប្រតិកម្មផងដែរ៕</p><figure class=\"image\"><img src=\"https://www.posttoday.buzz/media/image_1720950817.png\"></figure><p>&nbsp;</p><p>&nbsp;</p><p>#ប្រភព: news.sabay.com.kh</p>',2,102,NULL,'2024-07-14 16:56:26','2024-09-13 17:11:28'),(63,'ការសិក្សា៖ អ្នកដែលកើតក្នុងគ្រួសារក្រីក្រលំបាក ពេលធំឡើងមានអត្តចរិតពិសេស៣នេះ','images/post_image/1804645899295441.jpeg','<p><strong>“ដើមឈូកស្រស់ស្អាតដុះចេញពីភក់ជ្រាំ មនុស្សរឹងមាំតែងមានស្នាមរបួសពីអតីតកាល” </strong>ទោះជីវិតលំបាកតោកយ៉ាងណា នៅតែប្រឹងដើរទៅមុខ។ ខាងក្រោមនេះ គឺជាអត្តចរិតពិសេស៣ ដែលមនុស្សកើតក្នុងគ្រួសារក្រីក្រលំបាក តែងមានពេលធំឡើង ដោយយោងតាមការសិក្សារបស់ Hack Spirit៖</p><p><strong>១/. អត់ធ្មត់ខ្ពស់៖</strong> ការធំធាត់ឡើងក្នុងជីវភាពលំបាក បានបង្រៀនមនុស្សឲ្យមានភាពអំណត់ខ្ពស់តាំងពីក្មេង។ ពួកគេគ្មានអាហារហូបចុកល្អៗ គ្មានរបស់លេងថ្មីៗ បើចង់បានត្រូវសន្សំរាប់ខែ និងត្រូវរស់នៅក្រោមសម្ពាធពាក្យសម្តី ឬអាកប្បកិរិយាមិនសមរម្យជាច្រើន ជាពិសេសគឺការខ្វះភាពកក់ក្តៅពីឪពុកម្តាយ ឬមនុស្សជុំវិញខ្លួនជាដើម។ ទាំងអស់នេះ បានបង្រៀនពួកគេឲ្យយល់ថា របស់ល្អត្រូវការពេលវេលា និងការខិតខំប្រឹងប្រែងខ្លាំង។</p><p><strong>២/. ពូកែសន្សំសំចៃ៖</strong> នៅពេលចំណូលតិច ការចំណាយមានការប្រុងប្រយ័ត្នខ្ពស់ដូចគ្នា រាប់ចាប់តាំងពីមួយកាក់មួយសេនឡើង នោះហើយជាមូលហេតុដែលធ្វើឲ្យពួកគេក្លាយជាអ្នកទិញអីវ៉ាន់ដ៏ឈ្លៀសវៃ ដឹងអ្វីចាំបាច់ និងអ្វីគ្រាន់តែចង់បាន។ លើសពីនេះ ពួកគេមិនត្រឹមតែទិញរបស់ដែលខ្លួនត្រូវការប៉ុណ្ណោះទេ ពួកគេក៏ចាប់អារម្មណ៍យ៉ាងខ្លាំងចំពោះតម្លៃផងដែរ។</p><p><strong>៣/. ពូកែយល់ចិត្ត៖</strong> បើទោះបីឥឡូវមានជីវភាពធូរធារ ប៉ុន្តែពួកគេមិនភ្លេចអំពីទុក្ខលំបាកនៃការតស៊ូនោះទេ។ ពួកគេចងចាំគ្រាធ្លាប់ធ្វើការច្រើនម៉ោងតែទទួលបានប្រាក់ខែទាប និងរស់ពឹងផ្អែកលើភាពសប្បុរសរបស់អ្នកដទៃ។ លុះពេលឃើញនរណាម្នាក់ធ្វើការលំបាក ពួកគេមានអារម្មណ៍យល់ចិត្ត ចង់បង្កើតទំនាក់ទំនងជាមួយគ្នា ហើយចង់បង្ហាញពីគុណតម្លៃនៃការងារដែលមនុស្សម្នាក់នោះបានធ្វើ ជាថាមពលវិជ្ជមាន និងជាការលើកទឹកចិត្តអ្នកដទៃឲ្យប្រឹងបន្តដំណើរទៅមុខទៀត។</p><p>យ៉ាងណាមិញ ចូរស្អប់ភាពក្រីក្រ តែកុំស្អប់អ្នកក្រ ហើយបើកើតមកក្នុងស្ថានភាពគ្រួសារលំបាក ក៏ពុំមែនជាកំហុសដែរ។ សូមកុំស្តីបន្ទោសទៅកាន់ឪពុកម្តាយ ឬមជ្ឈដ្ឋានខាងក្រៅ តែត្រូវកសាងខ្លួនឲ្យក្លាយជាគ្រាប់ពេជ្រដ៏មានតម្លៃរបស់គ្រួសារ សហគមន៍ និងសង្គមជាតិទាំងមូល៕</p><p>#Credit: Business Cambodia</p>',6,101,NULL,'2024-07-15 18:54:04','2024-09-13 14:00:53'),(64,'ក្រុមហ៊ុនផលិតរថយន្តអគ្គិសនីAION គ្រោងនឹងបេីករោងចក្រនៅប្រទេសកម្ពុជា','images/post_image/1805250897096357.jfif','<p>ក្រុមហ៊ុនខ្នាតយក្សផលិតរថយន្តអគ្គិសនីAION កាលពីថ្មីៗនេះបានបើកសម្ពោធរោងចក្ររបស់ខ្លួននៅប្រទេសថៃកាលពីថ្ងៃពុធ ទី១៧ ខែកក្កដា ឆ្នាំ២០២៤។</p><figure class=\"image\"><img src=\"https://business-cambodia.com/cms/assets/0cdc139f-5954-4d0e-a387-579c1969c8b3?width=1080&amp;height=720\" alt=\"2.ao\"></figure><p>បន្ថែមពីនេះទៅទៀតក្រុមហ៊ុនផលិតរថយន្តអគ្គិសនីខ្នាតយក្សមួយនេះ ក៏មានគម្រោងសិក្សាពង្រីកបេីករោងចក្រនៅប្រទេសកម្ពុជា នាពេលឆាប់ៗនេះ និងប្រទេសក្នុងតំបន់អាស៊ីអាគ្នេយ៍ដទៃទៀតផងដែរ។</p><figure class=\"image\"><img src=\"https://business-cambodia.com/cms/assets/dec9e776-df70-4a11-a833-2ad0ca6d175a?width=1280&amp;height=720\" alt=\"9.ao\"></figure><p>ដោយសម្លឹងមើលឃើញពីសក្តានុពល និងរបត់នៃតម្រូវការរថយន្តអគ្គិសនីជាសកល ទាំងក្នុងប្រទេសថៃ និងប្រទេសក្នុងតំបន់។&nbsp;</p><figure class=\"image\"><img src=\"https://business-cambodia.com/cms/assets/32ce3438-9959-4e45-a64f-2c2797db79ac?width=1080&amp;height=720\" alt=\"5.ao\"></figure><p>គួរបញ្ជាក់ឲ្យដឹងដែលថាខ្សែចង្វាក់ផលិតកម្មនៃរោងចក្រផលិតរថយន្តអគ្គិសនី AION នៅក្នុងប្រទេសថៃមានសមត្ថភាពផលិតរថយន្តអគ្គិសនីរហូតដល់ 50,000គ្រឿងក្នុងមួយឆ្នាំ៕</p><p>&nbsp;</p><p>&nbsp;</p><p>#ប្រភព: business-cambodia</p>',2,109,NULL,'2024-07-22 11:10:15','2024-09-13 14:01:19'),(65,'មក​ដឹង​ពី​គន្លឹះ​ពិសេស​ក្នុង​ការ​ចិញ្ចឹម​កូនប្រុស !','images/post_image/1805391405968920.png','<p>រាជធានី​ភ្នំពេញ ៖ ការ​ចិញ្ចឹម​កូនប្រុស​ដែល​ចេះ​គិតគូរ​បាន​ល្អ អាច​ជា​បញ្ហា​ប្រឈម​មួយ ។ ក្មេង​ប្រុស​ខ្លះ​យឺត​ក្នុង​ការ​ចាប់អារម្មណ៍​ក្នុង​សង្គម ប៉ុន្តែ​ចាប់អារម្មណ៍​នឹង​វី​ដេ​អូ​ហ្គេ​ម​ជាង​មនុស្ស​ផ្សេង ។ អ្នកខ្លះ​ខឹង​រហូត​ដល់​ចំណុច​ដែល​ពួក​គេ​ពិបាក​គ្រប់គ្រង និង​ផ្តោតអារម្មណ៍​ខ្លួនឯង ។ មិន​ថា កូនប្រុស​របស់​អ្នក​បែប​ណា​នោះ​ទេ យើង​មាន​វិធី​ដ៏​មាន​ប្រសិទ្ធភាព​មួយ​ចំនួន​ក្នុង​ការ​ជំរុញ​ពួក​គេ​ឱ្យ​ក្លាយជា​មនុស្ស​ប្រុស​ដែល​មាន​សុភមង្គល និង​ជោគជ័យ ។</p><figure class=\"image\"><img src=\"https://kohsantepheapdaily.com.kh/wp-content/uploads/2024/04/30988c8a4def5bbdf1274452cbfa6471.jpg\"></figure><p>១. ឱ្យ​ពួក​គេ​ទទួលខុសត្រូវ​ខ្លះ ៖ ដាក់​ការងារ​ផ្ទះ​សម​ស្រប​តាម​អាយុ ដើម្បី​ឱ្យ​ពួក​គេ​ធ្វើ​ជា​ប្រចាំ ។ អារម្មណ៍​នៃ​ទំនួល​ខុស​ត្រូវ​នឹង​ជួយ​ឱ្យ​ពួក​គេ​ធ្វើ​បាន​យ៉ាង​ល្អ​នៅ​ក្នុង​សាលារៀន ហើយ​ជីវិត​នៅផ្ទះ​របស់​អ្នក​នឹង​ដំណើរការ​កាន់តែ​រលូន​ផង​ដែរ ។</p><p>២. ឱ្យ​កូន​ៗ​បង្ហាញ​ពី​អារម្មណ៍​របស់​ពួក​គេ ៖ គេ​គិត​ថា ក្មេង​ប្រុស​គួរតែ​ទប់ទឹក​ភ្នែក និង​លេប​កំហឹង​របស់​ពួក​គេ ខណៈ​ដែល​ក្មេង​ស្រី​ត្រូវ​បាន​អនុញ្ញាត​ឱ្យ​មាន​សេរីភាព​កាន់តែ​ច្រើន​ជាមួយនឹង​អារម្មណ៍​របស់​ពួក​គេ ។ យ៉ាងណាមិញ នៅ​ពេល​ដែល​កូនប្រុស​របស់​អ្នក​ខឹង ចូរ​ឱ្យ​ពួក​គេ​បញ្ចេញមតិ និង​បង្ហាញ​អារម្មណ៍​ដោយ​ខ្លួនឯង ។ បន្ទាប់​មក​នៅ​ពេល​ដែល​ពួក​គេ​គ្រប់គ្រង​អារម្មណ៍​បាន​វិញ​ហើយ អ្នក​អាច​និយាយ​ជាមួយ​ពួក​គេ​អំពី​អារម្មណ៍ និង​មូលហេតុ ។</p><figure class=\"image\"><img src=\"https://kohsantepheapdaily.com.kh/wp-content/uploads/2024/04/e88a49bccde359f0cabb40db83ba6080.jpg\"></figure><p>៣. ផ្តល់​ឱ្យ​គេ​នូវ​ការ​ស្រឡាញ់​ខាង​រាង​កាយ​ឱ្យ​បាន​ច្រើន ៖ ម្តាយ និង​ឪពុក​មាន​ទំនាក់ទំនង​រាង​កាយ​ជាមួយ​កូនប្រុស​ប្រុស​តិច​ជាង​កូនស្រី ។ ការ​ឱប​ពី​ម្តាយ និង​ឪពុក​នឹង​ជួយ​ឱ្យ​កូនប្រុស​របស់​អ្នកមាន​អារម្មណ៍​សុវត្ថិភាព និង​កក់ក្តៅ ។ នៅ​ពេល​កូនប្រុស​កាន់តែ​ចាស់ ពួក​គេ​ទំនងជា​ខ្មាស់​អៀន​ពី​ការ​ឱប និង​ថើប​ពី​ឪពុក​ម្តាយ ជា​ពិសេស​នៅ​ពេល​ដែល​មិត្តភក្តិ​នៅ​ក្បែរ ។ ប៉ុន្តែ​ទោះបីជា​គេ​ថា មិន​ចង់​ក្តី ក៏​ការ​ពិត​ពួក​គេ​នៅ​តែ​ត្រូវការ​ក្តី​ស្រឡាញ់​ច្រើន​ដែរ ។</p><p>៤. កុំ​បារម្ភ ប្រសិនបើ​ពួក​គេ​មិន​សម្តែង​ចេញ​ជា​បុរស​គ្រប់គ្រាន់ ៖ ក្មេង​ប្រុស​ខ្លះ​អាច​ទន់ជ្រាយ ប៉ុន្តែ​កុំ​បារម្ភ ។ ក្មេង​ប្រុស​តូច​ម្នាក់​ដែល​ចូល​ចិត្ត​ឱប​សត្វ​ចិញ្ចឹម​ជាប់​ខ្លួន​ក៏​កំពុង​អភិវឌ្ឍ​ជំនាញ ដែល​នឹង​អាច​ជួយ​ពួក​គេ​បាន​យ៉ាង​ល្អ​នៅ​ពេល​ពេញវ័យ​ផង​ដែរ ។</p><figure class=\"image\"><img src=\"https://kohsantepheapdaily.com.kh/wp-content/uploads/2024/04/8c2ae5db6cac57028e3944f219d6d2de-scaled.jpg\"></figure><p>៥. ផ្តល់​ឱកាស​ឱ្យ​ពួក​គេ ដើម្បី​ពង្រឹង​ជំនាញ​សង្គម ៖ ក្មេង​ប្រុស​ភាគច្រើន​មិន​បង្កើត​មិត្តភាព​ស្និទ្ធស្នាល​ដូច​ក្មេង​ស្រី​ទេ ។ ពួក​គេ​ចូល​ចិត្ត​លេង ហ្វឹកហាត់ និង​រៀន​ជា​ក្រុម ។ ជួយ​កូនប្រុស​របស់​អ្នក​ពង្រឹង​មិត្តភាព​មួយ​ទល់​មួយ ហើយ​លើកទឹកចិត្ត​ពួក​គេ​ឱ្យ​ចែករំលែក ប្រើ​សុជីវធម៌ និង​ធ្វើ​ឱ្យ​បាន​ល្អ ។</p><p>៦. ធ្វើ​ឱ្យ​តន្ត្រី​ជា​ផ្នែក​មួយ​នៃ​ជីវិត​របស់​ពួក​គេ ៖ តន្ត្រី​អាច​ផ្តល់​ឱ្យ​កូនប្រុស​របស់​អ្នក​នូវ​ការ​យល់​ដឹង​ដ៏​មាន​តម្លៃ​នៃ​សមិទ្ធិ​ផល ។ តន្ត្រី​ក៏​អាច​ពង្រឹង​ជំនាញ​គិត​របស់​កុមារ និង​បង្កើន​ការ​ចង​ចាំ​របស់​ពួក​គេ​ផង​ដែរ ។</p><p>៧. លើកទឹកចិត្ត​ចំណាប់អារម្មណ៍​របស់​គេ ទោះបី​វា​មិនមែន​ជា​សកម្មភាព​សម្រាប់​ក្មេង​ប្រុស​ក៏​ដោយ ៖ ប្រសិនបើ​កូនប្រុស​របស់​អ្នក​ចង់​រៀន​រាំ មិត្តភក្តិ​របស់​គាត់​ប្រហែលជា​ចំអក ប៉ុន្តែ​ប្រសិនបើ​អ្នក​បង្កើត​អារម្មណ៍​ខ្លួនឯង​ឱ្យ​ខ្លាំង​នៅ​ក្នុង​កូនប្រុស​របស់​អ្នក ហើយ​លើកទឹកចិត្ត​គាត់​ឱ្យ​ទទួលយក​ភាព​ខុស​គ្នា​របស់​អ្នក​ដទៃ វា​នឹង​កាន់តែ​ងាយស្រួល​សម្រាប់​គាត់​ក្នុង​ការ​ដោះស្រាយ​ជាមួយ​ការ​លេងសើច​ដែល​កើត​ចេញពី​ភាព​ខុស​គ្នា ។ អ៊ីចឹង បើ​គេ​ចង់​រៀន​រាំ ឱ្យ​គាត់​រៀន​ទៅ ។ លើស​ពី​នេះ​ទៅ​ទៀត នៅ​ឆ្នាំ​ក្រោយ​គេ​ប្រហែលជា​ចង់​លេង​កីឡាបាល់ទាត់​ជំនួស​វិញ ។</p><figure class=\"image\"><img src=\"https://kohsantepheapdaily.com.kh/wp-content/uploads/2024/04/257aac70de883bf5093c095ee1c7ff5d-scaled.jpg\"></figure><p>៨. ចូលរួម​នៅ​សាលា ៖ ពិភាក្សា​ជាមួយ​គ្រូ​របស់​កូនប្រុស​អ្នក​ឱ្យ​បាន​ទៀងទាត់ ដើម្បី​ស្វែងរក​ចំណុចខ្លាំង និង​ចំណុចខ្សោយ​ក្នុង​ថ្នាក់រៀន​របស់​ពួក​គេ ។ អនុញ្ញាត​ឱ្យ​ពួក​គេ​ដឹងផង​ដែរ​ថា​តើ​អ្នក​គិត​ថា ចំណុចខ្លាំង​របស់​គេ គឺជា​អ្វី ។ តាមដាន​កិច្ចការ​ផ្ទះ​របស់​គេ ហើយ​លើកទឹកចិត្ត​ឱ្យ​អាន ឬ​ស្តា​ប់រឿង​យ៉ាង​ហោច​ណាស់​ម្តង​ក្នុង​មួយ​ថ្ងៃ ។</p><p>៩. សរសើរ​វិជ្ជមាន ៖ សូម​ព្យាយាម​ចាប់អារម្មណ៍​កូនប្រុស​របស់​អ្នក​ឱ្យ​បាន​ល្អ ។ អនុញ្ញាត<br>ឱ្យ​ពួក​គេ​ដឹង​ថា អ្នក​ពេញចិត្ត​ចំពោះ​កិច្ច​ខិតខំ​ប្រឹងប្រែង​របស់​ពួក​គេ ៕ <strong>ប្រភព ៖ babycenter</strong></p><figure class=\"image\"><img src=\"https://kohsantepheapdaily.com.kh/wp-content/uploads/2024/04/45993120711738a515cf2c253d0fe54d.jpg\"></figure><p>អត្ថបទ​នេះ​ផលិត​ឡើង​ក្រោម​កិច្ច​សហប្រតិបត្តិការ​ជាមួយ​សាលារៀន​វ៉េ​ស្ទ​ឡាញ​ន៍ និង​សាលារៀន​ណ​ត្ស​ឡាញ​ន៍ ។ សាលារៀន​នឹង​បើក​ដំណើរការ​សាខា​ថ្មី ៣ បន្ថែម​ទៀត​នៅ​ពេល​ខាង​មុខ​នេះ គឺ​សាខា​ក្រុង​តា​ខ្មៅ សាខា​ទួល​ពង្រ និង​សាខា​ក្រុង​ច្បារមន ខេត្តកំពង់ស្ពឺ ។ សាលារៀន​ផ្តល់​ជូន​កម្មវិធី​ម​ត្តេ​យ្យ​ភាសា​ខ្មែរ និង​អង់គ្លេស កម្មវិធី​ភាសា​អង់គ្លេស​សម្រាប់​កុមារ កម្មវិធី​ភាសា​អង់គ្លេស​សិស្ស​ធំ កម្មវិធី​ចំណេះ​ទូទៅ​ខ្មែរ ពី​ថ្នាក់​ទី ១ ដល់ទី ១២ និង​កម្មវិធី​ភាសា​ចិន ។</p><p>លើស​ពី​នេះ សាលារៀន​ក៏​បន្ថែម​នូវ​វេទិកា និង​មធ្យោបាយ​សិក្សា​យ៉ាង​សម្បូរ​បែប​ជាមួយនឹង​ប្រព័ន្ធ​គ្រប់គ្រង​សាលារៀន ប្រព័ន្ធ​គ្រប់​គ្រង់​ការ​សិក្សា និង​អេប​សាលារៀន​ជូន​ដល់​មាតាបិតា​សិស្ស និង​សិស្សានុសិស្ស​ក្នុង​ការ​គ្រប់គ្រង​ការ​សិក្សា និង​តាមដាន​ព័ត៌មាន​សិក្សា​របស់​បុត្រ​ធីតា​ផង​ដែរ ។</p><p><strong>ប្រភព: kohsantepheapdaily</strong></p>',2,98,NULL,'2024-07-24 00:23:35','2024-09-13 14:00:38');

--
-- Table structure for table `role_has_permissions`
--

CREATE TABLE `role_has_permissions` (
  `permission_id` bigint unsigned NOT NULL,
  `role_id` bigint unsigned NOT NULL,
  PRIMARY KEY (`permission_id`,`role_id`),
  KEY `role_has_permissions_role_id_foreign` (`role_id`),
  CONSTRAINT `role_has_permissions_permission_id_foreign` FOREIGN KEY (`permission_id`) REFERENCES `permissions` (`id`) ON DELETE CASCADE,
  CONSTRAINT `role_has_permissions_role_id_foreign` FOREIGN KEY (`role_id`) REFERENCES `roles` (`id`) ON DELETE CASCADE
) ENGINE=InnoDB DEFAULT CHARSET=utf8mb4 COLLATE=utf8mb4_unicode_ci;

--
-- Dumping data for table `role_has_permissions`
--

INSERT INTO `role_has_permissions` VALUES (1,5),(2,5),(3,5),(4,5),(5,5),(6,5),(7,5);

--
-- Table structure for table `roles`
--

CREATE TABLE `roles` (
  `id` bigint unsigned NOT NULL AUTO_INCREMENT,
  `name` varchar(255) CHARACTER SET utf8mb4 COLLATE utf8mb4_unicode_ci NOT NULL,
  `guard_name` varchar(255) CHARACTER SET utf8mb4 COLLATE utf8mb4_unicode_ci NOT NULL,
  `created_at` timestamp NULL DEFAULT NULL,
  `updated_at` timestamp NULL DEFAULT NULL,
  PRIMARY KEY (`id`),
  UNIQUE KEY `roles_name_guard_name_unique` (`name`,`guard_name`)
) ENGINE=InnoDB AUTO_INCREMENT=6 DEFAULT CHARSET=utf8mb4 COLLATE=utf8mb4_unicode_ci;

--
-- Dumping data for table `roles`
--

INSERT INTO `roles` VALUES (1,'Member','web','2024-06-10 08:46:36','2024-06-10 08:46:36'),(2,'Admin','web','2024-06-10 08:46:36','2024-06-10 08:46:36'),(3,'Supervisor','web','2024-06-10 08:46:36','2024-06-10 08:46:36'),(4,'Staff','web','2024-06-10 08:46:36','2024-06-10 08:46:36'),(5,'Assistant','web','2024-07-03 16:21:56','2024-07-03 16:21:56');

--
-- Dumping events for database 'posttoday_buzz'
--

--
-- Dumping routines for database 'posttoday_buzz'
--


